{"id":10152,"date":"2024-04-02T17:12:12","date_gmt":"2024-04-02T15:12:12","guid":{"rendered":"https:\/\/v3.atv-parts.hu\/index.php\/termek\/prox-hajtolanc-gorgo-yamaha-yz-80-85-83-16-kawasaki-kx-60-80-83-20-34-13-5mm-w-24mm-79-5009\/"},"modified":"2024-05-03T12:49:48","modified_gmt":"2024-05-03T10:49:48","slug":"prox-gorgos-lanchajtas-yamaha-yz-80-85-83-16-kawasaki-kx-60-80-83-20-34-13-5mm-w24mm-79-5009","status":"publish","type":"product","link":"https:\/\/v3.atv-parts.hu\/index.php\/termek\/prox-gorgos-lanchajtas-yamaha-yz-80-85-83-16-kawasaki-kx-60-80-83-20-34-13-5mm-w24mm-79-5009\/","title":{"rendered":"PROX G\u00d6RG\u0150S L\u00c1NCHAJT\u00c1S YAMAHA YZ 80\/85 &#8217;83-&#8217;16, KAWASAKI KX 60\/80 &#8217;83-&#8217;20 (34\/13.5MM) (W24MM) (79-5009)"},"content":{"rendered":"<p>PROX G\u00d6RG\u0150S L\u00c1NCHAJT\u00c1S YAMAHA YZ 80\/85 &#8217;83-&#8217;16, KAWASAKI KX 60\/80 &#8217;83-&#8217;20 (34\/13.5MM) (W24MM) (79-5009)<\/p>\n<p>SKU: 33.0009<\/p>\n","protected":false},"excerpt":{"rendered":"<p>PROX G\u00d6RG\u0150S L\u00c1NCHAJT\u00c1S YAMAHA YZ 80\/85 &#8217;83-&#8217;16, KAWASAKI KX 60\/80 &#8217;83-&#8217;20 (34\/13.5MM) (W24MM) (79-5009)<\/p>\n","protected":false},"featured_media":10153,"comment_status":"closed","ping_status":"open","template":"","meta":{"_monsterinsights_skip_tracking":false,"_monsterinsights_sitenote_active":false,"_monsterinsights_sitenote_note":"","_monsterinsights_sitenote_category":0},"product_cat":[223,485],"product_tag":[],"class_list":{"0":"post-10152","1":"product","2":"type-product","3":"status-publish","4":"has-post-thumbnail","6":"product_cat-hajtasrendszer","7":"product_cat-lanccsuszdak-es-gorgok","8":"pa_marka-prox","10":"first","11":"instock","12":"taxable","13":"shipping-taxable","14":"purchasable","15":"product-type-simple"},"yoast_head":"<!-- This site is optimized with the Yoast SEO Premium plugin v22.6 (Yoast SEO v22.6) - https:\/\/yoast.com\/wordpress\/plugins\/seo\/ -->\n<title>PROX G\u00d6RG\u0150S L\u00c1NCHAJT\u00c1S YAMAHA YZ 80\/85 &#039;83-&#039;16, KAWASAKI KX 60\/80 &#039;83-&#039;20 (34\/13.5MM) (W24MM) (79-5009) - V3 ATV-PARTS.HU<\/title>\n<meta name=\"robots\" content=\"index, follow, max-snippet:-1, max-image-preview:large, max-video-preview:-1\" \/>\n<link rel=\"canonical\" href=\"https:\/\/v3.atv-parts.hu\/index.php\/termek\/prox-gorgos-lanchajtas-yamaha-yz-80-85-83-16-kawasaki-kx-60-80-83-20-34-13-5mm-w24mm-79-5009\/\" \/>\n<meta property=\"og:locale\" content=\"hu_HU\" \/>\n<meta property=\"og:type\" content=\"article\" \/>\n<meta property=\"og:title\" content=\"PROX G\u00d6RG\u0150S L\u00c1NCHAJT\u00c1S YAMAHA YZ 80\/85 &#039;83-&#039;16, KAWASAKI KX 60\/80 &#039;83-&#039;20 (34\/13.5MM) (W24MM) (79-5009)\" \/>\n<meta property=\"og:description\" content=\"PROX G\u00d6RG\u0150S L\u00c1NCHAJT\u00c1S YAMAHA YZ 80\/85 &#039;83-&#039;16, KAWASAKI KX 60\/80 &#039;83-&#039;20 (34\/13.5MM) (W24MM) (79-5009)\" \/>\n<meta property=\"og:url\" content=\"https:\/\/v3.atv-parts.hu\/index.php\/termek\/prox-gorgos-lanchajtas-yamaha-yz-80-85-83-16-kawasaki-kx-60-80-83-20-34-13-5mm-w24mm-79-5009\/\" \/>\n<meta property=\"og:site_name\" content=\"V3 ATV-PARTS.HU\" \/>\n<meta property=\"article:publisher\" content=\"https:\/\/www.facebook.com\/atvpartsHU\" \/>\n<meta property=\"article:modified_time\" content=\"2024-05-03T10:49:48+00:00\" \/>\n<meta property=\"og:image\" content=\"https:\/\/v3.atv-parts.hu\/wp-content\/uploads\/2024\/03\/prox-rolka-lancucha-napedowego-yz80-85-83-16-kx.jpg\" \/>\n\t<meta property=\"og:image:width\" content=\"196\" \/>\n\t<meta property=\"og:image:height\" content=\"258\" \/>\n\t<meta property=\"og:image:type\" content=\"image\/jpeg\" \/>\n<meta name=\"twitter:card\" content=\"summary_large_image\" \/>\n<meta name=\"twitter:label1\" content=\"\u00c1r\" \/>\n\t<meta name=\"twitter:data1\" content=\"5059,68&nbsp;&#70;&#116; \u00c1F\u00c1-val\" \/>\n\t<meta name=\"twitter:label2\" content=\"El\u00e9rhet\u0151s\u00e9g\" \/>\n\t<meta name=\"twitter:data2\" content=\"K\u00e9szleten\" \/>\n<script type=\"application\/ld+json\" class=\"yoast-schema-graph\">{\"@context\":\"https:\/\/schema.org\",\"@graph\":[{\"@type\":\"WebPage\",\"@id\":\"https:\/\/v3.atv-parts.hu\/index.php\/termek\/prox-gorgos-lanchajtas-yamaha-yz-80-85-83-16-kawasaki-kx-60-80-83-20-34-13-5mm-w24mm-79-5009\/\",\"url\":\"https:\/\/v3.atv-parts.hu\/index.php\/termek\/prox-gorgos-lanchajtas-yamaha-yz-80-85-83-16-kawasaki-kx-60-80-83-20-34-13-5mm-w24mm-79-5009\/\",\"name\":\"PROX G\u00d6RG\u0150S L\u00c1NCHAJT\u00c1S YAMAHA YZ 80\/85 '83-'16, KAWASAKI KX 60\/80 '83-'20 (34\/13.5MM) (W24MM) (79-5009) - V3 ATV-PARTS.HU\",\"isPartOf\":{\"@id\":\"https:\/\/v3.atv-parts.hu\/#website\"},\"primaryImageOfPage\":{\"@id\":\"https:\/\/v3.atv-parts.hu\/index.php\/termek\/prox-gorgos-lanchajtas-yamaha-yz-80-85-83-16-kawasaki-kx-60-80-83-20-34-13-5mm-w24mm-79-5009\/#primaryimage\"},\"image\":{\"@id\":\"https:\/\/v3.atv-parts.hu\/index.php\/termek\/prox-gorgos-lanchajtas-yamaha-yz-80-85-83-16-kawasaki-kx-60-80-83-20-34-13-5mm-w24mm-79-5009\/#primaryimage\"},\"thumbnailUrl\":\"https:\/\/v3.atv-parts.hu\/wp-content\/uploads\/2024\/03\/prox-rolka-lancucha-napedowego-yz80-85-83-16-kx.jpg\",\"datePublished\":\"2024-04-02T15:12:12+00:00\",\"dateModified\":\"2024-05-03T10:49:48+00:00\",\"breadcrumb\":{\"@id\":\"https:\/\/v3.atv-parts.hu\/index.php\/termek\/prox-gorgos-lanchajtas-yamaha-yz-80-85-83-16-kawasaki-kx-60-80-83-20-34-13-5mm-w24mm-79-5009\/#breadcrumb\"},\"inLanguage\":\"hu\",\"potentialAction\":[{\"@type\":\"ReadAction\",\"target\":[\"https:\/\/v3.atv-parts.hu\/index.php\/termek\/prox-gorgos-lanchajtas-yamaha-yz-80-85-83-16-kawasaki-kx-60-80-83-20-34-13-5mm-w24mm-79-5009\/\"]}]},{\"@type\":\"ImageObject\",\"inLanguage\":\"hu\",\"@id\":\"https:\/\/v3.atv-parts.hu\/index.php\/termek\/prox-gorgos-lanchajtas-yamaha-yz-80-85-83-16-kawasaki-kx-60-80-83-20-34-13-5mm-w24mm-79-5009\/#primaryimage\",\"url\":\"https:\/\/v3.atv-parts.hu\/wp-content\/uploads\/2024\/03\/prox-rolka-lancucha-napedowego-yz80-85-83-16-kx.jpg\",\"contentUrl\":\"https:\/\/v3.atv-parts.hu\/wp-content\/uploads\/2024\/03\/prox-rolka-lancucha-napedowego-yz80-85-83-16-kx.jpg\",\"width\":196,\"height\":258},{\"@type\":\"BreadcrumbList\",\"@id\":\"https:\/\/v3.atv-parts.hu\/index.php\/termek\/prox-gorgos-lanchajtas-yamaha-yz-80-85-83-16-kawasaki-kx-60-80-83-20-34-13-5mm-w24mm-79-5009\/#breadcrumb\",\"itemListElement\":[{\"@type\":\"ListItem\",\"position\":1,\"name\":\"Kezd\u0151lap\",\"item\":\"https:\/\/v3.atv-parts.hu\/\"},{\"@type\":\"ListItem\",\"position\":2,\"name\":\"Bolt\",\"item\":\"https:\/\/v3.atv-parts.hu\/index.php\/bolt\/\"},{\"@type\":\"ListItem\",\"position\":3,\"name\":\"PROX G\u00d6RG\u0150S L\u00c1NCHAJT\u00c1S YAMAHA YZ 80\/85 &#8217;83-&#8217;16, KAWASAKI KX 60\/80 &#8217;83-&#8217;20 (34\/13.5MM) (W24MM) (79-5009)\"}]},{\"@type\":\"WebSite\",\"@id\":\"https:\/\/v3.atv-parts.hu\/#website\",\"url\":\"https:\/\/v3.atv-parts.hu\/\",\"name\":\"V3 ATV-PARTS.HU\",\"description\":\"\",\"publisher\":{\"@id\":\"https:\/\/v3.atv-parts.hu\/#organization\"},\"potentialAction\":[{\"@type\":\"SearchAction\",\"target\":{\"@type\":\"EntryPoint\",\"urlTemplate\":\"https:\/\/v3.atv-parts.hu\/?s={search_term_string}\"},\"query-input\":\"required name=search_term_string\"}],\"inLanguage\":\"hu\"},{\"@type\":\"Organization\",\"@id\":\"https:\/\/v3.atv-parts.hu\/#organization\",\"name\":\"V3 ATV-PARTS.HU\",\"url\":\"https:\/\/v3.atv-parts.hu\/\",\"logo\":{\"@type\":\"ImageObject\",\"inLanguage\":\"hu\",\"@id\":\"https:\/\/v3.atv-parts.hu\/#\/schema\/logo\/image\/\",\"url\":\"https:\/\/v3.atv-parts.hu\/wp-content\/uploads\/2021\/02\/cropped-cropped-atvlogo-1-1-1.png\",\"contentUrl\":\"https:\/\/v3.atv-parts.hu\/wp-content\/uploads\/2021\/02\/cropped-cropped-atvlogo-1-1-1.png\",\"width\":267,\"height\":160,\"caption\":\"V3 ATV-PARTS.HU\"},\"image\":{\"@id\":\"https:\/\/v3.atv-parts.hu\/#\/schema\/logo\/image\/\"},\"sameAs\":[\"https:\/\/www.facebook.com\/atvpartsHU\"]}]}<\/script>\n<meta property=\"product:price:amount\" content=\"5059.68\" \/>\n<meta property=\"product:price:currency\" content=\"HUF\" \/>\n<meta property=\"og:availability\" content=\"instock\" \/>\n<meta property=\"product:availability\" content=\"instock\" \/>\n<meta property=\"product:retailer_item_id\" content=\"33.0009\" \/>\n<meta property=\"product:condition\" content=\"new\" \/>\n<!-- \/ Yoast SEO Premium plugin. -->","yoast_head_json":{"title":"PROX G\u00d6RG\u0150S L\u00c1NCHAJT\u00c1S YAMAHA YZ 80\/85 '83-'16, KAWASAKI KX 60\/80 '83-'20 (34\/13.5MM) (W24MM) (79-5009) - V3 ATV-PARTS.HU","robots":{"index":"index","follow":"follow","max-snippet":"max-snippet:-1","max-image-preview":"max-image-preview:large","max-video-preview":"max-video-preview:-1"},"canonical":"https:\/\/v3.atv-parts.hu\/index.php\/termek\/prox-gorgos-lanchajtas-yamaha-yz-80-85-83-16-kawasaki-kx-60-80-83-20-34-13-5mm-w24mm-79-5009\/","og_locale":"hu_HU","og_type":"article","og_title":"PROX G\u00d6RG\u0150S L\u00c1NCHAJT\u00c1S YAMAHA YZ 80\/85 '83-'16, KAWASAKI KX 60\/80 '83-'20 (34\/13.5MM) (W24MM) (79-5009)","og_description":"PROX G\u00d6RG\u0150S L\u00c1NCHAJT\u00c1S YAMAHA YZ 80\/85 '83-'16, KAWASAKI KX 60\/80 '83-'20 (34\/13.5MM) (W24MM) (79-5009)","og_url":"https:\/\/v3.atv-parts.hu\/index.php\/termek\/prox-gorgos-lanchajtas-yamaha-yz-80-85-83-16-kawasaki-kx-60-80-83-20-34-13-5mm-w24mm-79-5009\/","og_site_name":"V3 ATV-PARTS.HU","article_publisher":"https:\/\/www.facebook.com\/atvpartsHU","article_modified_time":"2024-05-03T10:49:48+00:00","og_image":[{"width":196,"height":258,"url":"https:\/\/v3.atv-parts.hu\/wp-content\/uploads\/2024\/03\/prox-rolka-lancucha-napedowego-yz80-85-83-16-kx.jpg","type":"image\/jpeg"}],"twitter_card":"summary_large_image","twitter_misc":{"\u00c1r":"5059,68&nbsp;&#70;&#116; \u00c1F\u00c1-val","El\u00e9rhet\u0151s\u00e9g":"K\u00e9szleten"},"schema":{"@context":"https:\/\/schema.org","@graph":[{"@type":"WebPage","@id":"https:\/\/v3.atv-parts.hu\/index.php\/termek\/prox-gorgos-lanchajtas-yamaha-yz-80-85-83-16-kawasaki-kx-60-80-83-20-34-13-5mm-w24mm-79-5009\/","url":"https:\/\/v3.atv-parts.hu\/index.php\/termek\/prox-gorgos-lanchajtas-yamaha-yz-80-85-83-16-kawasaki-kx-60-80-83-20-34-13-5mm-w24mm-79-5009\/","name":"PROX G\u00d6RG\u0150S L\u00c1NCHAJT\u00c1S YAMAHA YZ 80\/85 '83-'16, KAWASAKI KX 60\/80 '83-'20 (34\/13.5MM) (W24MM) (79-5009) - V3 ATV-PARTS.HU","isPartOf":{"@id":"https:\/\/v3.atv-parts.hu\/#website"},"primaryImageOfPage":{"@id":"https:\/\/v3.atv-parts.hu\/index.php\/termek\/prox-gorgos-lanchajtas-yamaha-yz-80-85-83-16-kawasaki-kx-60-80-83-20-34-13-5mm-w24mm-79-5009\/#primaryimage"},"image":{"@id":"https:\/\/v3.atv-parts.hu\/index.php\/termek\/prox-gorgos-lanchajtas-yamaha-yz-80-85-83-16-kawasaki-kx-60-80-83-20-34-13-5mm-w24mm-79-5009\/#primaryimage"},"thumbnailUrl":"https:\/\/v3.atv-parts.hu\/wp-content\/uploads\/2024\/03\/prox-rolka-lancucha-napedowego-yz80-85-83-16-kx.jpg","datePublished":"2024-04-02T15:12:12+00:00","dateModified":"2024-05-03T10:49:48+00:00","breadcrumb":{"@id":"https:\/\/v3.atv-parts.hu\/index.php\/termek\/prox-gorgos-lanchajtas-yamaha-yz-80-85-83-16-kawasaki-kx-60-80-83-20-34-13-5mm-w24mm-79-5009\/#breadcrumb"},"inLanguage":"hu","potentialAction":[{"@type":"ReadAction","target":["https:\/\/v3.atv-parts.hu\/index.php\/termek\/prox-gorgos-lanchajtas-yamaha-yz-80-85-83-16-kawasaki-kx-60-80-83-20-34-13-5mm-w24mm-79-5009\/"]}]},{"@type":"ImageObject","inLanguage":"hu","@id":"https:\/\/v3.atv-parts.hu\/index.php\/termek\/prox-gorgos-lanchajtas-yamaha-yz-80-85-83-16-kawasaki-kx-60-80-83-20-34-13-5mm-w24mm-79-5009\/#primaryimage","url":"https:\/\/v3.atv-parts.hu\/wp-content\/uploads\/2024\/03\/prox-rolka-lancucha-napedowego-yz80-85-83-16-kx.jpg","contentUrl":"https:\/\/v3.atv-parts.hu\/wp-content\/uploads\/2024\/03\/prox-rolka-lancucha-napedowego-yz80-85-83-16-kx.jpg","width":196,"height":258},{"@type":"BreadcrumbList","@id":"https:\/\/v3.atv-parts.hu\/index.php\/termek\/prox-gorgos-lanchajtas-yamaha-yz-80-85-83-16-kawasaki-kx-60-80-83-20-34-13-5mm-w24mm-79-5009\/#breadcrumb","itemListElement":[{"@type":"ListItem","position":1,"name":"Kezd\u0151lap","item":"https:\/\/v3.atv-parts.hu\/"},{"@type":"ListItem","position":2,"name":"Bolt","item":"https:\/\/v3.atv-parts.hu\/index.php\/bolt\/"},{"@type":"ListItem","position":3,"name":"PROX G\u00d6RG\u0150S L\u00c1NCHAJT\u00c1S YAMAHA YZ 80\/85 &#8217;83-&#8217;16, KAWASAKI KX 60\/80 &#8217;83-&#8217;20 (34\/13.5MM) (W24MM) (79-5009)"}]},{"@type":"WebSite","@id":"https:\/\/v3.atv-parts.hu\/#website","url":"https:\/\/v3.atv-parts.hu\/","name":"V3 ATV-PARTS.HU","description":"","publisher":{"@id":"https:\/\/v3.atv-parts.hu\/#organization"},"potentialAction":[{"@type":"SearchAction","target":{"@type":"EntryPoint","urlTemplate":"https:\/\/v3.atv-parts.hu\/?s={search_term_string}"},"query-input":"required name=search_term_string"}],"inLanguage":"hu"},{"@type":"Organization","@id":"https:\/\/v3.atv-parts.hu\/#organization","name":"V3 ATV-PARTS.HU","url":"https:\/\/v3.atv-parts.hu\/","logo":{"@type":"ImageObject","inLanguage":"hu","@id":"https:\/\/v3.atv-parts.hu\/#\/schema\/logo\/image\/","url":"https:\/\/v3.atv-parts.hu\/wp-content\/uploads\/2021\/02\/cropped-cropped-atvlogo-1-1-1.png","contentUrl":"https:\/\/v3.atv-parts.hu\/wp-content\/uploads\/2021\/02\/cropped-cropped-atvlogo-1-1-1.png","width":267,"height":160,"caption":"V3 ATV-PARTS.HU"},"image":{"@id":"https:\/\/v3.atv-parts.hu\/#\/schema\/logo\/image\/"},"sameAs":["https:\/\/www.facebook.com\/atvpartsHU"]}]},"product_price_amount":"5059.68","product_price_currency":"HUF","og_availability":"instock","product_availability":"instock","product_retailer_item_id":"33.0009","product_condition":"new"},"_links":{"self":[{"href":"https:\/\/v3.atv-parts.hu\/index.php\/wp-json\/wp\/v2\/product\/10152","targetHints":{"allow":["GET"]}}],"collection":[{"href":"https:\/\/v3.atv-parts.hu\/index.php\/wp-json\/wp\/v2\/product"}],"about":[{"href":"https:\/\/v3.atv-parts.hu\/index.php\/wp-json\/wp\/v2\/types\/product"}],"replies":[{"embeddable":true,"href":"https:\/\/v3.atv-parts.hu\/index.php\/wp-json\/wp\/v2\/comments?post=10152"}],"wp:featuredmedia":[{"embeddable":true,"href":"https:\/\/v3.atv-parts.hu\/index.php\/wp-json\/wp\/v2\/media\/10153"}],"wp:attachment":[{"href":"https:\/\/v3.atv-parts.hu\/index.php\/wp-json\/wp\/v2\/media?parent=10152"}],"wp:term":[{"taxonomy":"product_cat","embeddable":true,"href":"https:\/\/v3.atv-parts.hu\/index.php\/wp-json\/wp\/v2\/product_cat?post=10152"},{"taxonomy":"product_tag","embeddable":true,"href":"https:\/\/v3.atv-parts.hu\/index.php\/wp-json\/wp\/v2\/product_tag?post=10152"}],"curies":[{"name":"wp","href":"https:\/\/api.w.org\/{rel}","templated":true}]}}