{"id":107437,"date":"2024-04-03T21:32:27","date_gmt":"2024-04-03T19:32:27","guid":{"rendered":"https:\/\/v3.atv-parts.hu\/index.php\/termek\/bearing-worx-2023-04-csaptelep-javito-keszlet-kawasaki-klr-650-08-18-vn-750-vulcan-86-06-en-450-ltd-85-90-60-1082\/"},"modified":"2024-08-13T08:02:53","modified_gmt":"2024-08-13T06:02:53","slug":"bearing-worx-2023-04-csaptelep-javito-keszlet-kawasaki-klr-650-08-18-vn-750-vulcan-86-06-en-450-ltd-85-90-60-1082","status":"publish","type":"product","link":"https:\/\/v3.atv-parts.hu\/index.php\/termek\/bearing-worx-2023-04-csaptelep-javito-keszlet-kawasaki-klr-650-08-18-vn-750-vulcan-86-06-en-450-ltd-85-90-60-1082\/","title":{"rendered":"BEARING WORX  2023\/04 CSAPTELEP JAV\u00cdT\u00d3 K\u00c9SZLET KAWASAKI KLR 650 &#8217;08-&#8217;18, VN 750 VULCAN &#8217;86-&#8217;06, EN 450 LTD &#8217;85-&#8217;90 (60-1082)"},"content":{"rendered":"<p>BEARING WORX  2023\/04 CSAPTELEP JAV\u00cdT\u00d3 K\u00c9SZLET KAWASAKI KLR 650 &#8217;08-&#8217;18, VN 750 VULCAN &#8217;86-&#8217;06, EN 450 LTD &#8217;85-&#8217;90 (60-1082)<\/p>\n<p>EAN: FCK50029<\/p>\n<p>SKU: FCK50029<\/p>\n","protected":false},"excerpt":{"rendered":"<p>BEARING WORX  2023\/04 CSAPTELEP JAV\u00cdT\u00d3 K\u00c9SZLET KAWASAKI KLR 650 &#8217;08-&#8217;18, VN 750 VULCAN &#8217;86-&#8217;06, EN 450 LTD &#8217;85-&#8217;90 (60-1082)<\/p>\n","protected":false},"featured_media":107366,"comment_status":"closed","ping_status":"open","template":"","meta":{"_monsterinsights_skip_tracking":false,"_monsterinsights_sitenote_active":false,"_monsterinsights_sitenote_note":"","_monsterinsights_sitenote_category":0},"product_cat":[571,243],"product_tag":[],"class_list":{"0":"post-107437","1":"product","2":"type-product","3":"status-publish","4":"has-post-thumbnail","6":"product_cat-uzemanyagcsap-javitokeszletek","7":"product_cat-uzemanyagrendszer","8":"pa_marka-bearing-worx","10":"first","11":"instock","12":"taxable","13":"shipping-taxable","14":"purchasable","15":"product-type-simple"},"yoast_head":"<!-- This site is optimized with the Yoast SEO Premium plugin v22.6 (Yoast SEO v22.6) - https:\/\/yoast.com\/wordpress\/plugins\/seo\/ -->\n<title>BEARING WORX 2023\/04 CSAPTELEP JAV\u00cdT\u00d3 K\u00c9SZLET KAWASAKI KLR 650 &#039;08-&#039;18, VN 750 VULCAN &#039;86-&#039;06, EN 450 LTD &#039;85-&#039;90 (60-1082) - V3 ATV-PARTS.HU<\/title>\n<meta name=\"robots\" content=\"index, follow, max-snippet:-1, max-image-preview:large, max-video-preview:-1\" \/>\n<link rel=\"canonical\" href=\"https:\/\/v3.atv-parts.hu\/index.php\/termek\/bearing-worx-2023-04-csaptelep-javito-keszlet-kawasaki-klr-650-08-18-vn-750-vulcan-86-06-en-450-ltd-85-90-60-1082\/\" \/>\n<meta property=\"og:locale\" content=\"hu_HU\" \/>\n<meta property=\"og:type\" content=\"article\" \/>\n<meta property=\"og:title\" content=\"BEARING WORX 2023\/04 CSAPTELEP JAV\u00cdT\u00d3 K\u00c9SZLET KAWASAKI KLR 650 &#039;08-&#039;18, VN 750 VULCAN &#039;86-&#039;06, EN 450 LTD &#039;85-&#039;90 (60-1082)\" \/>\n<meta property=\"og:description\" content=\"BEARING WORX 2023\/04 CSAPTELEP JAV\u00cdT\u00d3 K\u00c9SZLET KAWASAKI KLR 650 &#039;08-&#039;18, VN 750 VULCAN &#039;86-&#039;06, EN 450 LTD &#039;85-&#039;90 (60-1082)\" \/>\n<meta property=\"og:url\" content=\"https:\/\/v3.atv-parts.hu\/index.php\/termek\/bearing-worx-2023-04-csaptelep-javito-keszlet-kawasaki-klr-650-08-18-vn-750-vulcan-86-06-en-450-ltd-85-90-60-1082\/\" \/>\n<meta property=\"og:site_name\" content=\"V3 ATV-PARTS.HU\" \/>\n<meta property=\"article:publisher\" content=\"https:\/\/www.facebook.com\/atvpartsHU\" \/>\n<meta property=\"article:modified_time\" content=\"2024-08-13T06:02:53+00:00\" \/>\n<meta property=\"og:image\" content=\"https:\/\/v3.atv-parts.hu\/wp-content\/uploads\/2024\/04\/bearing-worx-2022-12-fuel-cock-repair-kit.jpg\" \/>\n\t<meta property=\"og:image:width\" content=\"800\" \/>\n\t<meta property=\"og:image:height\" content=\"800\" \/>\n\t<meta property=\"og:image:type\" content=\"image\/jpeg\" \/>\n<meta name=\"twitter:card\" content=\"summary_large_image\" \/>\n<meta name=\"twitter:label1\" content=\"\u00c1r\" \/>\n\t<meta name=\"twitter:data1\" content=\"8723,63&nbsp;&#70;&#116; \u00c1F\u00c1-val\" \/>\n\t<meta name=\"twitter:label2\" content=\"El\u00e9rhet\u0151s\u00e9g\" \/>\n\t<meta name=\"twitter:data2\" content=\"K\u00e9szleten\" \/>\n<script type=\"application\/ld+json\" class=\"yoast-schema-graph\">{\"@context\":\"https:\/\/schema.org\",\"@graph\":[{\"@type\":\"WebPage\",\"@id\":\"https:\/\/v3.atv-parts.hu\/index.php\/termek\/bearing-worx-2023-04-csaptelep-javito-keszlet-kawasaki-klr-650-08-18-vn-750-vulcan-86-06-en-450-ltd-85-90-60-1082\/\",\"url\":\"https:\/\/v3.atv-parts.hu\/index.php\/termek\/bearing-worx-2023-04-csaptelep-javito-keszlet-kawasaki-klr-650-08-18-vn-750-vulcan-86-06-en-450-ltd-85-90-60-1082\/\",\"name\":\"BEARING WORX 2023\/04 CSAPTELEP JAV\u00cdT\u00d3 K\u00c9SZLET KAWASAKI KLR 650 '08-'18, VN 750 VULCAN '86-'06, EN 450 LTD '85-'90 (60-1082) - V3 ATV-PARTS.HU\",\"isPartOf\":{\"@id\":\"https:\/\/v3.atv-parts.hu\/#website\"},\"primaryImageOfPage\":{\"@id\":\"https:\/\/v3.atv-parts.hu\/index.php\/termek\/bearing-worx-2023-04-csaptelep-javito-keszlet-kawasaki-klr-650-08-18-vn-750-vulcan-86-06-en-450-ltd-85-90-60-1082\/#primaryimage\"},\"image\":{\"@id\":\"https:\/\/v3.atv-parts.hu\/index.php\/termek\/bearing-worx-2023-04-csaptelep-javito-keszlet-kawasaki-klr-650-08-18-vn-750-vulcan-86-06-en-450-ltd-85-90-60-1082\/#primaryimage\"},\"thumbnailUrl\":\"https:\/\/v3.atv-parts.hu\/wp-content\/uploads\/2024\/04\/bearing-worx-2022-12-fuel-cock-repair-kit.jpg\",\"datePublished\":\"2024-04-03T19:32:27+00:00\",\"dateModified\":\"2024-08-13T06:02:53+00:00\",\"breadcrumb\":{\"@id\":\"https:\/\/v3.atv-parts.hu\/index.php\/termek\/bearing-worx-2023-04-csaptelep-javito-keszlet-kawasaki-klr-650-08-18-vn-750-vulcan-86-06-en-450-ltd-85-90-60-1082\/#breadcrumb\"},\"inLanguage\":\"hu\",\"potentialAction\":[{\"@type\":\"ReadAction\",\"target\":[\"https:\/\/v3.atv-parts.hu\/index.php\/termek\/bearing-worx-2023-04-csaptelep-javito-keszlet-kawasaki-klr-650-08-18-vn-750-vulcan-86-06-en-450-ltd-85-90-60-1082\/\"]}]},{\"@type\":\"ImageObject\",\"inLanguage\":\"hu\",\"@id\":\"https:\/\/v3.atv-parts.hu\/index.php\/termek\/bearing-worx-2023-04-csaptelep-javito-keszlet-kawasaki-klr-650-08-18-vn-750-vulcan-86-06-en-450-ltd-85-90-60-1082\/#primaryimage\",\"url\":\"https:\/\/v3.atv-parts.hu\/wp-content\/uploads\/2024\/04\/bearing-worx-2022-12-fuel-cock-repair-kit.jpg\",\"contentUrl\":\"https:\/\/v3.atv-parts.hu\/wp-content\/uploads\/2024\/04\/bearing-worx-2022-12-fuel-cock-repair-kit.jpg\",\"width\":800,\"height\":800},{\"@type\":\"BreadcrumbList\",\"@id\":\"https:\/\/v3.atv-parts.hu\/index.php\/termek\/bearing-worx-2023-04-csaptelep-javito-keszlet-kawasaki-klr-650-08-18-vn-750-vulcan-86-06-en-450-ltd-85-90-60-1082\/#breadcrumb\",\"itemListElement\":[{\"@type\":\"ListItem\",\"position\":1,\"name\":\"Kezd\u0151lap\",\"item\":\"https:\/\/v3.atv-parts.hu\/\"},{\"@type\":\"ListItem\",\"position\":2,\"name\":\"Bolt\",\"item\":\"https:\/\/v3.atv-parts.hu\/index.php\/bolt\/\"},{\"@type\":\"ListItem\",\"position\":3,\"name\":\"BEARING WORX 2023\/04 CSAPTELEP JAV\u00cdT\u00d3 K\u00c9SZLET KAWASAKI KLR 650 &#8217;08-&#8217;18, VN 750 VULCAN &#8217;86-&#8217;06, EN 450 LTD &#8217;85-&#8217;90 (60-1082)\"}]},{\"@type\":\"WebSite\",\"@id\":\"https:\/\/v3.atv-parts.hu\/#website\",\"url\":\"https:\/\/v3.atv-parts.hu\/\",\"name\":\"V3 ATV-PARTS.HU\",\"description\":\"\",\"publisher\":{\"@id\":\"https:\/\/v3.atv-parts.hu\/#organization\"},\"potentialAction\":[{\"@type\":\"SearchAction\",\"target\":{\"@type\":\"EntryPoint\",\"urlTemplate\":\"https:\/\/v3.atv-parts.hu\/?s={search_term_string}\"},\"query-input\":\"required name=search_term_string\"}],\"inLanguage\":\"hu\"},{\"@type\":\"Organization\",\"@id\":\"https:\/\/v3.atv-parts.hu\/#organization\",\"name\":\"V3 ATV-PARTS.HU\",\"url\":\"https:\/\/v3.atv-parts.hu\/\",\"logo\":{\"@type\":\"ImageObject\",\"inLanguage\":\"hu\",\"@id\":\"https:\/\/v3.atv-parts.hu\/#\/schema\/logo\/image\/\",\"url\":\"https:\/\/v3.atv-parts.hu\/wp-content\/uploads\/2021\/02\/cropped-cropped-atvlogo-1-1-1.png\",\"contentUrl\":\"https:\/\/v3.atv-parts.hu\/wp-content\/uploads\/2021\/02\/cropped-cropped-atvlogo-1-1-1.png\",\"width\":267,\"height\":160,\"caption\":\"V3 ATV-PARTS.HU\"},\"image\":{\"@id\":\"https:\/\/v3.atv-parts.hu\/#\/schema\/logo\/image\/\"},\"sameAs\":[\"https:\/\/www.facebook.com\/atvpartsHU\"]}]}<\/script>\n<meta property=\"product:price:amount\" content=\"8723.63\" \/>\n<meta property=\"product:price:currency\" content=\"HUF\" \/>\n<meta property=\"og:availability\" content=\"instock\" \/>\n<meta property=\"product:availability\" content=\"instock\" \/>\n<meta property=\"product:retailer_item_id\" content=\"FCK50029\" \/>\n<meta property=\"product:condition\" content=\"new\" \/>\n<!-- \/ Yoast SEO Premium plugin. -->","yoast_head_json":{"title":"BEARING WORX 2023\/04 CSAPTELEP JAV\u00cdT\u00d3 K\u00c9SZLET KAWASAKI KLR 650 '08-'18, VN 750 VULCAN '86-'06, EN 450 LTD '85-'90 (60-1082) - V3 ATV-PARTS.HU","robots":{"index":"index","follow":"follow","max-snippet":"max-snippet:-1","max-image-preview":"max-image-preview:large","max-video-preview":"max-video-preview:-1"},"canonical":"https:\/\/v3.atv-parts.hu\/index.php\/termek\/bearing-worx-2023-04-csaptelep-javito-keszlet-kawasaki-klr-650-08-18-vn-750-vulcan-86-06-en-450-ltd-85-90-60-1082\/","og_locale":"hu_HU","og_type":"article","og_title":"BEARING WORX 2023\/04 CSAPTELEP JAV\u00cdT\u00d3 K\u00c9SZLET KAWASAKI KLR 650 '08-'18, VN 750 VULCAN '86-'06, EN 450 LTD '85-'90 (60-1082)","og_description":"BEARING WORX 2023\/04 CSAPTELEP JAV\u00cdT\u00d3 K\u00c9SZLET KAWASAKI KLR 650 '08-'18, VN 750 VULCAN '86-'06, EN 450 LTD '85-'90 (60-1082)","og_url":"https:\/\/v3.atv-parts.hu\/index.php\/termek\/bearing-worx-2023-04-csaptelep-javito-keszlet-kawasaki-klr-650-08-18-vn-750-vulcan-86-06-en-450-ltd-85-90-60-1082\/","og_site_name":"V3 ATV-PARTS.HU","article_publisher":"https:\/\/www.facebook.com\/atvpartsHU","article_modified_time":"2024-08-13T06:02:53+00:00","og_image":[{"width":800,"height":800,"url":"https:\/\/v3.atv-parts.hu\/wp-content\/uploads\/2024\/04\/bearing-worx-2022-12-fuel-cock-repair-kit.jpg","type":"image\/jpeg"}],"twitter_card":"summary_large_image","twitter_misc":{"\u00c1r":"8723,63&nbsp;&#70;&#116; \u00c1F\u00c1-val","El\u00e9rhet\u0151s\u00e9g":"K\u00e9szleten"},"schema":{"@context":"https:\/\/schema.org","@graph":[{"@type":"WebPage","@id":"https:\/\/v3.atv-parts.hu\/index.php\/termek\/bearing-worx-2023-04-csaptelep-javito-keszlet-kawasaki-klr-650-08-18-vn-750-vulcan-86-06-en-450-ltd-85-90-60-1082\/","url":"https:\/\/v3.atv-parts.hu\/index.php\/termek\/bearing-worx-2023-04-csaptelep-javito-keszlet-kawasaki-klr-650-08-18-vn-750-vulcan-86-06-en-450-ltd-85-90-60-1082\/","name":"BEARING WORX 2023\/04 CSAPTELEP JAV\u00cdT\u00d3 K\u00c9SZLET KAWASAKI KLR 650 '08-'18, VN 750 VULCAN '86-'06, EN 450 LTD '85-'90 (60-1082) - V3 ATV-PARTS.HU","isPartOf":{"@id":"https:\/\/v3.atv-parts.hu\/#website"},"primaryImageOfPage":{"@id":"https:\/\/v3.atv-parts.hu\/index.php\/termek\/bearing-worx-2023-04-csaptelep-javito-keszlet-kawasaki-klr-650-08-18-vn-750-vulcan-86-06-en-450-ltd-85-90-60-1082\/#primaryimage"},"image":{"@id":"https:\/\/v3.atv-parts.hu\/index.php\/termek\/bearing-worx-2023-04-csaptelep-javito-keszlet-kawasaki-klr-650-08-18-vn-750-vulcan-86-06-en-450-ltd-85-90-60-1082\/#primaryimage"},"thumbnailUrl":"https:\/\/v3.atv-parts.hu\/wp-content\/uploads\/2024\/04\/bearing-worx-2022-12-fuel-cock-repair-kit.jpg","datePublished":"2024-04-03T19:32:27+00:00","dateModified":"2024-08-13T06:02:53+00:00","breadcrumb":{"@id":"https:\/\/v3.atv-parts.hu\/index.php\/termek\/bearing-worx-2023-04-csaptelep-javito-keszlet-kawasaki-klr-650-08-18-vn-750-vulcan-86-06-en-450-ltd-85-90-60-1082\/#breadcrumb"},"inLanguage":"hu","potentialAction":[{"@type":"ReadAction","target":["https:\/\/v3.atv-parts.hu\/index.php\/termek\/bearing-worx-2023-04-csaptelep-javito-keszlet-kawasaki-klr-650-08-18-vn-750-vulcan-86-06-en-450-ltd-85-90-60-1082\/"]}]},{"@type":"ImageObject","inLanguage":"hu","@id":"https:\/\/v3.atv-parts.hu\/index.php\/termek\/bearing-worx-2023-04-csaptelep-javito-keszlet-kawasaki-klr-650-08-18-vn-750-vulcan-86-06-en-450-ltd-85-90-60-1082\/#primaryimage","url":"https:\/\/v3.atv-parts.hu\/wp-content\/uploads\/2024\/04\/bearing-worx-2022-12-fuel-cock-repair-kit.jpg","contentUrl":"https:\/\/v3.atv-parts.hu\/wp-content\/uploads\/2024\/04\/bearing-worx-2022-12-fuel-cock-repair-kit.jpg","width":800,"height":800},{"@type":"BreadcrumbList","@id":"https:\/\/v3.atv-parts.hu\/index.php\/termek\/bearing-worx-2023-04-csaptelep-javito-keszlet-kawasaki-klr-650-08-18-vn-750-vulcan-86-06-en-450-ltd-85-90-60-1082\/#breadcrumb","itemListElement":[{"@type":"ListItem","position":1,"name":"Kezd\u0151lap","item":"https:\/\/v3.atv-parts.hu\/"},{"@type":"ListItem","position":2,"name":"Bolt","item":"https:\/\/v3.atv-parts.hu\/index.php\/bolt\/"},{"@type":"ListItem","position":3,"name":"BEARING WORX 2023\/04 CSAPTELEP JAV\u00cdT\u00d3 K\u00c9SZLET KAWASAKI KLR 650 &#8217;08-&#8217;18, VN 750 VULCAN &#8217;86-&#8217;06, EN 450 LTD &#8217;85-&#8217;90 (60-1082)"}]},{"@type":"WebSite","@id":"https:\/\/v3.atv-parts.hu\/#website","url":"https:\/\/v3.atv-parts.hu\/","name":"V3 ATV-PARTS.HU","description":"","publisher":{"@id":"https:\/\/v3.atv-parts.hu\/#organization"},"potentialAction":[{"@type":"SearchAction","target":{"@type":"EntryPoint","urlTemplate":"https:\/\/v3.atv-parts.hu\/?s={search_term_string}"},"query-input":"required name=search_term_string"}],"inLanguage":"hu"},{"@type":"Organization","@id":"https:\/\/v3.atv-parts.hu\/#organization","name":"V3 ATV-PARTS.HU","url":"https:\/\/v3.atv-parts.hu\/","logo":{"@type":"ImageObject","inLanguage":"hu","@id":"https:\/\/v3.atv-parts.hu\/#\/schema\/logo\/image\/","url":"https:\/\/v3.atv-parts.hu\/wp-content\/uploads\/2021\/02\/cropped-cropped-atvlogo-1-1-1.png","contentUrl":"https:\/\/v3.atv-parts.hu\/wp-content\/uploads\/2021\/02\/cropped-cropped-atvlogo-1-1-1.png","width":267,"height":160,"caption":"V3 ATV-PARTS.HU"},"image":{"@id":"https:\/\/v3.atv-parts.hu\/#\/schema\/logo\/image\/"},"sameAs":["https:\/\/www.facebook.com\/atvpartsHU"]}]},"product_price_amount":"8723.63","product_price_currency":"HUF","og_availability":"instock","product_availability":"instock","product_retailer_item_id":"FCK50029","product_condition":"new"},"_links":{"self":[{"href":"https:\/\/v3.atv-parts.hu\/index.php\/wp-json\/wp\/v2\/product\/107437","targetHints":{"allow":["GET"]}}],"collection":[{"href":"https:\/\/v3.atv-parts.hu\/index.php\/wp-json\/wp\/v2\/product"}],"about":[{"href":"https:\/\/v3.atv-parts.hu\/index.php\/wp-json\/wp\/v2\/types\/product"}],"replies":[{"embeddable":true,"href":"https:\/\/v3.atv-parts.hu\/index.php\/wp-json\/wp\/v2\/comments?post=107437"}],"wp:featuredmedia":[{"embeddable":true,"href":"https:\/\/v3.atv-parts.hu\/index.php\/wp-json\/wp\/v2\/media\/107366"}],"wp:attachment":[{"href":"https:\/\/v3.atv-parts.hu\/index.php\/wp-json\/wp\/v2\/media?parent=107437"}],"wp:term":[{"taxonomy":"product_cat","embeddable":true,"href":"https:\/\/v3.atv-parts.hu\/index.php\/wp-json\/wp\/v2\/product_cat?post=107437"},{"taxonomy":"product_tag","embeddable":true,"href":"https:\/\/v3.atv-parts.hu\/index.php\/wp-json\/wp\/v2\/product_tag?post=107437"}],"curies":[{"name":"wp","href":"https:\/\/api.w.org\/{rel}","templated":true}]}}