{"id":122093,"date":"2024-04-04T05:32:02","date_gmt":"2024-04-04T03:32:02","guid":{"rendered":"https:\/\/v3.atv-parts.hu\/index.php\/termek\/x-trig-xtrig-rocs-pro-haromszoros-bilincsek-elso-felfuggesztes-polcok-ktm-sx-sx-f-150-250-350-450-22-24-husqvarna-22-24-gas-gas-gas-ec-ecf-mc-mcf-24-m12-offset-20mm-22mm-szin-barna\/"},"modified":"2024-05-03T17:50:20","modified_gmt":"2024-05-03T15:50:20","slug":"x-trig-xtrig-rocs-pro-haromszoros-bilincsek-elso-felfuggesztes-polcok-ktm-sx-sx-f-150-250-350-450-22-24-husqvarna-22-24-gas-gas-gas-ec-ecf-mc-mcf-24-m12-offset-20mm-22mm-szin-barna","status":"publish","type":"product","link":"https:\/\/v3.atv-parts.hu\/index.php\/termek\/x-trig-xtrig-rocs-pro-haromszoros-bilincsek-elso-felfuggesztes-polcok-ktm-sx-sx-f-150-250-350-450-22-24-husqvarna-22-24-gas-gas-gas-ec-ecf-mc-mcf-24-m12-offset-20mm-22mm-szin-barna\/","title":{"rendered":"X-TRIG XTRIG ROCS PRO H\u00c1ROMSZOROS BILINCSEK ELS\u0150 FELF\u00dcGGESZT\u00c9S POLCOK KTM SX\/SX-F 150\/250\/350\/450 &#8217;22-&#8217;24; HUSQVARNA &#8217;22-&#8217;24; GAS GAS GAS EC\/ECF\/MC\/MCF &#8217;24 M12 (OFFSET 20MM-22MM) SZ\u00cdN BARNA"},"content":{"rendered":"<p>X-TRIG XTRIG ROCS PRO H\u00c1ROMSZOROS BILINCSEK ELS\u0150 FELF\u00dcGGESZT\u00c9S POLCOK KTM SX\/SX-F 150\/250\/350\/450 &#8217;22-&#8217;24; HUSQVARNA &#8217;22-&#8217;24; GAS GAS GAS EC\/ECF\/MC\/MCF &#8217;24 M12 (OFFSET 20MM-22MM) SZ\u00cdN BARNA<\/p>\n<p>EAN: <\/p>\n<p>SKU: 40501004<\/p>\n","protected":false},"excerpt":{"rendered":"<p>X-TRIG XTRIG ROCS PRO H\u00c1ROMSZOROS BILINCSEK ELS\u0150 FELF\u00dcGGESZT\u00c9S POLCOK KTM SX\/SX-F 150\/250\/350\/450 &#8217;22-&#8217;24; HUSQVARNA &#8217;22-&#8217;24; GAS GAS GAS EC\/ECF\/MC\/MCF &#8217;24 M12 (OFFSET 20MM-22MM) SZ\u00cdN BARNA<\/p>\n","protected":false},"featured_media":120725,"comment_status":"closed","ping_status":"open","template":"","meta":{"_monsterinsights_skip_tracking":false,"_monsterinsights_sitenote_active":false,"_monsterinsights_sitenote_note":"","_monsterinsights_sitenote_category":0},"product_cat":[404,267],"product_tag":[],"class_list":{"0":"post-122093","1":"product","2":"type-product","3":"status-publish","4":"has-post-thumbnail","6":"product_cat-elso-felfuggesztes-es-kormanymu","7":"product_cat-felfuggesztes-es-kormanymu","8":"pa_marka-x-trig","10":"first","11":"instock","12":"taxable","13":"shipping-taxable","14":"purchasable","15":"product-type-simple"},"yoast_head":"<!-- This site is optimized with the Yoast SEO Premium plugin v22.6 (Yoast SEO v22.6) - https:\/\/yoast.com\/wordpress\/plugins\/seo\/ -->\n<title>X-TRIG XTRIG ROCS PRO H\u00c1ROMSZOROS BILINCSEK ELS\u0150 FELF\u00dcGGESZT\u00c9S POLCOK KTM SX\/SX-F 150\/250\/350\/450 &#039;22-&#039;24; HUSQVARNA &#039;22-&#039;24; GAS GAS GAS EC\/ECF\/MC\/MCF &#039;24 M12 (OFFSET 20MM-22MM) SZ\u00cdN BARNA - V3 ATV-PARTS.HU<\/title>\n<meta name=\"robots\" content=\"index, follow, max-snippet:-1, max-image-preview:large, max-video-preview:-1\" \/>\n<link rel=\"canonical\" href=\"https:\/\/v3.atv-parts.hu\/index.php\/termek\/x-trig-xtrig-rocs-pro-haromszoros-bilincsek-elso-felfuggesztes-polcok-ktm-sx-sx-f-150-250-350-450-22-24-husqvarna-22-24-gas-gas-gas-ec-ecf-mc-mcf-24-m12-offset-20mm-22mm-szin-barna\/\" \/>\n<meta property=\"og:locale\" content=\"hu_HU\" \/>\n<meta property=\"og:type\" content=\"article\" \/>\n<meta property=\"og:title\" content=\"X-TRIG XTRIG ROCS PRO H\u00c1ROMSZOROS BILINCSEK ELS\u0150 FELF\u00dcGGESZT\u00c9S POLCOK KTM SX\/SX-F 150\/250\/350\/450 &#039;22-&#039;24; HUSQVARNA &#039;22-&#039;24; GAS GAS GAS EC\/ECF\/MC\/MCF &#039;24 M12 (OFFSET 20MM-22MM) SZ\u00cdN BARNA\" \/>\n<meta property=\"og:description\" content=\"X-TRIG XTRIG ROCS PRO H\u00c1ROMSZOROS BILINCSEK ELS\u0150 FELF\u00dcGGESZT\u00c9S POLCOK KTM SX\/SX-F 150\/250\/350\/450 &#039;22-&#039;24; HUSQVARNA &#039;22-&#039;24; GAS GAS GAS EC\/ECF\/MC\/MCF &#039;24 M12 (OFFSET 20MM-22MM) SZ\u00cdN BARNA\" \/>\n<meta property=\"og:url\" content=\"https:\/\/v3.atv-parts.hu\/index.php\/termek\/x-trig-xtrig-rocs-pro-haromszoros-bilincsek-elso-felfuggesztes-polcok-ktm-sx-sx-f-150-250-350-450-22-24-husqvarna-22-24-gas-gas-gas-ec-ecf-mc-mcf-24-m12-offset-20mm-22mm-szin-barna\/\" \/>\n<meta property=\"og:site_name\" content=\"V3 ATV-PARTS.HU\" \/>\n<meta property=\"article:publisher\" content=\"https:\/\/www.facebook.com\/atvpartsHU\" \/>\n<meta property=\"article:modified_time\" content=\"2024-05-03T15:50:20+00:00\" \/>\n<meta property=\"og:image\" content=\"https:\/\/v3.atv-parts.hu\/wp-content\/uploads\/2024\/04\/xtrig-polki-zawieszenia-przedniego-rocs-pro-triple.jpg\" \/>\n\t<meta property=\"og:image:width\" content=\"960\" \/>\n\t<meta property=\"og:image:height\" content=\"1200\" \/>\n\t<meta property=\"og:image:type\" content=\"image\/jpeg\" \/>\n<meta name=\"twitter:card\" content=\"summary_large_image\" \/>\n<meta name=\"twitter:label1\" content=\"\u00c1r\" \/>\n\t<meta name=\"twitter:data1\" content=\"328068,94&nbsp;&#70;&#116; \u00c1F\u00c1-val\" \/>\n\t<meta name=\"twitter:label2\" content=\"El\u00e9rhet\u0151s\u00e9g\" \/>\n\t<meta name=\"twitter:data2\" content=\"K\u00e9szleten\" \/>\n<script type=\"application\/ld+json\" class=\"yoast-schema-graph\">{\"@context\":\"https:\/\/schema.org\",\"@graph\":[{\"@type\":\"WebPage\",\"@id\":\"https:\/\/v3.atv-parts.hu\/index.php\/termek\/x-trig-xtrig-rocs-pro-haromszoros-bilincsek-elso-felfuggesztes-polcok-ktm-sx-sx-f-150-250-350-450-22-24-husqvarna-22-24-gas-gas-gas-ec-ecf-mc-mcf-24-m12-offset-20mm-22mm-szin-barna\/\",\"url\":\"https:\/\/v3.atv-parts.hu\/index.php\/termek\/x-trig-xtrig-rocs-pro-haromszoros-bilincsek-elso-felfuggesztes-polcok-ktm-sx-sx-f-150-250-350-450-22-24-husqvarna-22-24-gas-gas-gas-ec-ecf-mc-mcf-24-m12-offset-20mm-22mm-szin-barna\/\",\"name\":\"X-TRIG XTRIG ROCS PRO H\u00c1ROMSZOROS BILINCSEK ELS\u0150 FELF\u00dcGGESZT\u00c9S POLCOK KTM SX\/SX-F 150\/250\/350\/450 '22-'24; HUSQVARNA '22-'24; GAS GAS GAS EC\/ECF\/MC\/MCF '24 M12 (OFFSET 20MM-22MM) SZ\u00cdN BARNA - V3 ATV-PARTS.HU\",\"isPartOf\":{\"@id\":\"https:\/\/v3.atv-parts.hu\/#website\"},\"primaryImageOfPage\":{\"@id\":\"https:\/\/v3.atv-parts.hu\/index.php\/termek\/x-trig-xtrig-rocs-pro-haromszoros-bilincsek-elso-felfuggesztes-polcok-ktm-sx-sx-f-150-250-350-450-22-24-husqvarna-22-24-gas-gas-gas-ec-ecf-mc-mcf-24-m12-offset-20mm-22mm-szin-barna\/#primaryimage\"},\"image\":{\"@id\":\"https:\/\/v3.atv-parts.hu\/index.php\/termek\/x-trig-xtrig-rocs-pro-haromszoros-bilincsek-elso-felfuggesztes-polcok-ktm-sx-sx-f-150-250-350-450-22-24-husqvarna-22-24-gas-gas-gas-ec-ecf-mc-mcf-24-m12-offset-20mm-22mm-szin-barna\/#primaryimage\"},\"thumbnailUrl\":\"https:\/\/v3.atv-parts.hu\/wp-content\/uploads\/2024\/04\/xtrig-polki-zawieszenia-przedniego-rocs-pro-triple.jpg\",\"datePublished\":\"2024-04-04T03:32:02+00:00\",\"dateModified\":\"2024-05-03T15:50:20+00:00\",\"breadcrumb\":{\"@id\":\"https:\/\/v3.atv-parts.hu\/index.php\/termek\/x-trig-xtrig-rocs-pro-haromszoros-bilincsek-elso-felfuggesztes-polcok-ktm-sx-sx-f-150-250-350-450-22-24-husqvarna-22-24-gas-gas-gas-ec-ecf-mc-mcf-24-m12-offset-20mm-22mm-szin-barna\/#breadcrumb\"},\"inLanguage\":\"hu\",\"potentialAction\":[{\"@type\":\"ReadAction\",\"target\":[\"https:\/\/v3.atv-parts.hu\/index.php\/termek\/x-trig-xtrig-rocs-pro-haromszoros-bilincsek-elso-felfuggesztes-polcok-ktm-sx-sx-f-150-250-350-450-22-24-husqvarna-22-24-gas-gas-gas-ec-ecf-mc-mcf-24-m12-offset-20mm-22mm-szin-barna\/\"]}]},{\"@type\":\"ImageObject\",\"inLanguage\":\"hu\",\"@id\":\"https:\/\/v3.atv-parts.hu\/index.php\/termek\/x-trig-xtrig-rocs-pro-haromszoros-bilincsek-elso-felfuggesztes-polcok-ktm-sx-sx-f-150-250-350-450-22-24-husqvarna-22-24-gas-gas-gas-ec-ecf-mc-mcf-24-m12-offset-20mm-22mm-szin-barna\/#primaryimage\",\"url\":\"https:\/\/v3.atv-parts.hu\/wp-content\/uploads\/2024\/04\/xtrig-polki-zawieszenia-przedniego-rocs-pro-triple.jpg\",\"contentUrl\":\"https:\/\/v3.atv-parts.hu\/wp-content\/uploads\/2024\/04\/xtrig-polki-zawieszenia-przedniego-rocs-pro-triple.jpg\",\"width\":960,\"height\":1200},{\"@type\":\"BreadcrumbList\",\"@id\":\"https:\/\/v3.atv-parts.hu\/index.php\/termek\/x-trig-xtrig-rocs-pro-haromszoros-bilincsek-elso-felfuggesztes-polcok-ktm-sx-sx-f-150-250-350-450-22-24-husqvarna-22-24-gas-gas-gas-ec-ecf-mc-mcf-24-m12-offset-20mm-22mm-szin-barna\/#breadcrumb\",\"itemListElement\":[{\"@type\":\"ListItem\",\"position\":1,\"name\":\"Kezd\u0151lap\",\"item\":\"https:\/\/v3.atv-parts.hu\/\"},{\"@type\":\"ListItem\",\"position\":2,\"name\":\"Bolt\",\"item\":\"https:\/\/v3.atv-parts.hu\/index.php\/bolt\/\"},{\"@type\":\"ListItem\",\"position\":3,\"name\":\"X-TRIG XTRIG ROCS PRO H\u00c1ROMSZOROS BILINCSEK ELS\u0150 FELF\u00dcGGESZT\u00c9S POLCOK KTM SX\/SX-F 150\/250\/350\/450 &#8217;22-&#8217;24; HUSQVARNA &#8217;22-&#8217;24; GAS GAS GAS EC\/ECF\/MC\/MCF &#8217;24 M12 (OFFSET 20MM-22MM) SZ\u00cdN BARNA\"}]},{\"@type\":\"WebSite\",\"@id\":\"https:\/\/v3.atv-parts.hu\/#website\",\"url\":\"https:\/\/v3.atv-parts.hu\/\",\"name\":\"V3 ATV-PARTS.HU\",\"description\":\"\",\"publisher\":{\"@id\":\"https:\/\/v3.atv-parts.hu\/#organization\"},\"potentialAction\":[{\"@type\":\"SearchAction\",\"target\":{\"@type\":\"EntryPoint\",\"urlTemplate\":\"https:\/\/v3.atv-parts.hu\/?s={search_term_string}\"},\"query-input\":\"required name=search_term_string\"}],\"inLanguage\":\"hu\"},{\"@type\":\"Organization\",\"@id\":\"https:\/\/v3.atv-parts.hu\/#organization\",\"name\":\"V3 ATV-PARTS.HU\",\"url\":\"https:\/\/v3.atv-parts.hu\/\",\"logo\":{\"@type\":\"ImageObject\",\"inLanguage\":\"hu\",\"@id\":\"https:\/\/v3.atv-parts.hu\/#\/schema\/logo\/image\/\",\"url\":\"https:\/\/v3.atv-parts.hu\/wp-content\/uploads\/2021\/02\/cropped-cropped-atvlogo-1-1-1.png\",\"contentUrl\":\"https:\/\/v3.atv-parts.hu\/wp-content\/uploads\/2021\/02\/cropped-cropped-atvlogo-1-1-1.png\",\"width\":267,\"height\":160,\"caption\":\"V3 ATV-PARTS.HU\"},\"image\":{\"@id\":\"https:\/\/v3.atv-parts.hu\/#\/schema\/logo\/image\/\"},\"sameAs\":[\"https:\/\/www.facebook.com\/atvpartsHU\"]}]}<\/script>\n<meta property=\"product:price:amount\" content=\"328068.94\" \/>\n<meta property=\"product:price:currency\" content=\"HUF\" \/>\n<meta property=\"og:availability\" content=\"instock\" \/>\n<meta property=\"product:availability\" content=\"instock\" \/>\n<meta property=\"product:retailer_item_id\" content=\"40501004\" \/>\n<meta property=\"product:condition\" content=\"new\" \/>\n<!-- \/ Yoast SEO Premium plugin. -->","yoast_head_json":{"title":"X-TRIG XTRIG ROCS PRO H\u00c1ROMSZOROS BILINCSEK ELS\u0150 FELF\u00dcGGESZT\u00c9S POLCOK KTM SX\/SX-F 150\/250\/350\/450 '22-'24; HUSQVARNA '22-'24; GAS GAS GAS EC\/ECF\/MC\/MCF '24 M12 (OFFSET 20MM-22MM) SZ\u00cdN BARNA - V3 ATV-PARTS.HU","robots":{"index":"index","follow":"follow","max-snippet":"max-snippet:-1","max-image-preview":"max-image-preview:large","max-video-preview":"max-video-preview:-1"},"canonical":"https:\/\/v3.atv-parts.hu\/index.php\/termek\/x-trig-xtrig-rocs-pro-haromszoros-bilincsek-elso-felfuggesztes-polcok-ktm-sx-sx-f-150-250-350-450-22-24-husqvarna-22-24-gas-gas-gas-ec-ecf-mc-mcf-24-m12-offset-20mm-22mm-szin-barna\/","og_locale":"hu_HU","og_type":"article","og_title":"X-TRIG XTRIG ROCS PRO H\u00c1ROMSZOROS BILINCSEK ELS\u0150 FELF\u00dcGGESZT\u00c9S POLCOK KTM SX\/SX-F 150\/250\/350\/450 '22-'24; HUSQVARNA '22-'24; GAS GAS GAS EC\/ECF\/MC\/MCF '24 M12 (OFFSET 20MM-22MM) SZ\u00cdN BARNA","og_description":"X-TRIG XTRIG ROCS PRO H\u00c1ROMSZOROS BILINCSEK ELS\u0150 FELF\u00dcGGESZT\u00c9S POLCOK KTM SX\/SX-F 150\/250\/350\/450 '22-'24; HUSQVARNA '22-'24; GAS GAS GAS EC\/ECF\/MC\/MCF '24 M12 (OFFSET 20MM-22MM) SZ\u00cdN BARNA","og_url":"https:\/\/v3.atv-parts.hu\/index.php\/termek\/x-trig-xtrig-rocs-pro-haromszoros-bilincsek-elso-felfuggesztes-polcok-ktm-sx-sx-f-150-250-350-450-22-24-husqvarna-22-24-gas-gas-gas-ec-ecf-mc-mcf-24-m12-offset-20mm-22mm-szin-barna\/","og_site_name":"V3 ATV-PARTS.HU","article_publisher":"https:\/\/www.facebook.com\/atvpartsHU","article_modified_time":"2024-05-03T15:50:20+00:00","og_image":[{"width":960,"height":1200,"url":"https:\/\/v3.atv-parts.hu\/wp-content\/uploads\/2024\/04\/xtrig-polki-zawieszenia-przedniego-rocs-pro-triple.jpg","type":"image\/jpeg"}],"twitter_card":"summary_large_image","twitter_misc":{"\u00c1r":"328068,94&nbsp;&#70;&#116; \u00c1F\u00c1-val","El\u00e9rhet\u0151s\u00e9g":"K\u00e9szleten"},"schema":{"@context":"https:\/\/schema.org","@graph":[{"@type":"WebPage","@id":"https:\/\/v3.atv-parts.hu\/index.php\/termek\/x-trig-xtrig-rocs-pro-haromszoros-bilincsek-elso-felfuggesztes-polcok-ktm-sx-sx-f-150-250-350-450-22-24-husqvarna-22-24-gas-gas-gas-ec-ecf-mc-mcf-24-m12-offset-20mm-22mm-szin-barna\/","url":"https:\/\/v3.atv-parts.hu\/index.php\/termek\/x-trig-xtrig-rocs-pro-haromszoros-bilincsek-elso-felfuggesztes-polcok-ktm-sx-sx-f-150-250-350-450-22-24-husqvarna-22-24-gas-gas-gas-ec-ecf-mc-mcf-24-m12-offset-20mm-22mm-szin-barna\/","name":"X-TRIG XTRIG ROCS PRO H\u00c1ROMSZOROS BILINCSEK ELS\u0150 FELF\u00dcGGESZT\u00c9S POLCOK KTM SX\/SX-F 150\/250\/350\/450 '22-'24; HUSQVARNA '22-'24; GAS GAS GAS EC\/ECF\/MC\/MCF '24 M12 (OFFSET 20MM-22MM) SZ\u00cdN BARNA - V3 ATV-PARTS.HU","isPartOf":{"@id":"https:\/\/v3.atv-parts.hu\/#website"},"primaryImageOfPage":{"@id":"https:\/\/v3.atv-parts.hu\/index.php\/termek\/x-trig-xtrig-rocs-pro-haromszoros-bilincsek-elso-felfuggesztes-polcok-ktm-sx-sx-f-150-250-350-450-22-24-husqvarna-22-24-gas-gas-gas-ec-ecf-mc-mcf-24-m12-offset-20mm-22mm-szin-barna\/#primaryimage"},"image":{"@id":"https:\/\/v3.atv-parts.hu\/index.php\/termek\/x-trig-xtrig-rocs-pro-haromszoros-bilincsek-elso-felfuggesztes-polcok-ktm-sx-sx-f-150-250-350-450-22-24-husqvarna-22-24-gas-gas-gas-ec-ecf-mc-mcf-24-m12-offset-20mm-22mm-szin-barna\/#primaryimage"},"thumbnailUrl":"https:\/\/v3.atv-parts.hu\/wp-content\/uploads\/2024\/04\/xtrig-polki-zawieszenia-przedniego-rocs-pro-triple.jpg","datePublished":"2024-04-04T03:32:02+00:00","dateModified":"2024-05-03T15:50:20+00:00","breadcrumb":{"@id":"https:\/\/v3.atv-parts.hu\/index.php\/termek\/x-trig-xtrig-rocs-pro-haromszoros-bilincsek-elso-felfuggesztes-polcok-ktm-sx-sx-f-150-250-350-450-22-24-husqvarna-22-24-gas-gas-gas-ec-ecf-mc-mcf-24-m12-offset-20mm-22mm-szin-barna\/#breadcrumb"},"inLanguage":"hu","potentialAction":[{"@type":"ReadAction","target":["https:\/\/v3.atv-parts.hu\/index.php\/termek\/x-trig-xtrig-rocs-pro-haromszoros-bilincsek-elso-felfuggesztes-polcok-ktm-sx-sx-f-150-250-350-450-22-24-husqvarna-22-24-gas-gas-gas-ec-ecf-mc-mcf-24-m12-offset-20mm-22mm-szin-barna\/"]}]},{"@type":"ImageObject","inLanguage":"hu","@id":"https:\/\/v3.atv-parts.hu\/index.php\/termek\/x-trig-xtrig-rocs-pro-haromszoros-bilincsek-elso-felfuggesztes-polcok-ktm-sx-sx-f-150-250-350-450-22-24-husqvarna-22-24-gas-gas-gas-ec-ecf-mc-mcf-24-m12-offset-20mm-22mm-szin-barna\/#primaryimage","url":"https:\/\/v3.atv-parts.hu\/wp-content\/uploads\/2024\/04\/xtrig-polki-zawieszenia-przedniego-rocs-pro-triple.jpg","contentUrl":"https:\/\/v3.atv-parts.hu\/wp-content\/uploads\/2024\/04\/xtrig-polki-zawieszenia-przedniego-rocs-pro-triple.jpg","width":960,"height":1200},{"@type":"BreadcrumbList","@id":"https:\/\/v3.atv-parts.hu\/index.php\/termek\/x-trig-xtrig-rocs-pro-haromszoros-bilincsek-elso-felfuggesztes-polcok-ktm-sx-sx-f-150-250-350-450-22-24-husqvarna-22-24-gas-gas-gas-ec-ecf-mc-mcf-24-m12-offset-20mm-22mm-szin-barna\/#breadcrumb","itemListElement":[{"@type":"ListItem","position":1,"name":"Kezd\u0151lap","item":"https:\/\/v3.atv-parts.hu\/"},{"@type":"ListItem","position":2,"name":"Bolt","item":"https:\/\/v3.atv-parts.hu\/index.php\/bolt\/"},{"@type":"ListItem","position":3,"name":"X-TRIG XTRIG ROCS PRO H\u00c1ROMSZOROS BILINCSEK ELS\u0150 FELF\u00dcGGESZT\u00c9S POLCOK KTM SX\/SX-F 150\/250\/350\/450 &#8217;22-&#8217;24; HUSQVARNA &#8217;22-&#8217;24; GAS GAS GAS EC\/ECF\/MC\/MCF &#8217;24 M12 (OFFSET 20MM-22MM) SZ\u00cdN BARNA"}]},{"@type":"WebSite","@id":"https:\/\/v3.atv-parts.hu\/#website","url":"https:\/\/v3.atv-parts.hu\/","name":"V3 ATV-PARTS.HU","description":"","publisher":{"@id":"https:\/\/v3.atv-parts.hu\/#organization"},"potentialAction":[{"@type":"SearchAction","target":{"@type":"EntryPoint","urlTemplate":"https:\/\/v3.atv-parts.hu\/?s={search_term_string}"},"query-input":"required name=search_term_string"}],"inLanguage":"hu"},{"@type":"Organization","@id":"https:\/\/v3.atv-parts.hu\/#organization","name":"V3 ATV-PARTS.HU","url":"https:\/\/v3.atv-parts.hu\/","logo":{"@type":"ImageObject","inLanguage":"hu","@id":"https:\/\/v3.atv-parts.hu\/#\/schema\/logo\/image\/","url":"https:\/\/v3.atv-parts.hu\/wp-content\/uploads\/2021\/02\/cropped-cropped-atvlogo-1-1-1.png","contentUrl":"https:\/\/v3.atv-parts.hu\/wp-content\/uploads\/2021\/02\/cropped-cropped-atvlogo-1-1-1.png","width":267,"height":160,"caption":"V3 ATV-PARTS.HU"},"image":{"@id":"https:\/\/v3.atv-parts.hu\/#\/schema\/logo\/image\/"},"sameAs":["https:\/\/www.facebook.com\/atvpartsHU"]}]},"product_price_amount":"328068.94","product_price_currency":"HUF","og_availability":"instock","product_availability":"instock","product_retailer_item_id":"40501004","product_condition":"new"},"_links":{"self":[{"href":"https:\/\/v3.atv-parts.hu\/index.php\/wp-json\/wp\/v2\/product\/122093","targetHints":{"allow":["GET"]}}],"collection":[{"href":"https:\/\/v3.atv-parts.hu\/index.php\/wp-json\/wp\/v2\/product"}],"about":[{"href":"https:\/\/v3.atv-parts.hu\/index.php\/wp-json\/wp\/v2\/types\/product"}],"replies":[{"embeddable":true,"href":"https:\/\/v3.atv-parts.hu\/index.php\/wp-json\/wp\/v2\/comments?post=122093"}],"wp:featuredmedia":[{"embeddable":true,"href":"https:\/\/v3.atv-parts.hu\/index.php\/wp-json\/wp\/v2\/media\/120725"}],"wp:attachment":[{"href":"https:\/\/v3.atv-parts.hu\/index.php\/wp-json\/wp\/v2\/media?parent=122093"}],"wp:term":[{"taxonomy":"product_cat","embeddable":true,"href":"https:\/\/v3.atv-parts.hu\/index.php\/wp-json\/wp\/v2\/product_cat?post=122093"},{"taxonomy":"product_tag","embeddable":true,"href":"https:\/\/v3.atv-parts.hu\/index.php\/wp-json\/wp\/v2\/product_tag?post=122093"}],"curies":[{"name":"wp","href":"https:\/\/api.w.org\/{rel}","templated":true}]}}