{"id":17406,"date":"2024-04-02T17:30:04","date_gmt":"2024-04-02T15:30:04","guid":{"rendered":"https:\/\/v3.atv-parts.hu\/index.php\/termek\/polisport-of-teleszkop-burkolat-lengyelok-ktm-sx-sxf-15-20-exc-excf-16-19-husqvarna-tc-fc-15-gas-gas-ec250-300-tpi-21-ec-fblack-2502or150-3\/"},"modified":"2024-05-03T13:21:07","modified_gmt":"2024-05-03T11:21:07","slug":"polisport-teleszkopos-lengescsillato-burkolatok-ktm-sx-sxf-15-20-exc-excf-16-19-husqvarna-tc-fc-15-gaz-gaz-ec250-300-tpi-21-ec-f-250-sxf-c21or-350-2","status":"publish","type":"product","link":"https:\/\/v3.atv-parts.hu\/index.php\/termek\/polisport-teleszkopos-lengescsillato-burkolatok-ktm-sx-sxf-15-20-exc-excf-16-19-husqvarna-tc-fc-15-gaz-gaz-ec250-300-tpi-21-ec-f-250-sxf-c21or-350-2\/","title":{"rendered":"POLISPORT TELESZK\u00d3POS \/ LENG\u00c9SCSILL\u00c1T\u00d3 BURKOLATOK KTM SX\/SXF `15-20 EXC\/EXCF `16-19, HUSQVARNA TC\/FC `15, G\u00c1Z G\u00c1Z EC250\/300 TPI `21 , EC-F 250\/SXF C`21OR 350"},"content":{"rendered":"<p>POLISPORT TELESZK\u00d3POS \/ LENG\u00c9SCSILL\u00c1T\u00d3 BURKOLATOK KTM SX\/SXF `15-20 EXC\/EXCF `16-19, HUSQVARNA TC\/FC `15, G\u00c1Z G\u00c1Z EC250\/300 TPI `21 , EC-F 250\/SXF C`21OR 350<\/p>\n<p>SKU: 8398600003<\/p>\n","protected":false},"excerpt":{"rendered":"<p>POLISPORT TELESZK\u00d3POS \/ LENG\u00c9SCSILL\u00c1T\u00d3 BURKOLATOK KTM SX\/SXF `15-20 EXC\/EXCF `16-19, HUSQVARNA TC\/FC `15, G\u00c1Z G\u00c1Z EC250\/300 TPI `21 , EC-F 250\/SXF C`21OR 350<\/p>\n","protected":false},"featured_media":17403,"comment_status":"closed","ping_status":"open","template":"","meta":{"_monsterinsights_skip_tracking":false,"_monsterinsights_sitenote_active":false,"_monsterinsights_sitenote_note":"","_monsterinsights_sitenote_category":0},"product_cat":[398,270,598],"product_tag":[],"class_list":{"0":"post-17406","1":"product","2":"type-product","3":"status-publish","4":"has-post-thumbnail","6":"product_cat-burkolatok","7":"product_cat-karosszeria","8":"product_cat-teleszkop-burkolat","9":"pa_marka-polisport","11":"first","12":"instock","13":"taxable","14":"shipping-taxable","15":"purchasable","16":"product-type-simple"},"yoast_head":"<!-- This site is optimized with the Yoast SEO Premium plugin v22.6 (Yoast SEO v22.6) - https:\/\/yoast.com\/wordpress\/plugins\/seo\/ -->\n<title>POLISPORT TELESZK\u00d3POS \/ LENG\u00c9SCSILL\u00c1T\u00d3 BURKOLATOK KTM SX\/SXF `15-20 EXC\/EXCF `16-19, HUSQVARNA TC\/FC `15, G\u00c1Z G\u00c1Z EC250\/300 TPI `21 , EC-F 250\/SXF C`21OR 350 - V3 ATV-PARTS.HU<\/title>\n<meta name=\"robots\" content=\"index, follow, max-snippet:-1, max-image-preview:large, max-video-preview:-1\" \/>\n<link rel=\"canonical\" href=\"https:\/\/v3.atv-parts.hu\/index.php\/termek\/polisport-teleszkopos-lengescsillato-burkolatok-ktm-sx-sxf-15-20-exc-excf-16-19-husqvarna-tc-fc-15-gaz-gaz-ec250-300-tpi-21-ec-f-250-sxf-c21or-350-2\/\" \/>\n<meta property=\"og:locale\" content=\"hu_HU\" \/>\n<meta property=\"og:type\" content=\"article\" \/>\n<meta property=\"og:title\" content=\"POLISPORT TELESZK\u00d3POS \/ LENG\u00c9SCSILL\u00c1T\u00d3 BURKOLATOK KTM SX\/SXF `15-20 EXC\/EXCF `16-19, HUSQVARNA TC\/FC `15, G\u00c1Z G\u00c1Z EC250\/300 TPI `21 , EC-F 250\/SXF C`21OR 350\" \/>\n<meta property=\"og:description\" content=\"POLISPORT TELESZK\u00d3POS \/ LENG\u00c9SCSILL\u00c1T\u00d3 BURKOLATOK KTM SX\/SXF `15-20 EXC\/EXCF `16-19, HUSQVARNA TC\/FC `15, G\u00c1Z G\u00c1Z EC250\/300 TPI `21 , EC-F 250\/SXF C`21OR 350\" \/>\n<meta property=\"og:url\" content=\"https:\/\/v3.atv-parts.hu\/index.php\/termek\/polisport-teleszkopos-lengescsillato-burkolatok-ktm-sx-sxf-15-20-exc-excf-16-19-husqvarna-tc-fc-15-gaz-gaz-ec250-300-tpi-21-ec-f-250-sxf-c21or-350-2\/\" \/>\n<meta property=\"og:site_name\" content=\"V3 ATV-PARTS.HU\" \/>\n<meta property=\"article:publisher\" content=\"https:\/\/www.facebook.com\/atvpartsHU\" \/>\n<meta property=\"article:modified_time\" content=\"2024-05-03T11:21:07+00:00\" \/>\n<meta property=\"og:image\" content=\"https:\/\/v3.atv-parts.hu\/wp-content\/uploads\/2024\/03\/polisport-oslony-teleskopow-amortyzatorow-ktm-sx.jpg\" \/>\n\t<meta property=\"og:image:width\" content=\"800\" \/>\n\t<meta property=\"og:image:height\" content=\"800\" \/>\n\t<meta property=\"og:image:type\" content=\"image\/jpeg\" \/>\n<meta name=\"twitter:card\" content=\"summary_large_image\" \/>\n<meta name=\"twitter:label1\" content=\"\u00c1r\" \/>\n\t<meta name=\"twitter:data1\" content=\"9504,68&nbsp;&#70;&#116; \u00c1F\u00c1-val\" \/>\n\t<meta name=\"twitter:label2\" content=\"El\u00e9rhet\u0151s\u00e9g\" \/>\n\t<meta name=\"twitter:data2\" content=\"K\u00e9szleten\" \/>\n<script type=\"application\/ld+json\" class=\"yoast-schema-graph\">{\"@context\":\"https:\/\/schema.org\",\"@graph\":[{\"@type\":\"WebPage\",\"@id\":\"https:\/\/v3.atv-parts.hu\/index.php\/termek\/polisport-teleszkopos-lengescsillato-burkolatok-ktm-sx-sxf-15-20-exc-excf-16-19-husqvarna-tc-fc-15-gaz-gaz-ec250-300-tpi-21-ec-f-250-sxf-c21or-350-2\/\",\"url\":\"https:\/\/v3.atv-parts.hu\/index.php\/termek\/polisport-teleszkopos-lengescsillato-burkolatok-ktm-sx-sxf-15-20-exc-excf-16-19-husqvarna-tc-fc-15-gaz-gaz-ec250-300-tpi-21-ec-f-250-sxf-c21or-350-2\/\",\"name\":\"POLISPORT TELESZK\u00d3POS \/ LENG\u00c9SCSILL\u00c1T\u00d3 BURKOLATOK KTM SX\/SXF `15-20 EXC\/EXCF `16-19, HUSQVARNA TC\/FC `15, G\u00c1Z G\u00c1Z EC250\/300 TPI `21 , EC-F 250\/SXF C`21OR 350 - V3 ATV-PARTS.HU\",\"isPartOf\":{\"@id\":\"https:\/\/v3.atv-parts.hu\/#website\"},\"primaryImageOfPage\":{\"@id\":\"https:\/\/v3.atv-parts.hu\/index.php\/termek\/polisport-teleszkopos-lengescsillato-burkolatok-ktm-sx-sxf-15-20-exc-excf-16-19-husqvarna-tc-fc-15-gaz-gaz-ec250-300-tpi-21-ec-f-250-sxf-c21or-350-2\/#primaryimage\"},\"image\":{\"@id\":\"https:\/\/v3.atv-parts.hu\/index.php\/termek\/polisport-teleszkopos-lengescsillato-burkolatok-ktm-sx-sxf-15-20-exc-excf-16-19-husqvarna-tc-fc-15-gaz-gaz-ec250-300-tpi-21-ec-f-250-sxf-c21or-350-2\/#primaryimage\"},\"thumbnailUrl\":\"https:\/\/v3.atv-parts.hu\/wp-content\/uploads\/2024\/03\/polisport-oslony-teleskopow-amortyzatorow-ktm-sx.jpg\",\"datePublished\":\"2024-04-02T15:30:04+00:00\",\"dateModified\":\"2024-05-03T11:21:07+00:00\",\"breadcrumb\":{\"@id\":\"https:\/\/v3.atv-parts.hu\/index.php\/termek\/polisport-teleszkopos-lengescsillato-burkolatok-ktm-sx-sxf-15-20-exc-excf-16-19-husqvarna-tc-fc-15-gaz-gaz-ec250-300-tpi-21-ec-f-250-sxf-c21or-350-2\/#breadcrumb\"},\"inLanguage\":\"hu\",\"potentialAction\":[{\"@type\":\"ReadAction\",\"target\":[\"https:\/\/v3.atv-parts.hu\/index.php\/termek\/polisport-teleszkopos-lengescsillato-burkolatok-ktm-sx-sxf-15-20-exc-excf-16-19-husqvarna-tc-fc-15-gaz-gaz-ec250-300-tpi-21-ec-f-250-sxf-c21or-350-2\/\"]}]},{\"@type\":\"ImageObject\",\"inLanguage\":\"hu\",\"@id\":\"https:\/\/v3.atv-parts.hu\/index.php\/termek\/polisport-teleszkopos-lengescsillato-burkolatok-ktm-sx-sxf-15-20-exc-excf-16-19-husqvarna-tc-fc-15-gaz-gaz-ec250-300-tpi-21-ec-f-250-sxf-c21or-350-2\/#primaryimage\",\"url\":\"https:\/\/v3.atv-parts.hu\/wp-content\/uploads\/2024\/03\/polisport-oslony-teleskopow-amortyzatorow-ktm-sx.jpg\",\"contentUrl\":\"https:\/\/v3.atv-parts.hu\/wp-content\/uploads\/2024\/03\/polisport-oslony-teleskopow-amortyzatorow-ktm-sx.jpg\",\"width\":800,\"height\":800},{\"@type\":\"BreadcrumbList\",\"@id\":\"https:\/\/v3.atv-parts.hu\/index.php\/termek\/polisport-teleszkopos-lengescsillato-burkolatok-ktm-sx-sxf-15-20-exc-excf-16-19-husqvarna-tc-fc-15-gaz-gaz-ec250-300-tpi-21-ec-f-250-sxf-c21or-350-2\/#breadcrumb\",\"itemListElement\":[{\"@type\":\"ListItem\",\"position\":1,\"name\":\"Kezd\u0151lap\",\"item\":\"https:\/\/v3.atv-parts.hu\/\"},{\"@type\":\"ListItem\",\"position\":2,\"name\":\"Bolt\",\"item\":\"https:\/\/v3.atv-parts.hu\/index.php\/bolt\/\"},{\"@type\":\"ListItem\",\"position\":3,\"name\":\"POLISPORT TELESZK\u00d3POS \/ LENG\u00c9SCSILL\u00c1T\u00d3 BURKOLATOK KTM SX\/SXF `15-20 EXC\/EXCF `16-19, HUSQVARNA TC\/FC `15, G\u00c1Z G\u00c1Z EC250\/300 TPI `21 , EC-F 250\/SXF C`21OR 350\"}]},{\"@type\":\"WebSite\",\"@id\":\"https:\/\/v3.atv-parts.hu\/#website\",\"url\":\"https:\/\/v3.atv-parts.hu\/\",\"name\":\"V3 ATV-PARTS.HU\",\"description\":\"\",\"publisher\":{\"@id\":\"https:\/\/v3.atv-parts.hu\/#organization\"},\"potentialAction\":[{\"@type\":\"SearchAction\",\"target\":{\"@type\":\"EntryPoint\",\"urlTemplate\":\"https:\/\/v3.atv-parts.hu\/?s={search_term_string}\"},\"query-input\":\"required name=search_term_string\"}],\"inLanguage\":\"hu\"},{\"@type\":\"Organization\",\"@id\":\"https:\/\/v3.atv-parts.hu\/#organization\",\"name\":\"V3 ATV-PARTS.HU\",\"url\":\"https:\/\/v3.atv-parts.hu\/\",\"logo\":{\"@type\":\"ImageObject\",\"inLanguage\":\"hu\",\"@id\":\"https:\/\/v3.atv-parts.hu\/#\/schema\/logo\/image\/\",\"url\":\"https:\/\/v3.atv-parts.hu\/wp-content\/uploads\/2021\/02\/cropped-cropped-atvlogo-1-1-1.png\",\"contentUrl\":\"https:\/\/v3.atv-parts.hu\/wp-content\/uploads\/2021\/02\/cropped-cropped-atvlogo-1-1-1.png\",\"width\":267,\"height\":160,\"caption\":\"V3 ATV-PARTS.HU\"},\"image\":{\"@id\":\"https:\/\/v3.atv-parts.hu\/#\/schema\/logo\/image\/\"},\"sameAs\":[\"https:\/\/www.facebook.com\/atvpartsHU\"]}]}<\/script>\n<meta property=\"product:price:amount\" content=\"9504.68\" \/>\n<meta property=\"product:price:currency\" content=\"HUF\" \/>\n<meta property=\"og:availability\" content=\"instock\" \/>\n<meta property=\"product:availability\" content=\"instock\" \/>\n<meta property=\"product:retailer_item_id\" content=\"8398600003\" \/>\n<meta property=\"product:condition\" content=\"new\" \/>\n<!-- \/ Yoast SEO Premium plugin. -->","yoast_head_json":{"title":"POLISPORT TELESZK\u00d3POS \/ LENG\u00c9SCSILL\u00c1T\u00d3 BURKOLATOK KTM SX\/SXF `15-20 EXC\/EXCF `16-19, HUSQVARNA TC\/FC `15, G\u00c1Z G\u00c1Z EC250\/300 TPI `21 , EC-F 250\/SXF C`21OR 350 - V3 ATV-PARTS.HU","robots":{"index":"index","follow":"follow","max-snippet":"max-snippet:-1","max-image-preview":"max-image-preview:large","max-video-preview":"max-video-preview:-1"},"canonical":"https:\/\/v3.atv-parts.hu\/index.php\/termek\/polisport-teleszkopos-lengescsillato-burkolatok-ktm-sx-sxf-15-20-exc-excf-16-19-husqvarna-tc-fc-15-gaz-gaz-ec250-300-tpi-21-ec-f-250-sxf-c21or-350-2\/","og_locale":"hu_HU","og_type":"article","og_title":"POLISPORT TELESZK\u00d3POS \/ LENG\u00c9SCSILL\u00c1T\u00d3 BURKOLATOK KTM SX\/SXF `15-20 EXC\/EXCF `16-19, HUSQVARNA TC\/FC `15, G\u00c1Z G\u00c1Z EC250\/300 TPI `21 , EC-F 250\/SXF C`21OR 350","og_description":"POLISPORT TELESZK\u00d3POS \/ LENG\u00c9SCSILL\u00c1T\u00d3 BURKOLATOK KTM SX\/SXF `15-20 EXC\/EXCF `16-19, HUSQVARNA TC\/FC `15, G\u00c1Z G\u00c1Z EC250\/300 TPI `21 , EC-F 250\/SXF C`21OR 350","og_url":"https:\/\/v3.atv-parts.hu\/index.php\/termek\/polisport-teleszkopos-lengescsillato-burkolatok-ktm-sx-sxf-15-20-exc-excf-16-19-husqvarna-tc-fc-15-gaz-gaz-ec250-300-tpi-21-ec-f-250-sxf-c21or-350-2\/","og_site_name":"V3 ATV-PARTS.HU","article_publisher":"https:\/\/www.facebook.com\/atvpartsHU","article_modified_time":"2024-05-03T11:21:07+00:00","og_image":[{"width":800,"height":800,"url":"https:\/\/v3.atv-parts.hu\/wp-content\/uploads\/2024\/03\/polisport-oslony-teleskopow-amortyzatorow-ktm-sx.jpg","type":"image\/jpeg"}],"twitter_card":"summary_large_image","twitter_misc":{"\u00c1r":"9504,68&nbsp;&#70;&#116; \u00c1F\u00c1-val","El\u00e9rhet\u0151s\u00e9g":"K\u00e9szleten"},"schema":{"@context":"https:\/\/schema.org","@graph":[{"@type":"WebPage","@id":"https:\/\/v3.atv-parts.hu\/index.php\/termek\/polisport-teleszkopos-lengescsillato-burkolatok-ktm-sx-sxf-15-20-exc-excf-16-19-husqvarna-tc-fc-15-gaz-gaz-ec250-300-tpi-21-ec-f-250-sxf-c21or-350-2\/","url":"https:\/\/v3.atv-parts.hu\/index.php\/termek\/polisport-teleszkopos-lengescsillato-burkolatok-ktm-sx-sxf-15-20-exc-excf-16-19-husqvarna-tc-fc-15-gaz-gaz-ec250-300-tpi-21-ec-f-250-sxf-c21or-350-2\/","name":"POLISPORT TELESZK\u00d3POS \/ LENG\u00c9SCSILL\u00c1T\u00d3 BURKOLATOK KTM SX\/SXF `15-20 EXC\/EXCF `16-19, HUSQVARNA TC\/FC `15, G\u00c1Z G\u00c1Z EC250\/300 TPI `21 , EC-F 250\/SXF C`21OR 350 - V3 ATV-PARTS.HU","isPartOf":{"@id":"https:\/\/v3.atv-parts.hu\/#website"},"primaryImageOfPage":{"@id":"https:\/\/v3.atv-parts.hu\/index.php\/termek\/polisport-teleszkopos-lengescsillato-burkolatok-ktm-sx-sxf-15-20-exc-excf-16-19-husqvarna-tc-fc-15-gaz-gaz-ec250-300-tpi-21-ec-f-250-sxf-c21or-350-2\/#primaryimage"},"image":{"@id":"https:\/\/v3.atv-parts.hu\/index.php\/termek\/polisport-teleszkopos-lengescsillato-burkolatok-ktm-sx-sxf-15-20-exc-excf-16-19-husqvarna-tc-fc-15-gaz-gaz-ec250-300-tpi-21-ec-f-250-sxf-c21or-350-2\/#primaryimage"},"thumbnailUrl":"https:\/\/v3.atv-parts.hu\/wp-content\/uploads\/2024\/03\/polisport-oslony-teleskopow-amortyzatorow-ktm-sx.jpg","datePublished":"2024-04-02T15:30:04+00:00","dateModified":"2024-05-03T11:21:07+00:00","breadcrumb":{"@id":"https:\/\/v3.atv-parts.hu\/index.php\/termek\/polisport-teleszkopos-lengescsillato-burkolatok-ktm-sx-sxf-15-20-exc-excf-16-19-husqvarna-tc-fc-15-gaz-gaz-ec250-300-tpi-21-ec-f-250-sxf-c21or-350-2\/#breadcrumb"},"inLanguage":"hu","potentialAction":[{"@type":"ReadAction","target":["https:\/\/v3.atv-parts.hu\/index.php\/termek\/polisport-teleszkopos-lengescsillato-burkolatok-ktm-sx-sxf-15-20-exc-excf-16-19-husqvarna-tc-fc-15-gaz-gaz-ec250-300-tpi-21-ec-f-250-sxf-c21or-350-2\/"]}]},{"@type":"ImageObject","inLanguage":"hu","@id":"https:\/\/v3.atv-parts.hu\/index.php\/termek\/polisport-teleszkopos-lengescsillato-burkolatok-ktm-sx-sxf-15-20-exc-excf-16-19-husqvarna-tc-fc-15-gaz-gaz-ec250-300-tpi-21-ec-f-250-sxf-c21or-350-2\/#primaryimage","url":"https:\/\/v3.atv-parts.hu\/wp-content\/uploads\/2024\/03\/polisport-oslony-teleskopow-amortyzatorow-ktm-sx.jpg","contentUrl":"https:\/\/v3.atv-parts.hu\/wp-content\/uploads\/2024\/03\/polisport-oslony-teleskopow-amortyzatorow-ktm-sx.jpg","width":800,"height":800},{"@type":"BreadcrumbList","@id":"https:\/\/v3.atv-parts.hu\/index.php\/termek\/polisport-teleszkopos-lengescsillato-burkolatok-ktm-sx-sxf-15-20-exc-excf-16-19-husqvarna-tc-fc-15-gaz-gaz-ec250-300-tpi-21-ec-f-250-sxf-c21or-350-2\/#breadcrumb","itemListElement":[{"@type":"ListItem","position":1,"name":"Kezd\u0151lap","item":"https:\/\/v3.atv-parts.hu\/"},{"@type":"ListItem","position":2,"name":"Bolt","item":"https:\/\/v3.atv-parts.hu\/index.php\/bolt\/"},{"@type":"ListItem","position":3,"name":"POLISPORT TELESZK\u00d3POS \/ LENG\u00c9SCSILL\u00c1T\u00d3 BURKOLATOK KTM SX\/SXF `15-20 EXC\/EXCF `16-19, HUSQVARNA TC\/FC `15, G\u00c1Z G\u00c1Z EC250\/300 TPI `21 , EC-F 250\/SXF C`21OR 350"}]},{"@type":"WebSite","@id":"https:\/\/v3.atv-parts.hu\/#website","url":"https:\/\/v3.atv-parts.hu\/","name":"V3 ATV-PARTS.HU","description":"","publisher":{"@id":"https:\/\/v3.atv-parts.hu\/#organization"},"potentialAction":[{"@type":"SearchAction","target":{"@type":"EntryPoint","urlTemplate":"https:\/\/v3.atv-parts.hu\/?s={search_term_string}"},"query-input":"required name=search_term_string"}],"inLanguage":"hu"},{"@type":"Organization","@id":"https:\/\/v3.atv-parts.hu\/#organization","name":"V3 ATV-PARTS.HU","url":"https:\/\/v3.atv-parts.hu\/","logo":{"@type":"ImageObject","inLanguage":"hu","@id":"https:\/\/v3.atv-parts.hu\/#\/schema\/logo\/image\/","url":"https:\/\/v3.atv-parts.hu\/wp-content\/uploads\/2021\/02\/cropped-cropped-atvlogo-1-1-1.png","contentUrl":"https:\/\/v3.atv-parts.hu\/wp-content\/uploads\/2021\/02\/cropped-cropped-atvlogo-1-1-1.png","width":267,"height":160,"caption":"V3 ATV-PARTS.HU"},"image":{"@id":"https:\/\/v3.atv-parts.hu\/#\/schema\/logo\/image\/"},"sameAs":["https:\/\/www.facebook.com\/atvpartsHU"]}]},"product_price_amount":"9504.68","product_price_currency":"HUF","og_availability":"instock","product_availability":"instock","product_retailer_item_id":"8398600003","product_condition":"new"},"_links":{"self":[{"href":"https:\/\/v3.atv-parts.hu\/index.php\/wp-json\/wp\/v2\/product\/17406","targetHints":{"allow":["GET"]}}],"collection":[{"href":"https:\/\/v3.atv-parts.hu\/index.php\/wp-json\/wp\/v2\/product"}],"about":[{"href":"https:\/\/v3.atv-parts.hu\/index.php\/wp-json\/wp\/v2\/types\/product"}],"replies":[{"embeddable":true,"href":"https:\/\/v3.atv-parts.hu\/index.php\/wp-json\/wp\/v2\/comments?post=17406"}],"wp:featuredmedia":[{"embeddable":true,"href":"https:\/\/v3.atv-parts.hu\/index.php\/wp-json\/wp\/v2\/media\/17403"}],"wp:attachment":[{"href":"https:\/\/v3.atv-parts.hu\/index.php\/wp-json\/wp\/v2\/media?parent=17406"}],"wp:term":[{"taxonomy":"product_cat","embeddable":true,"href":"https:\/\/v3.atv-parts.hu\/index.php\/wp-json\/wp\/v2\/product_cat?post=17406"},{"taxonomy":"product_tag","embeddable":true,"href":"https:\/\/v3.atv-parts.hu\/index.php\/wp-json\/wp\/v2\/product_tag?post=17406"}],"curies":[{"name":"wp","href":"https:\/\/api.w.org\/{rel}","templated":true}]}}