{"id":24173,"date":"2024-03-26T20:48:43","date_gmt":"2024-03-26T19:48:43","guid":{"rendered":"https:\/\/v3.atv-parts.hu\/index.php\/termek\/athena-olajszuro-gaz-honda-kawasaki-polaris-suzuki-hf112\/"},"modified":"2024-09-14T08:02:52","modified_gmt":"2024-09-14T06:02:52","slug":"athena-olajszuro-gaz-honda-kawasaki-polaris-suzuki-hf112","status":"publish","type":"product","link":"https:\/\/v3.atv-parts.hu\/index.php\/termek\/athena-olajszuro-gaz-honda-kawasaki-polaris-suzuki-hf112\/","title":{"rendered":"ATHENA OLAJSZ\u0170R\u0150 G\u00c1Z, HONDA, KAWASAKI, POLARIS, SUZUKI (HF112)"},"content":{"rendered":"<p>ATHENA OLAJSZ\u0170R\u0150 G\u00c1Z, HONDA, KAWASAKI, POLARIS, SUZUKI (HF112)<\/p>\n<p>EAN: 8050444897263<\/p>\n<p>SKU: FFC022<\/p>\n","protected":false},"excerpt":{"rendered":"<p>ATHENA OLAJSZ\u0170R\u0150 G\u00c1Z, HONDA, KAWASAKI, POLARIS, SUZUKI (HF112)<\/p>\n","protected":false},"featured_media":24174,"comment_status":"closed","ping_status":"open","template":"","meta":{"_monsterinsights_skip_tracking":false,"_monsterinsights_sitenote_active":false,"_monsterinsights_sitenote_note":"","_monsterinsights_sitenote_category":0},"product_cat":[566,556],"product_tag":[156,181],"class_list":{"0":"post-24173","1":"product","2":"type-product","3":"status-publish","4":"has-post-thumbnail","6":"product_cat-olajszurok","7":"product_cat-szurok","8":"product_tag-atv","9":"product_tag-polaris","10":"pa_marka-athena","12":"first","13":"instock","14":"taxable","15":"shipping-taxable","16":"purchasable","17":"product-type-simple"},"yoast_head":"<!-- This site is optimized with the Yoast SEO Premium plugin v22.6 (Yoast SEO v22.6) - https:\/\/yoast.com\/wordpress\/plugins\/seo\/ -->\n<title>ATHENA OLAJSZ\u0170R\u0150 G\u00c1Z, HONDA, KAWASAKI, POLARIS, SUZUKI (HF112) - V3 ATV-PARTS.HU<\/title>\n<meta name=\"robots\" content=\"index, follow, max-snippet:-1, max-image-preview:large, max-video-preview:-1\" \/>\n<link rel=\"canonical\" href=\"https:\/\/v3.atv-parts.hu\/index.php\/termek\/athena-olajszuro-gaz-honda-kawasaki-polaris-suzuki-hf112\/\" \/>\n<meta property=\"og:locale\" content=\"hu_HU\" \/>\n<meta property=\"og:type\" content=\"article\" \/>\n<meta property=\"og:title\" content=\"ATHENA OLAJSZ\u0170R\u0150 G\u00c1Z, HONDA, KAWASAKI, POLARIS, SUZUKI (HF112)\" \/>\n<meta property=\"og:description\" content=\"ATHENA OLAJSZ\u0170R\u0150 G\u00c1Z, HONDA, KAWASAKI, POLARIS, SUZUKI (HF112)\" \/>\n<meta property=\"og:url\" content=\"https:\/\/v3.atv-parts.hu\/index.php\/termek\/athena-olajszuro-gaz-honda-kawasaki-polaris-suzuki-hf112\/\" \/>\n<meta property=\"og:site_name\" content=\"V3 ATV-PARTS.HU\" \/>\n<meta property=\"article:publisher\" content=\"https:\/\/www.facebook.com\/atvpartsHU\" \/>\n<meta property=\"article:modified_time\" content=\"2024-09-14T06:02:52+00:00\" \/>\n<meta property=\"og:image\" content=\"https:\/\/v3.atv-parts.hu\/wp-content\/uploads\/2024\/03\/athena-filtr-oleju-gas-gas-honda-kawasaki-polar.jpg\" \/>\n\t<meta property=\"og:image:width\" content=\"1000\" \/>\n\t<meta property=\"og:image:height\" content=\"1144\" \/>\n\t<meta property=\"og:image:type\" content=\"image\/jpeg\" \/>\n<meta name=\"twitter:card\" content=\"summary_large_image\" \/>\n<meta name=\"twitter:label1\" content=\"\u00c1r\" \/>\n\t<meta name=\"twitter:data1\" content=\"1021,08&nbsp;&#70;&#116; \u00c1F\u00c1-val\" \/>\n\t<meta name=\"twitter:label2\" content=\"El\u00e9rhet\u0151s\u00e9g\" \/>\n\t<meta name=\"twitter:data2\" content=\"K\u00e9szleten\" \/>\n<script type=\"application\/ld+json\" class=\"yoast-schema-graph\">{\"@context\":\"https:\/\/schema.org\",\"@graph\":[{\"@type\":\"WebPage\",\"@id\":\"https:\/\/v3.atv-parts.hu\/index.php\/termek\/athena-olajszuro-gaz-honda-kawasaki-polaris-suzuki-hf112\/\",\"url\":\"https:\/\/v3.atv-parts.hu\/index.php\/termek\/athena-olajszuro-gaz-honda-kawasaki-polaris-suzuki-hf112\/\",\"name\":\"ATHENA OLAJSZ\u0170R\u0150 G\u00c1Z, HONDA, KAWASAKI, POLARIS, SUZUKI (HF112) - V3 ATV-PARTS.HU\",\"isPartOf\":{\"@id\":\"https:\/\/v3.atv-parts.hu\/#website\"},\"primaryImageOfPage\":{\"@id\":\"https:\/\/v3.atv-parts.hu\/index.php\/termek\/athena-olajszuro-gaz-honda-kawasaki-polaris-suzuki-hf112\/#primaryimage\"},\"image\":{\"@id\":\"https:\/\/v3.atv-parts.hu\/index.php\/termek\/athena-olajszuro-gaz-honda-kawasaki-polaris-suzuki-hf112\/#primaryimage\"},\"thumbnailUrl\":\"https:\/\/v3.atv-parts.hu\/wp-content\/uploads\/2024\/03\/athena-filtr-oleju-gas-gas-honda-kawasaki-polar.jpg\",\"datePublished\":\"2024-03-26T19:48:43+00:00\",\"dateModified\":\"2024-09-14T06:02:52+00:00\",\"breadcrumb\":{\"@id\":\"https:\/\/v3.atv-parts.hu\/index.php\/termek\/athena-olajszuro-gaz-honda-kawasaki-polaris-suzuki-hf112\/#breadcrumb\"},\"inLanguage\":\"hu\",\"potentialAction\":[{\"@type\":\"ReadAction\",\"target\":[\"https:\/\/v3.atv-parts.hu\/index.php\/termek\/athena-olajszuro-gaz-honda-kawasaki-polaris-suzuki-hf112\/\"]}]},{\"@type\":\"ImageObject\",\"inLanguage\":\"hu\",\"@id\":\"https:\/\/v3.atv-parts.hu\/index.php\/termek\/athena-olajszuro-gaz-honda-kawasaki-polaris-suzuki-hf112\/#primaryimage\",\"url\":\"https:\/\/v3.atv-parts.hu\/wp-content\/uploads\/2024\/03\/athena-filtr-oleju-gas-gas-honda-kawasaki-polar.jpg\",\"contentUrl\":\"https:\/\/v3.atv-parts.hu\/wp-content\/uploads\/2024\/03\/athena-filtr-oleju-gas-gas-honda-kawasaki-polar.jpg\",\"width\":1000,\"height\":1144},{\"@type\":\"BreadcrumbList\",\"@id\":\"https:\/\/v3.atv-parts.hu\/index.php\/termek\/athena-olajszuro-gaz-honda-kawasaki-polaris-suzuki-hf112\/#breadcrumb\",\"itemListElement\":[{\"@type\":\"ListItem\",\"position\":1,\"name\":\"Kezd\u0151lap\",\"item\":\"https:\/\/v3.atv-parts.hu\/\"},{\"@type\":\"ListItem\",\"position\":2,\"name\":\"Bolt\",\"item\":\"https:\/\/v3.atv-parts.hu\/index.php\/bolt\/\"},{\"@type\":\"ListItem\",\"position\":3,\"name\":\"ATHENA OLAJSZ\u0170R\u0150 G\u00c1Z, HONDA, KAWASAKI, POLARIS, SUZUKI (HF112)\"}]},{\"@type\":\"WebSite\",\"@id\":\"https:\/\/v3.atv-parts.hu\/#website\",\"url\":\"https:\/\/v3.atv-parts.hu\/\",\"name\":\"V3 ATV-PARTS.HU\",\"description\":\"\",\"publisher\":{\"@id\":\"https:\/\/v3.atv-parts.hu\/#organization\"},\"potentialAction\":[{\"@type\":\"SearchAction\",\"target\":{\"@type\":\"EntryPoint\",\"urlTemplate\":\"https:\/\/v3.atv-parts.hu\/?s={search_term_string}\"},\"query-input\":\"required name=search_term_string\"}],\"inLanguage\":\"hu\"},{\"@type\":\"Organization\",\"@id\":\"https:\/\/v3.atv-parts.hu\/#organization\",\"name\":\"V3 ATV-PARTS.HU\",\"url\":\"https:\/\/v3.atv-parts.hu\/\",\"logo\":{\"@type\":\"ImageObject\",\"inLanguage\":\"hu\",\"@id\":\"https:\/\/v3.atv-parts.hu\/#\/schema\/logo\/image\/\",\"url\":\"https:\/\/v3.atv-parts.hu\/wp-content\/uploads\/2021\/02\/cropped-cropped-atvlogo-1-1-1.png\",\"contentUrl\":\"https:\/\/v3.atv-parts.hu\/wp-content\/uploads\/2021\/02\/cropped-cropped-atvlogo-1-1-1.png\",\"width\":267,\"height\":160,\"caption\":\"V3 ATV-PARTS.HU\"},\"image\":{\"@id\":\"https:\/\/v3.atv-parts.hu\/#\/schema\/logo\/image\/\"},\"sameAs\":[\"https:\/\/www.facebook.com\/atvpartsHU\"]}]}<\/script>\n<meta property=\"product:price:amount\" content=\"1021.08\" \/>\n<meta property=\"product:price:currency\" content=\"HUF\" \/>\n<meta property=\"og:availability\" content=\"instock\" \/>\n<meta property=\"product:availability\" content=\"instock\" \/>\n<meta property=\"product:retailer_item_id\" content=\"FFC022\" \/>\n<meta property=\"product:condition\" content=\"new\" \/>\n<!-- \/ Yoast SEO Premium plugin. -->","yoast_head_json":{"title":"ATHENA OLAJSZ\u0170R\u0150 G\u00c1Z, HONDA, KAWASAKI, POLARIS, SUZUKI (HF112) - V3 ATV-PARTS.HU","robots":{"index":"index","follow":"follow","max-snippet":"max-snippet:-1","max-image-preview":"max-image-preview:large","max-video-preview":"max-video-preview:-1"},"canonical":"https:\/\/v3.atv-parts.hu\/index.php\/termek\/athena-olajszuro-gaz-honda-kawasaki-polaris-suzuki-hf112\/","og_locale":"hu_HU","og_type":"article","og_title":"ATHENA OLAJSZ\u0170R\u0150 G\u00c1Z, HONDA, KAWASAKI, POLARIS, SUZUKI (HF112)","og_description":"ATHENA OLAJSZ\u0170R\u0150 G\u00c1Z, HONDA, KAWASAKI, POLARIS, SUZUKI (HF112)","og_url":"https:\/\/v3.atv-parts.hu\/index.php\/termek\/athena-olajszuro-gaz-honda-kawasaki-polaris-suzuki-hf112\/","og_site_name":"V3 ATV-PARTS.HU","article_publisher":"https:\/\/www.facebook.com\/atvpartsHU","article_modified_time":"2024-09-14T06:02:52+00:00","og_image":[{"width":1000,"height":1144,"url":"https:\/\/v3.atv-parts.hu\/wp-content\/uploads\/2024\/03\/athena-filtr-oleju-gas-gas-honda-kawasaki-polar.jpg","type":"image\/jpeg"}],"twitter_card":"summary_large_image","twitter_misc":{"\u00c1r":"1021,08&nbsp;&#70;&#116; \u00c1F\u00c1-val","El\u00e9rhet\u0151s\u00e9g":"K\u00e9szleten"},"schema":{"@context":"https:\/\/schema.org","@graph":[{"@type":"WebPage","@id":"https:\/\/v3.atv-parts.hu\/index.php\/termek\/athena-olajszuro-gaz-honda-kawasaki-polaris-suzuki-hf112\/","url":"https:\/\/v3.atv-parts.hu\/index.php\/termek\/athena-olajszuro-gaz-honda-kawasaki-polaris-suzuki-hf112\/","name":"ATHENA OLAJSZ\u0170R\u0150 G\u00c1Z, HONDA, KAWASAKI, POLARIS, SUZUKI (HF112) - V3 ATV-PARTS.HU","isPartOf":{"@id":"https:\/\/v3.atv-parts.hu\/#website"},"primaryImageOfPage":{"@id":"https:\/\/v3.atv-parts.hu\/index.php\/termek\/athena-olajszuro-gaz-honda-kawasaki-polaris-suzuki-hf112\/#primaryimage"},"image":{"@id":"https:\/\/v3.atv-parts.hu\/index.php\/termek\/athena-olajszuro-gaz-honda-kawasaki-polaris-suzuki-hf112\/#primaryimage"},"thumbnailUrl":"https:\/\/v3.atv-parts.hu\/wp-content\/uploads\/2024\/03\/athena-filtr-oleju-gas-gas-honda-kawasaki-polar.jpg","datePublished":"2024-03-26T19:48:43+00:00","dateModified":"2024-09-14T06:02:52+00:00","breadcrumb":{"@id":"https:\/\/v3.atv-parts.hu\/index.php\/termek\/athena-olajszuro-gaz-honda-kawasaki-polaris-suzuki-hf112\/#breadcrumb"},"inLanguage":"hu","potentialAction":[{"@type":"ReadAction","target":["https:\/\/v3.atv-parts.hu\/index.php\/termek\/athena-olajszuro-gaz-honda-kawasaki-polaris-suzuki-hf112\/"]}]},{"@type":"ImageObject","inLanguage":"hu","@id":"https:\/\/v3.atv-parts.hu\/index.php\/termek\/athena-olajszuro-gaz-honda-kawasaki-polaris-suzuki-hf112\/#primaryimage","url":"https:\/\/v3.atv-parts.hu\/wp-content\/uploads\/2024\/03\/athena-filtr-oleju-gas-gas-honda-kawasaki-polar.jpg","contentUrl":"https:\/\/v3.atv-parts.hu\/wp-content\/uploads\/2024\/03\/athena-filtr-oleju-gas-gas-honda-kawasaki-polar.jpg","width":1000,"height":1144},{"@type":"BreadcrumbList","@id":"https:\/\/v3.atv-parts.hu\/index.php\/termek\/athena-olajszuro-gaz-honda-kawasaki-polaris-suzuki-hf112\/#breadcrumb","itemListElement":[{"@type":"ListItem","position":1,"name":"Kezd\u0151lap","item":"https:\/\/v3.atv-parts.hu\/"},{"@type":"ListItem","position":2,"name":"Bolt","item":"https:\/\/v3.atv-parts.hu\/index.php\/bolt\/"},{"@type":"ListItem","position":3,"name":"ATHENA OLAJSZ\u0170R\u0150 G\u00c1Z, HONDA, KAWASAKI, POLARIS, SUZUKI (HF112)"}]},{"@type":"WebSite","@id":"https:\/\/v3.atv-parts.hu\/#website","url":"https:\/\/v3.atv-parts.hu\/","name":"V3 ATV-PARTS.HU","description":"","publisher":{"@id":"https:\/\/v3.atv-parts.hu\/#organization"},"potentialAction":[{"@type":"SearchAction","target":{"@type":"EntryPoint","urlTemplate":"https:\/\/v3.atv-parts.hu\/?s={search_term_string}"},"query-input":"required name=search_term_string"}],"inLanguage":"hu"},{"@type":"Organization","@id":"https:\/\/v3.atv-parts.hu\/#organization","name":"V3 ATV-PARTS.HU","url":"https:\/\/v3.atv-parts.hu\/","logo":{"@type":"ImageObject","inLanguage":"hu","@id":"https:\/\/v3.atv-parts.hu\/#\/schema\/logo\/image\/","url":"https:\/\/v3.atv-parts.hu\/wp-content\/uploads\/2021\/02\/cropped-cropped-atvlogo-1-1-1.png","contentUrl":"https:\/\/v3.atv-parts.hu\/wp-content\/uploads\/2021\/02\/cropped-cropped-atvlogo-1-1-1.png","width":267,"height":160,"caption":"V3 ATV-PARTS.HU"},"image":{"@id":"https:\/\/v3.atv-parts.hu\/#\/schema\/logo\/image\/"},"sameAs":["https:\/\/www.facebook.com\/atvpartsHU"]}]},"product_price_amount":"1021.08","product_price_currency":"HUF","og_availability":"instock","product_availability":"instock","product_retailer_item_id":"FFC022","product_condition":"new"},"_links":{"self":[{"href":"https:\/\/v3.atv-parts.hu\/index.php\/wp-json\/wp\/v2\/product\/24173","targetHints":{"allow":["GET"]}}],"collection":[{"href":"https:\/\/v3.atv-parts.hu\/index.php\/wp-json\/wp\/v2\/product"}],"about":[{"href":"https:\/\/v3.atv-parts.hu\/index.php\/wp-json\/wp\/v2\/types\/product"}],"replies":[{"embeddable":true,"href":"https:\/\/v3.atv-parts.hu\/index.php\/wp-json\/wp\/v2\/comments?post=24173"}],"wp:featuredmedia":[{"embeddable":true,"href":"https:\/\/v3.atv-parts.hu\/index.php\/wp-json\/wp\/v2\/media\/24174"}],"wp:attachment":[{"href":"https:\/\/v3.atv-parts.hu\/index.php\/wp-json\/wp\/v2\/media?parent=24173"}],"wp:term":[{"taxonomy":"product_cat","embeddable":true,"href":"https:\/\/v3.atv-parts.hu\/index.php\/wp-json\/wp\/v2\/product_cat?post=24173"},{"taxonomy":"product_tag","embeddable":true,"href":"https:\/\/v3.atv-parts.hu\/index.php\/wp-json\/wp\/v2\/product_tag?post=24173"}],"curies":[{"name":"wp","href":"https:\/\/api.w.org\/{rel}","templated":true}]}}