{"id":26838,"date":"2024-03-26T21:40:27","date_gmt":"2024-03-26T20:40:27","guid":{"rendered":"https:\/\/v3.atv-parts.hu\/index.php\/termek\/ufo-inditvany-kawasaki-kx-125-250-500-89-95-fekete\/"},"modified":"2024-07-19T08:00:47","modified_gmt":"2024-07-19T06:00:47","slug":"ufo-inditvany-kawasaki-kx-125-250-500-89-95-fekete","status":"publish","type":"product","link":"https:\/\/v3.atv-parts.hu\/index.php\/termek\/ufo-inditvany-kawasaki-kx-125-250-500-89-95-fekete\/","title":{"rendered":"UFO IND\u00cdTV\u00c1NY KAWASAKI KX 125\/250\/500 &#8217;89 -&#8217;95 FEKETE"},"content":{"rendered":"<p>UFO IND\u00cdTV\u00c1NY KAWASAKI KX 125\/250\/500 &#8217;89 -&#8217;95 FEKETE<\/p>\n<p>EAN: KA02720001<\/p>\n<p>SKU: KA02720001<\/p>\n","protected":false},"excerpt":{"rendered":"<p>UFO IND\u00cdTV\u00c1NY KAWASAKI KX 125\/250\/500 &#8217;89 -&#8217;95 FEKETE<\/p>\n","protected":false},"featured_media":26827,"comment_status":"closed","ping_status":"open","template":"","meta":{"_monsterinsights_skip_tracking":false,"_monsterinsights_sitenote_active":false,"_monsterinsights_sitenote_note":"","_monsterinsights_sitenote_category":0},"product_cat":[398,270,626],"product_tag":[156,157,159,176],"class_list":{"0":"post-26838","1":"product","2":"type-product","3":"status-publish","4":"has-post-thumbnail","6":"product_cat-burkolatok","7":"product_cat-karosszeria","8":"product_cat-rajtszam-tabla","9":"product_tag-atv","10":"product_tag-cross","11":"product_tag-kawasaki","12":"product_tag-kx","13":"pa_marka-ufo","15":"first","16":"instock","17":"taxable","18":"shipping-taxable","19":"purchasable","20":"product-type-simple"},"yoast_head":"<!-- This site is optimized with the Yoast SEO Premium plugin v22.6 (Yoast SEO v22.6) - https:\/\/yoast.com\/wordpress\/plugins\/seo\/ -->\n<title>UFO IND\u00cdTV\u00c1NY KAWASAKI KX 125\/250\/500 &#039;89 -&#039;95 FEKETE - V3 ATV-PARTS.HU<\/title>\n<meta name=\"robots\" content=\"index, follow, max-snippet:-1, max-image-preview:large, max-video-preview:-1\" \/>\n<link rel=\"canonical\" href=\"https:\/\/v3.atv-parts.hu\/index.php\/termek\/ufo-inditvany-kawasaki-kx-125-250-500-89-95-fekete\/\" \/>\n<meta property=\"og:locale\" content=\"hu_HU\" \/>\n<meta property=\"og:type\" content=\"article\" \/>\n<meta property=\"og:title\" content=\"UFO IND\u00cdTV\u00c1NY KAWASAKI KX 125\/250\/500 &#039;89 -&#039;95 FEKETE\" \/>\n<meta property=\"og:description\" content=\"UFO IND\u00cdTV\u00c1NY KAWASAKI KX 125\/250\/500 &#039;89 -&#039;95 FEKETE\" \/>\n<meta property=\"og:url\" content=\"https:\/\/v3.atv-parts.hu\/index.php\/termek\/ufo-inditvany-kawasaki-kx-125-250-500-89-95-fekete\/\" \/>\n<meta property=\"og:site_name\" content=\"V3 ATV-PARTS.HU\" \/>\n<meta property=\"article:publisher\" content=\"https:\/\/www.facebook.com\/atvpartsHU\" \/>\n<meta property=\"article:modified_time\" content=\"2024-07-19T06:00:47+00:00\" \/>\n<meta property=\"og:image\" content=\"https:\/\/v3.atv-parts.hu\/wp-content\/uploads\/2024\/03\/ufo-tablica-na-numer-startowy-kawasaki-kx-125-250.jpg\" \/>\n\t<meta property=\"og:image:width\" content=\"960\" \/>\n\t<meta property=\"og:image:height\" content=\"640\" \/>\n\t<meta property=\"og:image:type\" content=\"image\/jpeg\" \/>\n<meta name=\"twitter:card\" content=\"summary_large_image\" \/>\n<meta name=\"twitter:label1\" content=\"\u00c1r\" \/>\n\t<meta name=\"twitter:data1\" content=\"8354,06&nbsp;&#70;&#116; \u00c1F\u00c1-val\" \/>\n\t<meta name=\"twitter:label2\" content=\"El\u00e9rhet\u0151s\u00e9g\" \/>\n\t<meta name=\"twitter:data2\" content=\"K\u00e9szleten\" \/>\n<script type=\"application\/ld+json\" class=\"yoast-schema-graph\">{\"@context\":\"https:\/\/schema.org\",\"@graph\":[{\"@type\":\"WebPage\",\"@id\":\"https:\/\/v3.atv-parts.hu\/index.php\/termek\/ufo-inditvany-kawasaki-kx-125-250-500-89-95-fekete\/\",\"url\":\"https:\/\/v3.atv-parts.hu\/index.php\/termek\/ufo-inditvany-kawasaki-kx-125-250-500-89-95-fekete\/\",\"name\":\"UFO IND\u00cdTV\u00c1NY KAWASAKI KX 125\/250\/500 '89 -'95 FEKETE - V3 ATV-PARTS.HU\",\"isPartOf\":{\"@id\":\"https:\/\/v3.atv-parts.hu\/#website\"},\"primaryImageOfPage\":{\"@id\":\"https:\/\/v3.atv-parts.hu\/index.php\/termek\/ufo-inditvany-kawasaki-kx-125-250-500-89-95-fekete\/#primaryimage\"},\"image\":{\"@id\":\"https:\/\/v3.atv-parts.hu\/index.php\/termek\/ufo-inditvany-kawasaki-kx-125-250-500-89-95-fekete\/#primaryimage\"},\"thumbnailUrl\":\"https:\/\/v3.atv-parts.hu\/wp-content\/uploads\/2024\/03\/ufo-tablica-na-numer-startowy-kawasaki-kx-125-250.jpg\",\"datePublished\":\"2024-03-26T20:40:27+00:00\",\"dateModified\":\"2024-07-19T06:00:47+00:00\",\"breadcrumb\":{\"@id\":\"https:\/\/v3.atv-parts.hu\/index.php\/termek\/ufo-inditvany-kawasaki-kx-125-250-500-89-95-fekete\/#breadcrumb\"},\"inLanguage\":\"hu\",\"potentialAction\":[{\"@type\":\"ReadAction\",\"target\":[\"https:\/\/v3.atv-parts.hu\/index.php\/termek\/ufo-inditvany-kawasaki-kx-125-250-500-89-95-fekete\/\"]}]},{\"@type\":\"ImageObject\",\"inLanguage\":\"hu\",\"@id\":\"https:\/\/v3.atv-parts.hu\/index.php\/termek\/ufo-inditvany-kawasaki-kx-125-250-500-89-95-fekete\/#primaryimage\",\"url\":\"https:\/\/v3.atv-parts.hu\/wp-content\/uploads\/2024\/03\/ufo-tablica-na-numer-startowy-kawasaki-kx-125-250.jpg\",\"contentUrl\":\"https:\/\/v3.atv-parts.hu\/wp-content\/uploads\/2024\/03\/ufo-tablica-na-numer-startowy-kawasaki-kx-125-250.jpg\",\"width\":960,\"height\":640},{\"@type\":\"BreadcrumbList\",\"@id\":\"https:\/\/v3.atv-parts.hu\/index.php\/termek\/ufo-inditvany-kawasaki-kx-125-250-500-89-95-fekete\/#breadcrumb\",\"itemListElement\":[{\"@type\":\"ListItem\",\"position\":1,\"name\":\"Kezd\u0151lap\",\"item\":\"https:\/\/v3.atv-parts.hu\/\"},{\"@type\":\"ListItem\",\"position\":2,\"name\":\"Bolt\",\"item\":\"https:\/\/v3.atv-parts.hu\/index.php\/bolt\/\"},{\"@type\":\"ListItem\",\"position\":3,\"name\":\"UFO IND\u00cdTV\u00c1NY KAWASAKI KX 125\/250\/500 &#8217;89 -&#8217;95 FEKETE\"}]},{\"@type\":\"WebSite\",\"@id\":\"https:\/\/v3.atv-parts.hu\/#website\",\"url\":\"https:\/\/v3.atv-parts.hu\/\",\"name\":\"V3 ATV-PARTS.HU\",\"description\":\"\",\"publisher\":{\"@id\":\"https:\/\/v3.atv-parts.hu\/#organization\"},\"potentialAction\":[{\"@type\":\"SearchAction\",\"target\":{\"@type\":\"EntryPoint\",\"urlTemplate\":\"https:\/\/v3.atv-parts.hu\/?s={search_term_string}\"},\"query-input\":\"required name=search_term_string\"}],\"inLanguage\":\"hu\"},{\"@type\":\"Organization\",\"@id\":\"https:\/\/v3.atv-parts.hu\/#organization\",\"name\":\"V3 ATV-PARTS.HU\",\"url\":\"https:\/\/v3.atv-parts.hu\/\",\"logo\":{\"@type\":\"ImageObject\",\"inLanguage\":\"hu\",\"@id\":\"https:\/\/v3.atv-parts.hu\/#\/schema\/logo\/image\/\",\"url\":\"https:\/\/v3.atv-parts.hu\/wp-content\/uploads\/2021\/02\/cropped-cropped-atvlogo-1-1-1.png\",\"contentUrl\":\"https:\/\/v3.atv-parts.hu\/wp-content\/uploads\/2021\/02\/cropped-cropped-atvlogo-1-1-1.png\",\"width\":267,\"height\":160,\"caption\":\"V3 ATV-PARTS.HU\"},\"image\":{\"@id\":\"https:\/\/v3.atv-parts.hu\/#\/schema\/logo\/image\/\"},\"sameAs\":[\"https:\/\/www.facebook.com\/atvpartsHU\"]}]}<\/script>\n<meta property=\"product:price:amount\" content=\"8354.06\" \/>\n<meta property=\"product:price:currency\" content=\"HUF\" \/>\n<meta property=\"og:availability\" content=\"instock\" \/>\n<meta property=\"product:availability\" content=\"instock\" \/>\n<meta property=\"product:retailer_item_id\" content=\"KA02720001\" \/>\n<meta property=\"product:condition\" content=\"new\" \/>\n<!-- \/ Yoast SEO Premium plugin. -->","yoast_head_json":{"title":"UFO IND\u00cdTV\u00c1NY KAWASAKI KX 125\/250\/500 '89 -'95 FEKETE - V3 ATV-PARTS.HU","robots":{"index":"index","follow":"follow","max-snippet":"max-snippet:-1","max-image-preview":"max-image-preview:large","max-video-preview":"max-video-preview:-1"},"canonical":"https:\/\/v3.atv-parts.hu\/index.php\/termek\/ufo-inditvany-kawasaki-kx-125-250-500-89-95-fekete\/","og_locale":"hu_HU","og_type":"article","og_title":"UFO IND\u00cdTV\u00c1NY KAWASAKI KX 125\/250\/500 '89 -'95 FEKETE","og_description":"UFO IND\u00cdTV\u00c1NY KAWASAKI KX 125\/250\/500 '89 -'95 FEKETE","og_url":"https:\/\/v3.atv-parts.hu\/index.php\/termek\/ufo-inditvany-kawasaki-kx-125-250-500-89-95-fekete\/","og_site_name":"V3 ATV-PARTS.HU","article_publisher":"https:\/\/www.facebook.com\/atvpartsHU","article_modified_time":"2024-07-19T06:00:47+00:00","og_image":[{"width":960,"height":640,"url":"https:\/\/v3.atv-parts.hu\/wp-content\/uploads\/2024\/03\/ufo-tablica-na-numer-startowy-kawasaki-kx-125-250.jpg","type":"image\/jpeg"}],"twitter_card":"summary_large_image","twitter_misc":{"\u00c1r":"8354,06&nbsp;&#70;&#116; \u00c1F\u00c1-val","El\u00e9rhet\u0151s\u00e9g":"K\u00e9szleten"},"schema":{"@context":"https:\/\/schema.org","@graph":[{"@type":"WebPage","@id":"https:\/\/v3.atv-parts.hu\/index.php\/termek\/ufo-inditvany-kawasaki-kx-125-250-500-89-95-fekete\/","url":"https:\/\/v3.atv-parts.hu\/index.php\/termek\/ufo-inditvany-kawasaki-kx-125-250-500-89-95-fekete\/","name":"UFO IND\u00cdTV\u00c1NY KAWASAKI KX 125\/250\/500 '89 -'95 FEKETE - V3 ATV-PARTS.HU","isPartOf":{"@id":"https:\/\/v3.atv-parts.hu\/#website"},"primaryImageOfPage":{"@id":"https:\/\/v3.atv-parts.hu\/index.php\/termek\/ufo-inditvany-kawasaki-kx-125-250-500-89-95-fekete\/#primaryimage"},"image":{"@id":"https:\/\/v3.atv-parts.hu\/index.php\/termek\/ufo-inditvany-kawasaki-kx-125-250-500-89-95-fekete\/#primaryimage"},"thumbnailUrl":"https:\/\/v3.atv-parts.hu\/wp-content\/uploads\/2024\/03\/ufo-tablica-na-numer-startowy-kawasaki-kx-125-250.jpg","datePublished":"2024-03-26T20:40:27+00:00","dateModified":"2024-07-19T06:00:47+00:00","breadcrumb":{"@id":"https:\/\/v3.atv-parts.hu\/index.php\/termek\/ufo-inditvany-kawasaki-kx-125-250-500-89-95-fekete\/#breadcrumb"},"inLanguage":"hu","potentialAction":[{"@type":"ReadAction","target":["https:\/\/v3.atv-parts.hu\/index.php\/termek\/ufo-inditvany-kawasaki-kx-125-250-500-89-95-fekete\/"]}]},{"@type":"ImageObject","inLanguage":"hu","@id":"https:\/\/v3.atv-parts.hu\/index.php\/termek\/ufo-inditvany-kawasaki-kx-125-250-500-89-95-fekete\/#primaryimage","url":"https:\/\/v3.atv-parts.hu\/wp-content\/uploads\/2024\/03\/ufo-tablica-na-numer-startowy-kawasaki-kx-125-250.jpg","contentUrl":"https:\/\/v3.atv-parts.hu\/wp-content\/uploads\/2024\/03\/ufo-tablica-na-numer-startowy-kawasaki-kx-125-250.jpg","width":960,"height":640},{"@type":"BreadcrumbList","@id":"https:\/\/v3.atv-parts.hu\/index.php\/termek\/ufo-inditvany-kawasaki-kx-125-250-500-89-95-fekete\/#breadcrumb","itemListElement":[{"@type":"ListItem","position":1,"name":"Kezd\u0151lap","item":"https:\/\/v3.atv-parts.hu\/"},{"@type":"ListItem","position":2,"name":"Bolt","item":"https:\/\/v3.atv-parts.hu\/index.php\/bolt\/"},{"@type":"ListItem","position":3,"name":"UFO IND\u00cdTV\u00c1NY KAWASAKI KX 125\/250\/500 &#8217;89 -&#8217;95 FEKETE"}]},{"@type":"WebSite","@id":"https:\/\/v3.atv-parts.hu\/#website","url":"https:\/\/v3.atv-parts.hu\/","name":"V3 ATV-PARTS.HU","description":"","publisher":{"@id":"https:\/\/v3.atv-parts.hu\/#organization"},"potentialAction":[{"@type":"SearchAction","target":{"@type":"EntryPoint","urlTemplate":"https:\/\/v3.atv-parts.hu\/?s={search_term_string}"},"query-input":"required name=search_term_string"}],"inLanguage":"hu"},{"@type":"Organization","@id":"https:\/\/v3.atv-parts.hu\/#organization","name":"V3 ATV-PARTS.HU","url":"https:\/\/v3.atv-parts.hu\/","logo":{"@type":"ImageObject","inLanguage":"hu","@id":"https:\/\/v3.atv-parts.hu\/#\/schema\/logo\/image\/","url":"https:\/\/v3.atv-parts.hu\/wp-content\/uploads\/2021\/02\/cropped-cropped-atvlogo-1-1-1.png","contentUrl":"https:\/\/v3.atv-parts.hu\/wp-content\/uploads\/2021\/02\/cropped-cropped-atvlogo-1-1-1.png","width":267,"height":160,"caption":"V3 ATV-PARTS.HU"},"image":{"@id":"https:\/\/v3.atv-parts.hu\/#\/schema\/logo\/image\/"},"sameAs":["https:\/\/www.facebook.com\/atvpartsHU"]}]},"product_price_amount":"8354.06","product_price_currency":"HUF","og_availability":"instock","product_availability":"instock","product_retailer_item_id":"KA02720001","product_condition":"new"},"_links":{"self":[{"href":"https:\/\/v3.atv-parts.hu\/index.php\/wp-json\/wp\/v2\/product\/26838","targetHints":{"allow":["GET"]}}],"collection":[{"href":"https:\/\/v3.atv-parts.hu\/index.php\/wp-json\/wp\/v2\/product"}],"about":[{"href":"https:\/\/v3.atv-parts.hu\/index.php\/wp-json\/wp\/v2\/types\/product"}],"replies":[{"embeddable":true,"href":"https:\/\/v3.atv-parts.hu\/index.php\/wp-json\/wp\/v2\/comments?post=26838"}],"wp:featuredmedia":[{"embeddable":true,"href":"https:\/\/v3.atv-parts.hu\/index.php\/wp-json\/wp\/v2\/media\/26827"}],"wp:attachment":[{"href":"https:\/\/v3.atv-parts.hu\/index.php\/wp-json\/wp\/v2\/media?parent=26838"}],"wp:term":[{"taxonomy":"product_cat","embeddable":true,"href":"https:\/\/v3.atv-parts.hu\/index.php\/wp-json\/wp\/v2\/product_cat?post=26838"},{"taxonomy":"product_tag","embeddable":true,"href":"https:\/\/v3.atv-parts.hu\/index.php\/wp-json\/wp\/v2\/product_tag?post=26838"}],"curies":[{"name":"wp","href":"https:\/\/api.w.org\/{rel}","templated":true}]}}