{"id":36326,"date":"2024-03-27T02:15:22","date_gmt":"2024-03-27T01:15:22","guid":{"rendered":"https:\/\/v3.atv-parts.hu\/index.php\/termek\/athena-tengelykapcsolo-burkolat-tomites-kawasaki-kz-550-80-84-zr550-zephyr-91-99-z400j-f-gt550-gpz550-z550\/"},"modified":"2024-05-03T14:54:03","modified_gmt":"2024-05-03T12:54:03","slug":"athena-tengelykapcsolo-burkolat-tomites-kawasaki-kz-550-80-84-zr550-zephyr-91-99-z400j-f-gt550-gpz550-z550","status":"publish","type":"product","link":"https:\/\/v3.atv-parts.hu\/index.php\/termek\/athena-tengelykapcsolo-burkolat-tomites-kawasaki-kz-550-80-84-zr550-zephyr-91-99-z400j-f-gt550-gpz550-z550\/","title":{"rendered":"ATHENA tengelykapcsol\u00f3 burkolat t\u00f6m\u00edt\u00e9s KAWASAKI KZ 550 &#8217;80 -&#8217;84 ZR550 ZEPHYR &#8217;91 -&#8217;99, Z400J \/ F, GT550, GPZ550, Z550"},"content":{"rendered":"<p>ATHENA tengelykapcsol\u00f3 burkolat t\u00f6m\u00edt\u00e9s KAWASAKI KZ 550 &#8217;80 -&#8217;84 ZR550 ZEPHYR &#8217;91 -&#8217;99, Z400J \/ F, GT550, GPZ550, Z550<\/p>\n<p>EAN: 410250008017<\/p>\n<p>SKU: S410250008017<\/p>\n","protected":false},"excerpt":{"rendered":"<p>ATHENA tengelykapcsol\u00f3 burkolat t\u00f6m\u00edt\u00e9s KAWASAKI KZ 550 &#8217;80 -&#8217;84 ZR550 ZEPHYR &#8217;91 -&#8217;99, Z400J \/ F, GT550, GPZ550, Z550<\/p>\n","protected":false},"featured_media":36327,"comment_status":"closed","ping_status":"open","template":"","meta":{"_monsterinsights_skip_tracking":false,"_monsterinsights_sitenote_active":false,"_monsterinsights_sitenote_note":"","_monsterinsights_sitenote_category":0},"product_cat":[248,823,153,247],"product_tag":[156,159],"class_list":{"0":"post-36326","1":"product","2":"type-product","3":"status-publish","4":"has-post-thumbnail","6":"product_cat-egyszeri-tomitesek","7":"product_cat-kuplungfedel-tomites","8":"product_cat-motor","9":"product_cat-tomitesek-es-tomitoanyagok","10":"product_tag-atv","11":"product_tag-kawasaki","12":"pa_marka-athena","14":"first","15":"instock","16":"taxable","17":"shipping-taxable","18":"purchasable","19":"product-type-simple"},"yoast_head":"<!-- This site is optimized with the Yoast SEO Premium plugin v22.6 (Yoast SEO v22.6) - https:\/\/yoast.com\/wordpress\/plugins\/seo\/ -->\n<title>ATHENA tengelykapcsol\u00f3 burkolat t\u00f6m\u00edt\u00e9s KAWASAKI KZ 550 &#039;80 -&#039;84 ZR550 ZEPHYR &#039;91 -&#039;99, Z400J \/ F, GT550, GPZ550, Z550 - V3 ATV-PARTS.HU<\/title>\n<meta name=\"robots\" content=\"index, follow, max-snippet:-1, max-image-preview:large, max-video-preview:-1\" \/>\n<link rel=\"canonical\" href=\"https:\/\/v3.atv-parts.hu\/index.php\/termek\/athena-tengelykapcsolo-burkolat-tomites-kawasaki-kz-550-80-84-zr550-zephyr-91-99-z400j-f-gt550-gpz550-z550\/\" \/>\n<meta property=\"og:locale\" content=\"hu_HU\" \/>\n<meta property=\"og:type\" content=\"article\" \/>\n<meta property=\"og:title\" content=\"ATHENA tengelykapcsol\u00f3 burkolat t\u00f6m\u00edt\u00e9s KAWASAKI KZ 550 &#039;80 -&#039;84 ZR550 ZEPHYR &#039;91 -&#039;99, Z400J \/ F, GT550, GPZ550, Z550\" \/>\n<meta property=\"og:description\" content=\"ATHENA tengelykapcsol\u00f3 burkolat t\u00f6m\u00edt\u00e9s KAWASAKI KZ 550 &#039;80 -&#039;84 ZR550 ZEPHYR &#039;91 -&#039;99, Z400J \/ F, GT550, GPZ550, Z550\" \/>\n<meta property=\"og:url\" content=\"https:\/\/v3.atv-parts.hu\/index.php\/termek\/athena-tengelykapcsolo-burkolat-tomites-kawasaki-kz-550-80-84-zr550-zephyr-91-99-z400j-f-gt550-gpz550-z550\/\" \/>\n<meta property=\"og:site_name\" content=\"V3 ATV-PARTS.HU\" \/>\n<meta property=\"article:publisher\" content=\"https:\/\/www.facebook.com\/atvpartsHU\" \/>\n<meta property=\"article:modified_time\" content=\"2024-05-03T12:54:03+00:00\" \/>\n<meta property=\"og:image\" content=\"https:\/\/v3.atv-parts.hu\/wp-content\/uploads\/2024\/03\/athena-uszczelka-pokrywy-sprzegla-kawasaki-kz-550.jpg\" \/>\n\t<meta property=\"og:image:width\" content=\"810\" \/>\n\t<meta property=\"og:image:height\" content=\"800\" \/>\n\t<meta property=\"og:image:type\" content=\"image\/jpeg\" \/>\n<meta name=\"twitter:card\" content=\"summary_large_image\" \/>\n<meta name=\"twitter:label1\" content=\"\u00c1r\" \/>\n\t<meta name=\"twitter:data1\" content=\"2457,45&nbsp;&#70;&#116; \u00c1F\u00c1-val\" \/>\n\t<meta name=\"twitter:label2\" content=\"El\u00e9rhet\u0151s\u00e9g\" \/>\n\t<meta name=\"twitter:data2\" content=\"K\u00e9szleten\" \/>\n<script type=\"application\/ld+json\" class=\"yoast-schema-graph\">{\"@context\":\"https:\/\/schema.org\",\"@graph\":[{\"@type\":\"WebPage\",\"@id\":\"https:\/\/v3.atv-parts.hu\/index.php\/termek\/athena-tengelykapcsolo-burkolat-tomites-kawasaki-kz-550-80-84-zr550-zephyr-91-99-z400j-f-gt550-gpz550-z550\/\",\"url\":\"https:\/\/v3.atv-parts.hu\/index.php\/termek\/athena-tengelykapcsolo-burkolat-tomites-kawasaki-kz-550-80-84-zr550-zephyr-91-99-z400j-f-gt550-gpz550-z550\/\",\"name\":\"ATHENA tengelykapcsol\u00f3 burkolat t\u00f6m\u00edt\u00e9s KAWASAKI KZ 550 '80 -'84 ZR550 ZEPHYR '91 -'99, Z400J \/ F, GT550, GPZ550, Z550 - V3 ATV-PARTS.HU\",\"isPartOf\":{\"@id\":\"https:\/\/v3.atv-parts.hu\/#website\"},\"primaryImageOfPage\":{\"@id\":\"https:\/\/v3.atv-parts.hu\/index.php\/termek\/athena-tengelykapcsolo-burkolat-tomites-kawasaki-kz-550-80-84-zr550-zephyr-91-99-z400j-f-gt550-gpz550-z550\/#primaryimage\"},\"image\":{\"@id\":\"https:\/\/v3.atv-parts.hu\/index.php\/termek\/athena-tengelykapcsolo-burkolat-tomites-kawasaki-kz-550-80-84-zr550-zephyr-91-99-z400j-f-gt550-gpz550-z550\/#primaryimage\"},\"thumbnailUrl\":\"https:\/\/v3.atv-parts.hu\/wp-content\/uploads\/2024\/03\/athena-uszczelka-pokrywy-sprzegla-kawasaki-kz-550.jpg\",\"datePublished\":\"2024-03-27T01:15:22+00:00\",\"dateModified\":\"2024-05-03T12:54:03+00:00\",\"breadcrumb\":{\"@id\":\"https:\/\/v3.atv-parts.hu\/index.php\/termek\/athena-tengelykapcsolo-burkolat-tomites-kawasaki-kz-550-80-84-zr550-zephyr-91-99-z400j-f-gt550-gpz550-z550\/#breadcrumb\"},\"inLanguage\":\"hu\",\"potentialAction\":[{\"@type\":\"ReadAction\",\"target\":[\"https:\/\/v3.atv-parts.hu\/index.php\/termek\/athena-tengelykapcsolo-burkolat-tomites-kawasaki-kz-550-80-84-zr550-zephyr-91-99-z400j-f-gt550-gpz550-z550\/\"]}]},{\"@type\":\"ImageObject\",\"inLanguage\":\"hu\",\"@id\":\"https:\/\/v3.atv-parts.hu\/index.php\/termek\/athena-tengelykapcsolo-burkolat-tomites-kawasaki-kz-550-80-84-zr550-zephyr-91-99-z400j-f-gt550-gpz550-z550\/#primaryimage\",\"url\":\"https:\/\/v3.atv-parts.hu\/wp-content\/uploads\/2024\/03\/athena-uszczelka-pokrywy-sprzegla-kawasaki-kz-550.jpg\",\"contentUrl\":\"https:\/\/v3.atv-parts.hu\/wp-content\/uploads\/2024\/03\/athena-uszczelka-pokrywy-sprzegla-kawasaki-kz-550.jpg\",\"width\":810,\"height\":800},{\"@type\":\"BreadcrumbList\",\"@id\":\"https:\/\/v3.atv-parts.hu\/index.php\/termek\/athena-tengelykapcsolo-burkolat-tomites-kawasaki-kz-550-80-84-zr550-zephyr-91-99-z400j-f-gt550-gpz550-z550\/#breadcrumb\",\"itemListElement\":[{\"@type\":\"ListItem\",\"position\":1,\"name\":\"Kezd\u0151lap\",\"item\":\"https:\/\/v3.atv-parts.hu\/\"},{\"@type\":\"ListItem\",\"position\":2,\"name\":\"Bolt\",\"item\":\"https:\/\/v3.atv-parts.hu\/index.php\/bolt\/\"},{\"@type\":\"ListItem\",\"position\":3,\"name\":\"ATHENA tengelykapcsol\u00f3 burkolat t\u00f6m\u00edt\u00e9s KAWASAKI KZ 550 &#8217;80 -&#8217;84 ZR550 ZEPHYR &#8217;91 -&#8217;99, Z400J \/ F, GT550, GPZ550, Z550\"}]},{\"@type\":\"WebSite\",\"@id\":\"https:\/\/v3.atv-parts.hu\/#website\",\"url\":\"https:\/\/v3.atv-parts.hu\/\",\"name\":\"V3 ATV-PARTS.HU\",\"description\":\"\",\"publisher\":{\"@id\":\"https:\/\/v3.atv-parts.hu\/#organization\"},\"potentialAction\":[{\"@type\":\"SearchAction\",\"target\":{\"@type\":\"EntryPoint\",\"urlTemplate\":\"https:\/\/v3.atv-parts.hu\/?s={search_term_string}\"},\"query-input\":\"required name=search_term_string\"}],\"inLanguage\":\"hu\"},{\"@type\":\"Organization\",\"@id\":\"https:\/\/v3.atv-parts.hu\/#organization\",\"name\":\"V3 ATV-PARTS.HU\",\"url\":\"https:\/\/v3.atv-parts.hu\/\",\"logo\":{\"@type\":\"ImageObject\",\"inLanguage\":\"hu\",\"@id\":\"https:\/\/v3.atv-parts.hu\/#\/schema\/logo\/image\/\",\"url\":\"https:\/\/v3.atv-parts.hu\/wp-content\/uploads\/2021\/02\/cropped-cropped-atvlogo-1-1-1.png\",\"contentUrl\":\"https:\/\/v3.atv-parts.hu\/wp-content\/uploads\/2021\/02\/cropped-cropped-atvlogo-1-1-1.png\",\"width\":267,\"height\":160,\"caption\":\"V3 ATV-PARTS.HU\"},\"image\":{\"@id\":\"https:\/\/v3.atv-parts.hu\/#\/schema\/logo\/image\/\"},\"sameAs\":[\"https:\/\/www.facebook.com\/atvpartsHU\"]}]}<\/script>\n<meta property=\"product:price:amount\" content=\"2457.45\" \/>\n<meta property=\"product:price:currency\" content=\"HUF\" \/>\n<meta property=\"og:availability\" content=\"instock\" \/>\n<meta property=\"product:availability\" content=\"instock\" \/>\n<meta property=\"product:retailer_item_id\" content=\"S410250008017\" \/>\n<meta property=\"product:condition\" content=\"new\" \/>\n<!-- \/ Yoast SEO Premium plugin. -->","yoast_head_json":{"title":"ATHENA tengelykapcsol\u00f3 burkolat t\u00f6m\u00edt\u00e9s KAWASAKI KZ 550 '80 -'84 ZR550 ZEPHYR '91 -'99, Z400J \/ F, GT550, GPZ550, Z550 - V3 ATV-PARTS.HU","robots":{"index":"index","follow":"follow","max-snippet":"max-snippet:-1","max-image-preview":"max-image-preview:large","max-video-preview":"max-video-preview:-1"},"canonical":"https:\/\/v3.atv-parts.hu\/index.php\/termek\/athena-tengelykapcsolo-burkolat-tomites-kawasaki-kz-550-80-84-zr550-zephyr-91-99-z400j-f-gt550-gpz550-z550\/","og_locale":"hu_HU","og_type":"article","og_title":"ATHENA tengelykapcsol\u00f3 burkolat t\u00f6m\u00edt\u00e9s KAWASAKI KZ 550 '80 -'84 ZR550 ZEPHYR '91 -'99, Z400J \/ F, GT550, GPZ550, Z550","og_description":"ATHENA tengelykapcsol\u00f3 burkolat t\u00f6m\u00edt\u00e9s KAWASAKI KZ 550 '80 -'84 ZR550 ZEPHYR '91 -'99, Z400J \/ F, GT550, GPZ550, Z550","og_url":"https:\/\/v3.atv-parts.hu\/index.php\/termek\/athena-tengelykapcsolo-burkolat-tomites-kawasaki-kz-550-80-84-zr550-zephyr-91-99-z400j-f-gt550-gpz550-z550\/","og_site_name":"V3 ATV-PARTS.HU","article_publisher":"https:\/\/www.facebook.com\/atvpartsHU","article_modified_time":"2024-05-03T12:54:03+00:00","og_image":[{"width":810,"height":800,"url":"https:\/\/v3.atv-parts.hu\/wp-content\/uploads\/2024\/03\/athena-uszczelka-pokrywy-sprzegla-kawasaki-kz-550.jpg","type":"image\/jpeg"}],"twitter_card":"summary_large_image","twitter_misc":{"\u00c1r":"2457,45&nbsp;&#70;&#116; \u00c1F\u00c1-val","El\u00e9rhet\u0151s\u00e9g":"K\u00e9szleten"},"schema":{"@context":"https:\/\/schema.org","@graph":[{"@type":"WebPage","@id":"https:\/\/v3.atv-parts.hu\/index.php\/termek\/athena-tengelykapcsolo-burkolat-tomites-kawasaki-kz-550-80-84-zr550-zephyr-91-99-z400j-f-gt550-gpz550-z550\/","url":"https:\/\/v3.atv-parts.hu\/index.php\/termek\/athena-tengelykapcsolo-burkolat-tomites-kawasaki-kz-550-80-84-zr550-zephyr-91-99-z400j-f-gt550-gpz550-z550\/","name":"ATHENA tengelykapcsol\u00f3 burkolat t\u00f6m\u00edt\u00e9s KAWASAKI KZ 550 '80 -'84 ZR550 ZEPHYR '91 -'99, Z400J \/ F, GT550, GPZ550, Z550 - V3 ATV-PARTS.HU","isPartOf":{"@id":"https:\/\/v3.atv-parts.hu\/#website"},"primaryImageOfPage":{"@id":"https:\/\/v3.atv-parts.hu\/index.php\/termek\/athena-tengelykapcsolo-burkolat-tomites-kawasaki-kz-550-80-84-zr550-zephyr-91-99-z400j-f-gt550-gpz550-z550\/#primaryimage"},"image":{"@id":"https:\/\/v3.atv-parts.hu\/index.php\/termek\/athena-tengelykapcsolo-burkolat-tomites-kawasaki-kz-550-80-84-zr550-zephyr-91-99-z400j-f-gt550-gpz550-z550\/#primaryimage"},"thumbnailUrl":"https:\/\/v3.atv-parts.hu\/wp-content\/uploads\/2024\/03\/athena-uszczelka-pokrywy-sprzegla-kawasaki-kz-550.jpg","datePublished":"2024-03-27T01:15:22+00:00","dateModified":"2024-05-03T12:54:03+00:00","breadcrumb":{"@id":"https:\/\/v3.atv-parts.hu\/index.php\/termek\/athena-tengelykapcsolo-burkolat-tomites-kawasaki-kz-550-80-84-zr550-zephyr-91-99-z400j-f-gt550-gpz550-z550\/#breadcrumb"},"inLanguage":"hu","potentialAction":[{"@type":"ReadAction","target":["https:\/\/v3.atv-parts.hu\/index.php\/termek\/athena-tengelykapcsolo-burkolat-tomites-kawasaki-kz-550-80-84-zr550-zephyr-91-99-z400j-f-gt550-gpz550-z550\/"]}]},{"@type":"ImageObject","inLanguage":"hu","@id":"https:\/\/v3.atv-parts.hu\/index.php\/termek\/athena-tengelykapcsolo-burkolat-tomites-kawasaki-kz-550-80-84-zr550-zephyr-91-99-z400j-f-gt550-gpz550-z550\/#primaryimage","url":"https:\/\/v3.atv-parts.hu\/wp-content\/uploads\/2024\/03\/athena-uszczelka-pokrywy-sprzegla-kawasaki-kz-550.jpg","contentUrl":"https:\/\/v3.atv-parts.hu\/wp-content\/uploads\/2024\/03\/athena-uszczelka-pokrywy-sprzegla-kawasaki-kz-550.jpg","width":810,"height":800},{"@type":"BreadcrumbList","@id":"https:\/\/v3.atv-parts.hu\/index.php\/termek\/athena-tengelykapcsolo-burkolat-tomites-kawasaki-kz-550-80-84-zr550-zephyr-91-99-z400j-f-gt550-gpz550-z550\/#breadcrumb","itemListElement":[{"@type":"ListItem","position":1,"name":"Kezd\u0151lap","item":"https:\/\/v3.atv-parts.hu\/"},{"@type":"ListItem","position":2,"name":"Bolt","item":"https:\/\/v3.atv-parts.hu\/index.php\/bolt\/"},{"@type":"ListItem","position":3,"name":"ATHENA tengelykapcsol\u00f3 burkolat t\u00f6m\u00edt\u00e9s KAWASAKI KZ 550 &#8217;80 -&#8217;84 ZR550 ZEPHYR &#8217;91 -&#8217;99, Z400J \/ F, GT550, GPZ550, Z550"}]},{"@type":"WebSite","@id":"https:\/\/v3.atv-parts.hu\/#website","url":"https:\/\/v3.atv-parts.hu\/","name":"V3 ATV-PARTS.HU","description":"","publisher":{"@id":"https:\/\/v3.atv-parts.hu\/#organization"},"potentialAction":[{"@type":"SearchAction","target":{"@type":"EntryPoint","urlTemplate":"https:\/\/v3.atv-parts.hu\/?s={search_term_string}"},"query-input":"required name=search_term_string"}],"inLanguage":"hu"},{"@type":"Organization","@id":"https:\/\/v3.atv-parts.hu\/#organization","name":"V3 ATV-PARTS.HU","url":"https:\/\/v3.atv-parts.hu\/","logo":{"@type":"ImageObject","inLanguage":"hu","@id":"https:\/\/v3.atv-parts.hu\/#\/schema\/logo\/image\/","url":"https:\/\/v3.atv-parts.hu\/wp-content\/uploads\/2021\/02\/cropped-cropped-atvlogo-1-1-1.png","contentUrl":"https:\/\/v3.atv-parts.hu\/wp-content\/uploads\/2021\/02\/cropped-cropped-atvlogo-1-1-1.png","width":267,"height":160,"caption":"V3 ATV-PARTS.HU"},"image":{"@id":"https:\/\/v3.atv-parts.hu\/#\/schema\/logo\/image\/"},"sameAs":["https:\/\/www.facebook.com\/atvpartsHU"]}]},"product_price_amount":"2457.45","product_price_currency":"HUF","og_availability":"instock","product_availability":"instock","product_retailer_item_id":"S410250008017","product_condition":"new"},"_links":{"self":[{"href":"https:\/\/v3.atv-parts.hu\/index.php\/wp-json\/wp\/v2\/product\/36326","targetHints":{"allow":["GET"]}}],"collection":[{"href":"https:\/\/v3.atv-parts.hu\/index.php\/wp-json\/wp\/v2\/product"}],"about":[{"href":"https:\/\/v3.atv-parts.hu\/index.php\/wp-json\/wp\/v2\/types\/product"}],"replies":[{"embeddable":true,"href":"https:\/\/v3.atv-parts.hu\/index.php\/wp-json\/wp\/v2\/comments?post=36326"}],"wp:featuredmedia":[{"embeddable":true,"href":"https:\/\/v3.atv-parts.hu\/index.php\/wp-json\/wp\/v2\/media\/36327"}],"wp:attachment":[{"href":"https:\/\/v3.atv-parts.hu\/index.php\/wp-json\/wp\/v2\/media?parent=36326"}],"wp:term":[{"taxonomy":"product_cat","embeddable":true,"href":"https:\/\/v3.atv-parts.hu\/index.php\/wp-json\/wp\/v2\/product_cat?post=36326"},{"taxonomy":"product_tag","embeddable":true,"href":"https:\/\/v3.atv-parts.hu\/index.php\/wp-json\/wp\/v2\/product_tag?post=36326"}],"curies":[{"name":"wp","href":"https:\/\/api.w.org\/{rel}","templated":true}]}}