{"id":41829,"date":"2024-03-27T06:43:00","date_gmt":"2024-03-27T05:43:00","guid":{"rendered":"https:\/\/v3.atv-parts.hu\/index.php\/termek\/athena-gyertya-sealing-ktm-exc-f-250-14-19-sx-f-250-13-19-xc-f-250-13-19-sx-f-350-19-husqvarna-fc-fe-250-14-19\/"},"modified":"2024-05-03T15:13:07","modified_gmt":"2024-05-03T13:13:07","slug":"athena-gyertya-sealing-ktm-exc-f-250-14-19-sx-f-250-13-19-xc-f-250-13-19-sx-f-350-19-husqvarna-fc-fe-250-14-19","status":"publish","type":"product","link":"https:\/\/v3.atv-parts.hu\/index.php\/termek\/athena-gyertya-sealing-ktm-exc-f-250-14-19-sx-f-250-13-19-xc-f-250-13-19-sx-f-350-19-husqvarna-fc-fe-250-14-19\/","title":{"rendered":"ATHENA GYERTYA SEALING KTM EXC-F 250 &#8217;14 -&#8217;19, SX-F 250 &#8217;13 -&#8217;19, XC-F 250 &#8217;13 -&#8217;19, SX-F 350 &#8217;19, HUSQVARNA FC \/ FE 250 &#8217;14 -&#8216; 19"},"content":{"rendered":"<p>ATHENA GYERTYA SEALING KTM EXC-F 250 &#8217;14 -&#8217;19, SX-F 250 &#8217;13 -&#8217;19, XC-F 250 &#8217;13 -&#8217;19, SX-F 350 &#8217;19, HUSQVARNA FC \/ FE 250 &#8217;14 -&#8216; 19<\/p>\n<p>EAN: S410270015014<\/p>\n<p>SKU: S410270015014<\/p>\n","protected":false},"excerpt":{"rendered":"<p>ATHENA GYERTYA SEALING KTM EXC-F 250 &#8217;14 -&#8217;19, SX-F 250 &#8217;13 -&#8217;19, XC-F 250 &#8217;13 -&#8217;19, SX-F 350 &#8217;19, HUSQVARNA FC \/ FE 250 &#8217;14 -&#8216; 19<\/p>\n","protected":false},"featured_media":41830,"comment_status":"closed","ping_status":"open","template":"","meta":{"_monsterinsights_skip_tracking":false,"_monsterinsights_sitenote_active":false,"_monsterinsights_sitenote_note":"","_monsterinsights_sitenote_category":0},"product_cat":[248,153,896,247],"product_tag":[156,182],"class_list":{"0":"post-41829","1":"product","2":"type-product","3":"status-publish","4":"has-post-thumbnail","6":"product_cat-egyszeri-tomitesek","7":"product_cat-motor","8":"product_cat-szelepfedel-gyujtogyertya-furat-tomitoanyag","9":"product_cat-tomitesek-es-tomitoanyagok","10":"product_tag-atv","11":"product_tag-ktm","12":"pa_marka-athena","14":"first","15":"instock","16":"taxable","17":"shipping-taxable","18":"purchasable","19":"product-type-simple"},"yoast_head":"<!-- This site is optimized with the Yoast SEO Premium plugin v22.6 (Yoast SEO v22.6) - https:\/\/yoast.com\/wordpress\/plugins\/seo\/ -->\n<title>ATHENA GYERTYA SEALING KTM EXC-F 250 &#039;14 -&#039;19, SX-F 250 &#039;13 -&#039;19, XC-F 250 &#039;13 -&#039;19, SX-F 350 &#039;19, HUSQVARNA FC \/ FE 250 &#039;14 -&#039; 19 - V3 ATV-PARTS.HU<\/title>\n<meta name=\"robots\" content=\"index, follow, max-snippet:-1, max-image-preview:large, max-video-preview:-1\" \/>\n<link rel=\"canonical\" href=\"https:\/\/v3.atv-parts.hu\/index.php\/termek\/athena-gyertya-sealing-ktm-exc-f-250-14-19-sx-f-250-13-19-xc-f-250-13-19-sx-f-350-19-husqvarna-fc-fe-250-14-19\/\" \/>\n<meta property=\"og:locale\" content=\"hu_HU\" \/>\n<meta property=\"og:type\" content=\"article\" \/>\n<meta property=\"og:title\" content=\"ATHENA GYERTYA SEALING KTM EXC-F 250 &#039;14 -&#039;19, SX-F 250 &#039;13 -&#039;19, XC-F 250 &#039;13 -&#039;19, SX-F 350 &#039;19, HUSQVARNA FC \/ FE 250 &#039;14 -&#039; 19\" \/>\n<meta property=\"og:description\" content=\"ATHENA GYERTYA SEALING KTM EXC-F 250 &#039;14 -&#039;19, SX-F 250 &#039;13 -&#039;19, XC-F 250 &#039;13 -&#039;19, SX-F 350 &#039;19, HUSQVARNA FC \/ FE 250 &#039;14 -&#039; 19\" \/>\n<meta property=\"og:url\" content=\"https:\/\/v3.atv-parts.hu\/index.php\/termek\/athena-gyertya-sealing-ktm-exc-f-250-14-19-sx-f-250-13-19-xc-f-250-13-19-sx-f-350-19-husqvarna-fc-fe-250-14-19\/\" \/>\n<meta property=\"og:site_name\" content=\"V3 ATV-PARTS.HU\" \/>\n<meta property=\"article:publisher\" content=\"https:\/\/www.facebook.com\/atvpartsHU\" \/>\n<meta property=\"article:modified_time\" content=\"2024-05-03T13:13:07+00:00\" \/>\n<meta property=\"og:image\" content=\"https:\/\/v3.atv-parts.hu\/wp-content\/uploads\/2024\/03\/athena-uszczelniacz-otowru-na-swiece-ktm-exc-f-250.jpg\" \/>\n\t<meta property=\"og:image:width\" content=\"837\" \/>\n\t<meta property=\"og:image:height\" content=\"800\" \/>\n\t<meta property=\"og:image:type\" content=\"image\/jpeg\" \/>\n<meta name=\"twitter:card\" content=\"summary_large_image\" \/>\n<meta name=\"twitter:label1\" content=\"\u00c1r\" \/>\n\t<meta name=\"twitter:data1\" content=\"1719,58&nbsp;&#70;&#116; \u00c1F\u00c1-val\" \/>\n\t<meta name=\"twitter:label2\" content=\"El\u00e9rhet\u0151s\u00e9g\" \/>\n\t<meta name=\"twitter:data2\" content=\"K\u00e9szleten\" \/>\n<script type=\"application\/ld+json\" class=\"yoast-schema-graph\">{\"@context\":\"https:\/\/schema.org\",\"@graph\":[{\"@type\":\"WebPage\",\"@id\":\"https:\/\/v3.atv-parts.hu\/index.php\/termek\/athena-gyertya-sealing-ktm-exc-f-250-14-19-sx-f-250-13-19-xc-f-250-13-19-sx-f-350-19-husqvarna-fc-fe-250-14-19\/\",\"url\":\"https:\/\/v3.atv-parts.hu\/index.php\/termek\/athena-gyertya-sealing-ktm-exc-f-250-14-19-sx-f-250-13-19-xc-f-250-13-19-sx-f-350-19-husqvarna-fc-fe-250-14-19\/\",\"name\":\"ATHENA GYERTYA SEALING KTM EXC-F 250 '14 -'19, SX-F 250 '13 -'19, XC-F 250 '13 -'19, SX-F 350 '19, HUSQVARNA FC \/ FE 250 '14 -' 19 - V3 ATV-PARTS.HU\",\"isPartOf\":{\"@id\":\"https:\/\/v3.atv-parts.hu\/#website\"},\"primaryImageOfPage\":{\"@id\":\"https:\/\/v3.atv-parts.hu\/index.php\/termek\/athena-gyertya-sealing-ktm-exc-f-250-14-19-sx-f-250-13-19-xc-f-250-13-19-sx-f-350-19-husqvarna-fc-fe-250-14-19\/#primaryimage\"},\"image\":{\"@id\":\"https:\/\/v3.atv-parts.hu\/index.php\/termek\/athena-gyertya-sealing-ktm-exc-f-250-14-19-sx-f-250-13-19-xc-f-250-13-19-sx-f-350-19-husqvarna-fc-fe-250-14-19\/#primaryimage\"},\"thumbnailUrl\":\"https:\/\/v3.atv-parts.hu\/wp-content\/uploads\/2024\/03\/athena-uszczelniacz-otowru-na-swiece-ktm-exc-f-250.jpg\",\"datePublished\":\"2024-03-27T05:43:00+00:00\",\"dateModified\":\"2024-05-03T13:13:07+00:00\",\"breadcrumb\":{\"@id\":\"https:\/\/v3.atv-parts.hu\/index.php\/termek\/athena-gyertya-sealing-ktm-exc-f-250-14-19-sx-f-250-13-19-xc-f-250-13-19-sx-f-350-19-husqvarna-fc-fe-250-14-19\/#breadcrumb\"},\"inLanguage\":\"hu\",\"potentialAction\":[{\"@type\":\"ReadAction\",\"target\":[\"https:\/\/v3.atv-parts.hu\/index.php\/termek\/athena-gyertya-sealing-ktm-exc-f-250-14-19-sx-f-250-13-19-xc-f-250-13-19-sx-f-350-19-husqvarna-fc-fe-250-14-19\/\"]}]},{\"@type\":\"ImageObject\",\"inLanguage\":\"hu\",\"@id\":\"https:\/\/v3.atv-parts.hu\/index.php\/termek\/athena-gyertya-sealing-ktm-exc-f-250-14-19-sx-f-250-13-19-xc-f-250-13-19-sx-f-350-19-husqvarna-fc-fe-250-14-19\/#primaryimage\",\"url\":\"https:\/\/v3.atv-parts.hu\/wp-content\/uploads\/2024\/03\/athena-uszczelniacz-otowru-na-swiece-ktm-exc-f-250.jpg\",\"contentUrl\":\"https:\/\/v3.atv-parts.hu\/wp-content\/uploads\/2024\/03\/athena-uszczelniacz-otowru-na-swiece-ktm-exc-f-250.jpg\",\"width\":837,\"height\":800},{\"@type\":\"BreadcrumbList\",\"@id\":\"https:\/\/v3.atv-parts.hu\/index.php\/termek\/athena-gyertya-sealing-ktm-exc-f-250-14-19-sx-f-250-13-19-xc-f-250-13-19-sx-f-350-19-husqvarna-fc-fe-250-14-19\/#breadcrumb\",\"itemListElement\":[{\"@type\":\"ListItem\",\"position\":1,\"name\":\"Kezd\u0151lap\",\"item\":\"https:\/\/v3.atv-parts.hu\/\"},{\"@type\":\"ListItem\",\"position\":2,\"name\":\"Bolt\",\"item\":\"https:\/\/v3.atv-parts.hu\/index.php\/bolt\/\"},{\"@type\":\"ListItem\",\"position\":3,\"name\":\"ATHENA GYERTYA SEALING KTM EXC-F 250 &#8217;14 -&#8217;19, SX-F 250 &#8217;13 -&#8217;19, XC-F 250 &#8217;13 -&#8217;19, SX-F 350 &#8217;19, HUSQVARNA FC \/ FE 250 &#8217;14 -&#8216; 19\"}]},{\"@type\":\"WebSite\",\"@id\":\"https:\/\/v3.atv-parts.hu\/#website\",\"url\":\"https:\/\/v3.atv-parts.hu\/\",\"name\":\"V3 ATV-PARTS.HU\",\"description\":\"\",\"publisher\":{\"@id\":\"https:\/\/v3.atv-parts.hu\/#organization\"},\"potentialAction\":[{\"@type\":\"SearchAction\",\"target\":{\"@type\":\"EntryPoint\",\"urlTemplate\":\"https:\/\/v3.atv-parts.hu\/?s={search_term_string}\"},\"query-input\":\"required name=search_term_string\"}],\"inLanguage\":\"hu\"},{\"@type\":\"Organization\",\"@id\":\"https:\/\/v3.atv-parts.hu\/#organization\",\"name\":\"V3 ATV-PARTS.HU\",\"url\":\"https:\/\/v3.atv-parts.hu\/\",\"logo\":{\"@type\":\"ImageObject\",\"inLanguage\":\"hu\",\"@id\":\"https:\/\/v3.atv-parts.hu\/#\/schema\/logo\/image\/\",\"url\":\"https:\/\/v3.atv-parts.hu\/wp-content\/uploads\/2021\/02\/cropped-cropped-atvlogo-1-1-1.png\",\"contentUrl\":\"https:\/\/v3.atv-parts.hu\/wp-content\/uploads\/2021\/02\/cropped-cropped-atvlogo-1-1-1.png\",\"width\":267,\"height\":160,\"caption\":\"V3 ATV-PARTS.HU\"},\"image\":{\"@id\":\"https:\/\/v3.atv-parts.hu\/#\/schema\/logo\/image\/\"},\"sameAs\":[\"https:\/\/www.facebook.com\/atvpartsHU\"]}]}<\/script>\n<meta property=\"product:price:amount\" content=\"1719.58\" \/>\n<meta property=\"product:price:currency\" content=\"HUF\" \/>\n<meta property=\"og:availability\" content=\"instock\" \/>\n<meta property=\"product:availability\" content=\"instock\" \/>\n<meta property=\"product:retailer_item_id\" content=\"S410270015014\" \/>\n<meta property=\"product:condition\" content=\"new\" \/>\n<!-- \/ Yoast SEO Premium plugin. -->","yoast_head_json":{"title":"ATHENA GYERTYA SEALING KTM EXC-F 250 '14 -'19, SX-F 250 '13 -'19, XC-F 250 '13 -'19, SX-F 350 '19, HUSQVARNA FC \/ FE 250 '14 -' 19 - V3 ATV-PARTS.HU","robots":{"index":"index","follow":"follow","max-snippet":"max-snippet:-1","max-image-preview":"max-image-preview:large","max-video-preview":"max-video-preview:-1"},"canonical":"https:\/\/v3.atv-parts.hu\/index.php\/termek\/athena-gyertya-sealing-ktm-exc-f-250-14-19-sx-f-250-13-19-xc-f-250-13-19-sx-f-350-19-husqvarna-fc-fe-250-14-19\/","og_locale":"hu_HU","og_type":"article","og_title":"ATHENA GYERTYA SEALING KTM EXC-F 250 '14 -'19, SX-F 250 '13 -'19, XC-F 250 '13 -'19, SX-F 350 '19, HUSQVARNA FC \/ FE 250 '14 -' 19","og_description":"ATHENA GYERTYA SEALING KTM EXC-F 250 '14 -'19, SX-F 250 '13 -'19, XC-F 250 '13 -'19, SX-F 350 '19, HUSQVARNA FC \/ FE 250 '14 -' 19","og_url":"https:\/\/v3.atv-parts.hu\/index.php\/termek\/athena-gyertya-sealing-ktm-exc-f-250-14-19-sx-f-250-13-19-xc-f-250-13-19-sx-f-350-19-husqvarna-fc-fe-250-14-19\/","og_site_name":"V3 ATV-PARTS.HU","article_publisher":"https:\/\/www.facebook.com\/atvpartsHU","article_modified_time":"2024-05-03T13:13:07+00:00","og_image":[{"width":837,"height":800,"url":"https:\/\/v3.atv-parts.hu\/wp-content\/uploads\/2024\/03\/athena-uszczelniacz-otowru-na-swiece-ktm-exc-f-250.jpg","type":"image\/jpeg"}],"twitter_card":"summary_large_image","twitter_misc":{"\u00c1r":"1719,58&nbsp;&#70;&#116; \u00c1F\u00c1-val","El\u00e9rhet\u0151s\u00e9g":"K\u00e9szleten"},"schema":{"@context":"https:\/\/schema.org","@graph":[{"@type":"WebPage","@id":"https:\/\/v3.atv-parts.hu\/index.php\/termek\/athena-gyertya-sealing-ktm-exc-f-250-14-19-sx-f-250-13-19-xc-f-250-13-19-sx-f-350-19-husqvarna-fc-fe-250-14-19\/","url":"https:\/\/v3.atv-parts.hu\/index.php\/termek\/athena-gyertya-sealing-ktm-exc-f-250-14-19-sx-f-250-13-19-xc-f-250-13-19-sx-f-350-19-husqvarna-fc-fe-250-14-19\/","name":"ATHENA GYERTYA SEALING KTM EXC-F 250 '14 -'19, SX-F 250 '13 -'19, XC-F 250 '13 -'19, SX-F 350 '19, HUSQVARNA FC \/ FE 250 '14 -' 19 - V3 ATV-PARTS.HU","isPartOf":{"@id":"https:\/\/v3.atv-parts.hu\/#website"},"primaryImageOfPage":{"@id":"https:\/\/v3.atv-parts.hu\/index.php\/termek\/athena-gyertya-sealing-ktm-exc-f-250-14-19-sx-f-250-13-19-xc-f-250-13-19-sx-f-350-19-husqvarna-fc-fe-250-14-19\/#primaryimage"},"image":{"@id":"https:\/\/v3.atv-parts.hu\/index.php\/termek\/athena-gyertya-sealing-ktm-exc-f-250-14-19-sx-f-250-13-19-xc-f-250-13-19-sx-f-350-19-husqvarna-fc-fe-250-14-19\/#primaryimage"},"thumbnailUrl":"https:\/\/v3.atv-parts.hu\/wp-content\/uploads\/2024\/03\/athena-uszczelniacz-otowru-na-swiece-ktm-exc-f-250.jpg","datePublished":"2024-03-27T05:43:00+00:00","dateModified":"2024-05-03T13:13:07+00:00","breadcrumb":{"@id":"https:\/\/v3.atv-parts.hu\/index.php\/termek\/athena-gyertya-sealing-ktm-exc-f-250-14-19-sx-f-250-13-19-xc-f-250-13-19-sx-f-350-19-husqvarna-fc-fe-250-14-19\/#breadcrumb"},"inLanguage":"hu","potentialAction":[{"@type":"ReadAction","target":["https:\/\/v3.atv-parts.hu\/index.php\/termek\/athena-gyertya-sealing-ktm-exc-f-250-14-19-sx-f-250-13-19-xc-f-250-13-19-sx-f-350-19-husqvarna-fc-fe-250-14-19\/"]}]},{"@type":"ImageObject","inLanguage":"hu","@id":"https:\/\/v3.atv-parts.hu\/index.php\/termek\/athena-gyertya-sealing-ktm-exc-f-250-14-19-sx-f-250-13-19-xc-f-250-13-19-sx-f-350-19-husqvarna-fc-fe-250-14-19\/#primaryimage","url":"https:\/\/v3.atv-parts.hu\/wp-content\/uploads\/2024\/03\/athena-uszczelniacz-otowru-na-swiece-ktm-exc-f-250.jpg","contentUrl":"https:\/\/v3.atv-parts.hu\/wp-content\/uploads\/2024\/03\/athena-uszczelniacz-otowru-na-swiece-ktm-exc-f-250.jpg","width":837,"height":800},{"@type":"BreadcrumbList","@id":"https:\/\/v3.atv-parts.hu\/index.php\/termek\/athena-gyertya-sealing-ktm-exc-f-250-14-19-sx-f-250-13-19-xc-f-250-13-19-sx-f-350-19-husqvarna-fc-fe-250-14-19\/#breadcrumb","itemListElement":[{"@type":"ListItem","position":1,"name":"Kezd\u0151lap","item":"https:\/\/v3.atv-parts.hu\/"},{"@type":"ListItem","position":2,"name":"Bolt","item":"https:\/\/v3.atv-parts.hu\/index.php\/bolt\/"},{"@type":"ListItem","position":3,"name":"ATHENA GYERTYA SEALING KTM EXC-F 250 &#8217;14 -&#8217;19, SX-F 250 &#8217;13 -&#8217;19, XC-F 250 &#8217;13 -&#8217;19, SX-F 350 &#8217;19, HUSQVARNA FC \/ FE 250 &#8217;14 -&#8216; 19"}]},{"@type":"WebSite","@id":"https:\/\/v3.atv-parts.hu\/#website","url":"https:\/\/v3.atv-parts.hu\/","name":"V3 ATV-PARTS.HU","description":"","publisher":{"@id":"https:\/\/v3.atv-parts.hu\/#organization"},"potentialAction":[{"@type":"SearchAction","target":{"@type":"EntryPoint","urlTemplate":"https:\/\/v3.atv-parts.hu\/?s={search_term_string}"},"query-input":"required name=search_term_string"}],"inLanguage":"hu"},{"@type":"Organization","@id":"https:\/\/v3.atv-parts.hu\/#organization","name":"V3 ATV-PARTS.HU","url":"https:\/\/v3.atv-parts.hu\/","logo":{"@type":"ImageObject","inLanguage":"hu","@id":"https:\/\/v3.atv-parts.hu\/#\/schema\/logo\/image\/","url":"https:\/\/v3.atv-parts.hu\/wp-content\/uploads\/2021\/02\/cropped-cropped-atvlogo-1-1-1.png","contentUrl":"https:\/\/v3.atv-parts.hu\/wp-content\/uploads\/2021\/02\/cropped-cropped-atvlogo-1-1-1.png","width":267,"height":160,"caption":"V3 ATV-PARTS.HU"},"image":{"@id":"https:\/\/v3.atv-parts.hu\/#\/schema\/logo\/image\/"},"sameAs":["https:\/\/www.facebook.com\/atvpartsHU"]}]},"product_price_amount":"1719.58","product_price_currency":"HUF","og_availability":"instock","product_availability":"instock","product_retailer_item_id":"S410270015014","product_condition":"new"},"_links":{"self":[{"href":"https:\/\/v3.atv-parts.hu\/index.php\/wp-json\/wp\/v2\/product\/41829","targetHints":{"allow":["GET"]}}],"collection":[{"href":"https:\/\/v3.atv-parts.hu\/index.php\/wp-json\/wp\/v2\/product"}],"about":[{"href":"https:\/\/v3.atv-parts.hu\/index.php\/wp-json\/wp\/v2\/types\/product"}],"replies":[{"embeddable":true,"href":"https:\/\/v3.atv-parts.hu\/index.php\/wp-json\/wp\/v2\/comments?post=41829"}],"wp:featuredmedia":[{"embeddable":true,"href":"https:\/\/v3.atv-parts.hu\/index.php\/wp-json\/wp\/v2\/media\/41830"}],"wp:attachment":[{"href":"https:\/\/v3.atv-parts.hu\/index.php\/wp-json\/wp\/v2\/media?parent=41829"}],"wp:term":[{"taxonomy":"product_cat","embeddable":true,"href":"https:\/\/v3.atv-parts.hu\/index.php\/wp-json\/wp\/v2\/product_cat?post=41829"},{"taxonomy":"product_tag","embeddable":true,"href":"https:\/\/v3.atv-parts.hu\/index.php\/wp-json\/wp\/v2\/product_tag?post=41829"}],"curies":[{"name":"wp","href":"https:\/\/api.w.org\/{rel}","templated":true}]}}