{"id":54356,"date":"2024-03-27T14:50:04","date_gmt":"2024-03-27T13:50:04","guid":{"rendered":"https:\/\/v3.atv-parts.hu\/index.php\/termek\/all-balls-javito-keszlet-polaris-freedom-slh-700-01-04-genesis-pro-1200-99-02-hurricane-700-96-97-msx-110-msx-140-03-04-sl75-sl-650-94-95-sl-slt-700-96-sl780-96-97\/"},"modified":"2024-05-03T16:20:10","modified_gmt":"2024-05-03T14:20:10","slug":"all-balls-javito-keszlet-polaris-freedom-slh-700-01-04-genesis-pro-1200-99-02-hurricane-700-96-97-msx-110-msx-140-03-04-sl75-sl-650-94-95-sl-slt-700-96-sl780-96-97","status":"publish","type":"product","link":"https:\/\/v3.atv-parts.hu\/index.php\/termek\/all-balls-javito-keszlet-polaris-freedom-slh-700-01-04-genesis-pro-1200-99-02-hurricane-700-96-97-msx-110-msx-140-03-04-sl75-sl-650-94-95-sl-slt-700-96-sl780-96-97\/","title":{"rendered":"ALL BALLS JAV\u00cdT\u00d3 K\u00c9SZLET POLARIS FREEDOM \/ SLH 700 &#8217;01 -&#8217;04, Genesis \/ Pro 1200 &#8217;99 -&#8217;02, Hurricane 700 &#8217;96 -&#8217;97, MSX 110 \/ MSX 140 &#8217;03 -&#8217;04, SL75 , SL 650 &#8217;94 -&#8217;95, SL \/ SLT 700 &#8217;96, SL780 &#8217;96 -&#8217;97, SL900 &#8217;96 -&#8217;97, SLH \/ SLTH 700 &#8216;9"},"content":{"rendered":"<p>ALL BALLS JAV\u00cdT\u00d3 K\u00c9SZLET POLARIS FREEDOM \/ SLH 700 &#8217;01 -&#8217;04, Genesis \/ Pro 1200 &#8217;99 -&#8217;02, Hurricane 700 &#8217;96 -&#8217;97, MSX 110 \/ MSX 140 &#8217;03 -&#8217;04, SL75 , SL 650 &#8217;94 -&#8217;95, SL \/ SLT 700 &#8217;96, SL780 &#8217;96 -&#8217;97, SL900 &#8217;96 -&#8217;97, SLH \/ SLTH 700 &#8216;9<\/p>\n<p>EAN: 14-3043<\/p>\n<p>SKU: 14-3043<\/p>\n","protected":false},"excerpt":{"rendered":"<p>ALL BALLS JAV\u00cdT\u00d3 K\u00c9SZLET POLARIS FREEDOM \/ SLH 700 &#8217;01 -&#8217;04, Genesis \/ Pro 1200 &#8217;99 -&#8217;02, Hurricane 700 &#8217;96 -&#8217;97, MSX 110 \/ MSX 140 &#8217;03 -&#8217;04, SL75 , SL 650 &#8217;94 -&#8217;95, SL \/ SLT 700 &#8217;96, SL780 &#8217;96 -&#8217;97, SL900 &#8217;96 -&#8217;97, SLH \/ SLTH 700 &#8216;9<\/p>\n","protected":false},"featured_media":54325,"comment_status":"closed","ping_status":"open","template":"","meta":{"_monsterinsights_skip_tracking":false,"_monsterinsights_sitenote_active":false,"_monsterinsights_sitenote_note":"","_monsterinsights_sitenote_category":0},"product_cat":[179],"product_tag":[156,181],"class_list":{"0":"post-54356","1":"product","2":"type-product","3":"status-publish","4":"has-post-thumbnail","6":"product_cat-jet-ski","7":"product_tag-atv","8":"product_tag-polaris","9":"pa_marka-all-balls","11":"first","12":"instock","13":"taxable","14":"shipping-taxable","15":"purchasable","16":"product-type-simple"},"yoast_head":"<!-- This site is optimized with the Yoast SEO Premium plugin v22.6 (Yoast SEO v22.6) - https:\/\/yoast.com\/wordpress\/plugins\/seo\/ -->\n<title>ALL BALLS JAV\u00cdT\u00d3 K\u00c9SZLET POLARIS FREEDOM \/ SLH 700 &#039;01 -&#039;04, Genesis \/ Pro 1200 &#039;99 -&#039;02, Hurricane 700 &#039;96 -&#039;97, MSX 110 \/ MSX 140 &#039;03 -&#039;04, SL75 , SL 650 &#039;94 -&#039;95, SL \/ SLT 700 &#039;96, SL780 &#039;96 -&#039;97, SL900 &#039;96 -&#039;97, SLH \/ SLTH 700 &#039;9 - V3 ATV-PARTS.HU<\/title>\n<meta name=\"robots\" content=\"index, follow, max-snippet:-1, max-image-preview:large, max-video-preview:-1\" \/>\n<link rel=\"canonical\" href=\"https:\/\/v3.atv-parts.hu\/index.php\/termek\/all-balls-javito-keszlet-polaris-freedom-slh-700-01-04-genesis-pro-1200-99-02-hurricane-700-96-97-msx-110-msx-140-03-04-sl75-sl-650-94-95-sl-slt-700-96-sl780-96-97\/\" \/>\n<meta property=\"og:locale\" content=\"hu_HU\" \/>\n<meta property=\"og:type\" content=\"article\" \/>\n<meta property=\"og:title\" content=\"ALL BALLS JAV\u00cdT\u00d3 K\u00c9SZLET POLARIS FREEDOM \/ SLH 700 &#039;01 -&#039;04, Genesis \/ Pro 1200 &#039;99 -&#039;02, Hurricane 700 &#039;96 -&#039;97, MSX 110 \/ MSX 140 &#039;03 -&#039;04, SL75 , SL 650 &#039;94 -&#039;95, SL \/ SLT 700 &#039;96, SL780 &#039;96 -&#039;97, SL900 &#039;96 -&#039;97, SLH \/ SLTH 700 &#039;9\" \/>\n<meta property=\"og:description\" content=\"ALL BALLS JAV\u00cdT\u00d3 K\u00c9SZLET POLARIS FREEDOM \/ SLH 700 &#039;01 -&#039;04, Genesis \/ Pro 1200 &#039;99 -&#039;02, Hurricane 700 &#039;96 -&#039;97, MSX 110 \/ MSX 140 &#039;03 -&#039;04, SL75 , SL 650 &#039;94 -&#039;95, SL \/ SLT 700 &#039;96, SL780 &#039;96 -&#039;97, SL900 &#039;96 -&#039;97, SLH \/ SLTH 700 &#039;9\" \/>\n<meta property=\"og:url\" content=\"https:\/\/v3.atv-parts.hu\/index.php\/termek\/all-balls-javito-keszlet-polaris-freedom-slh-700-01-04-genesis-pro-1200-99-02-hurricane-700-96-97-msx-110-msx-140-03-04-sl75-sl-650-94-95-sl-slt-700-96-sl780-96-97\/\" \/>\n<meta property=\"og:site_name\" content=\"V3 ATV-PARTS.HU\" \/>\n<meta property=\"article:publisher\" content=\"https:\/\/www.facebook.com\/atvpartsHU\" \/>\n<meta property=\"article:modified_time\" content=\"2024-05-03T14:20:10+00:00\" \/>\n<meta property=\"og:image\" content=\"https:\/\/v3.atv-parts.hu\/wp-content\/uploads\/2024\/03\/all-balls-2021-12-zestaw-naprawczy-turbiny-napedow.jpg\" \/>\n\t<meta property=\"og:image:width\" content=\"800\" \/>\n\t<meta property=\"og:image:height\" content=\"800\" \/>\n\t<meta property=\"og:image:type\" content=\"image\/jpeg\" \/>\n<meta name=\"twitter:card\" content=\"summary_large_image\" \/>\n<meta name=\"twitter:label1\" content=\"\u00c1r\" \/>\n\t<meta name=\"twitter:data1\" content=\"8215,63&nbsp;&#70;&#116; \u00c1F\u00c1-val\" \/>\n\t<meta name=\"twitter:label2\" content=\"El\u00e9rhet\u0151s\u00e9g\" \/>\n\t<meta name=\"twitter:data2\" content=\"K\u00e9szleten\" \/>\n<script type=\"application\/ld+json\" class=\"yoast-schema-graph\">{\"@context\":\"https:\/\/schema.org\",\"@graph\":[{\"@type\":\"WebPage\",\"@id\":\"https:\/\/v3.atv-parts.hu\/index.php\/termek\/all-balls-javito-keszlet-polaris-freedom-slh-700-01-04-genesis-pro-1200-99-02-hurricane-700-96-97-msx-110-msx-140-03-04-sl75-sl-650-94-95-sl-slt-700-96-sl780-96-97\/\",\"url\":\"https:\/\/v3.atv-parts.hu\/index.php\/termek\/all-balls-javito-keszlet-polaris-freedom-slh-700-01-04-genesis-pro-1200-99-02-hurricane-700-96-97-msx-110-msx-140-03-04-sl75-sl-650-94-95-sl-slt-700-96-sl780-96-97\/\",\"name\":\"ALL BALLS JAV\u00cdT\u00d3 K\u00c9SZLET POLARIS FREEDOM \/ SLH 700 '01 -'04, Genesis \/ Pro 1200 '99 -'02, Hurricane 700 '96 -'97, MSX 110 \/ MSX 140 '03 -'04, SL75 , SL 650 '94 -'95, SL \/ SLT 700 '96, SL780 '96 -'97, SL900 '96 -'97, SLH \/ SLTH 700 '9 - V3 ATV-PARTS.HU\",\"isPartOf\":{\"@id\":\"https:\/\/v3.atv-parts.hu\/#website\"},\"primaryImageOfPage\":{\"@id\":\"https:\/\/v3.atv-parts.hu\/index.php\/termek\/all-balls-javito-keszlet-polaris-freedom-slh-700-01-04-genesis-pro-1200-99-02-hurricane-700-96-97-msx-110-msx-140-03-04-sl75-sl-650-94-95-sl-slt-700-96-sl780-96-97\/#primaryimage\"},\"image\":{\"@id\":\"https:\/\/v3.atv-parts.hu\/index.php\/termek\/all-balls-javito-keszlet-polaris-freedom-slh-700-01-04-genesis-pro-1200-99-02-hurricane-700-96-97-msx-110-msx-140-03-04-sl75-sl-650-94-95-sl-slt-700-96-sl780-96-97\/#primaryimage\"},\"thumbnailUrl\":\"https:\/\/v3.atv-parts.hu\/wp-content\/uploads\/2024\/03\/all-balls-2021-12-zestaw-naprawczy-turbiny-napedow.jpg\",\"datePublished\":\"2024-03-27T13:50:04+00:00\",\"dateModified\":\"2024-05-03T14:20:10+00:00\",\"breadcrumb\":{\"@id\":\"https:\/\/v3.atv-parts.hu\/index.php\/termek\/all-balls-javito-keszlet-polaris-freedom-slh-700-01-04-genesis-pro-1200-99-02-hurricane-700-96-97-msx-110-msx-140-03-04-sl75-sl-650-94-95-sl-slt-700-96-sl780-96-97\/#breadcrumb\"},\"inLanguage\":\"hu\",\"potentialAction\":[{\"@type\":\"ReadAction\",\"target\":[\"https:\/\/v3.atv-parts.hu\/index.php\/termek\/all-balls-javito-keszlet-polaris-freedom-slh-700-01-04-genesis-pro-1200-99-02-hurricane-700-96-97-msx-110-msx-140-03-04-sl75-sl-650-94-95-sl-slt-700-96-sl780-96-97\/\"]}]},{\"@type\":\"ImageObject\",\"inLanguage\":\"hu\",\"@id\":\"https:\/\/v3.atv-parts.hu\/index.php\/termek\/all-balls-javito-keszlet-polaris-freedom-slh-700-01-04-genesis-pro-1200-99-02-hurricane-700-96-97-msx-110-msx-140-03-04-sl75-sl-650-94-95-sl-slt-700-96-sl780-96-97\/#primaryimage\",\"url\":\"https:\/\/v3.atv-parts.hu\/wp-content\/uploads\/2024\/03\/all-balls-2021-12-zestaw-naprawczy-turbiny-napedow.jpg\",\"contentUrl\":\"https:\/\/v3.atv-parts.hu\/wp-content\/uploads\/2024\/03\/all-balls-2021-12-zestaw-naprawczy-turbiny-napedow.jpg\",\"width\":800,\"height\":800},{\"@type\":\"BreadcrumbList\",\"@id\":\"https:\/\/v3.atv-parts.hu\/index.php\/termek\/all-balls-javito-keszlet-polaris-freedom-slh-700-01-04-genesis-pro-1200-99-02-hurricane-700-96-97-msx-110-msx-140-03-04-sl75-sl-650-94-95-sl-slt-700-96-sl780-96-97\/#breadcrumb\",\"itemListElement\":[{\"@type\":\"ListItem\",\"position\":1,\"name\":\"Kezd\u0151lap\",\"item\":\"https:\/\/v3.atv-parts.hu\/\"},{\"@type\":\"ListItem\",\"position\":2,\"name\":\"Bolt\",\"item\":\"https:\/\/v3.atv-parts.hu\/index.php\/bolt\/\"},{\"@type\":\"ListItem\",\"position\":3,\"name\":\"ALL BALLS JAV\u00cdT\u00d3 K\u00c9SZLET POLARIS FREEDOM \/ SLH 700 &#8217;01 -&#8217;04, Genesis \/ Pro 1200 &#8217;99 -&#8217;02, Hurricane 700 &#8217;96 -&#8217;97, MSX 110 \/ MSX 140 &#8217;03 -&#8217;04, SL75 , SL 650 &#8217;94 -&#8217;95, SL \/ SLT 700 &#8217;96, SL780 &#8217;96 -&#8217;97, SL900 &#8217;96 -&#8217;97, SLH \/ SLTH 700 &#8216;9\"}]},{\"@type\":\"WebSite\",\"@id\":\"https:\/\/v3.atv-parts.hu\/#website\",\"url\":\"https:\/\/v3.atv-parts.hu\/\",\"name\":\"V3 ATV-PARTS.HU\",\"description\":\"\",\"publisher\":{\"@id\":\"https:\/\/v3.atv-parts.hu\/#organization\"},\"potentialAction\":[{\"@type\":\"SearchAction\",\"target\":{\"@type\":\"EntryPoint\",\"urlTemplate\":\"https:\/\/v3.atv-parts.hu\/?s={search_term_string}\"},\"query-input\":\"required name=search_term_string\"}],\"inLanguage\":\"hu\"},{\"@type\":\"Organization\",\"@id\":\"https:\/\/v3.atv-parts.hu\/#organization\",\"name\":\"V3 ATV-PARTS.HU\",\"url\":\"https:\/\/v3.atv-parts.hu\/\",\"logo\":{\"@type\":\"ImageObject\",\"inLanguage\":\"hu\",\"@id\":\"https:\/\/v3.atv-parts.hu\/#\/schema\/logo\/image\/\",\"url\":\"https:\/\/v3.atv-parts.hu\/wp-content\/uploads\/2021\/02\/cropped-cropped-atvlogo-1-1-1.png\",\"contentUrl\":\"https:\/\/v3.atv-parts.hu\/wp-content\/uploads\/2021\/02\/cropped-cropped-atvlogo-1-1-1.png\",\"width\":267,\"height\":160,\"caption\":\"V3 ATV-PARTS.HU\"},\"image\":{\"@id\":\"https:\/\/v3.atv-parts.hu\/#\/schema\/logo\/image\/\"},\"sameAs\":[\"https:\/\/www.facebook.com\/atvpartsHU\"]}]}<\/script>\n<meta property=\"product:price:amount\" content=\"8215.63\" \/>\n<meta property=\"product:price:currency\" content=\"HUF\" \/>\n<meta property=\"og:availability\" content=\"instock\" \/>\n<meta property=\"product:availability\" content=\"instock\" \/>\n<meta property=\"product:retailer_item_id\" content=\"14-3043\" \/>\n<meta property=\"product:condition\" content=\"new\" \/>\n<!-- \/ Yoast SEO Premium plugin. -->","yoast_head_json":{"title":"ALL BALLS JAV\u00cdT\u00d3 K\u00c9SZLET POLARIS FREEDOM \/ SLH 700 '01 -'04, Genesis \/ Pro 1200 '99 -'02, Hurricane 700 '96 -'97, MSX 110 \/ MSX 140 '03 -'04, SL75 , SL 650 '94 -'95, SL \/ SLT 700 '96, SL780 '96 -'97, SL900 '96 -'97, SLH \/ SLTH 700 '9 - V3 ATV-PARTS.HU","robots":{"index":"index","follow":"follow","max-snippet":"max-snippet:-1","max-image-preview":"max-image-preview:large","max-video-preview":"max-video-preview:-1"},"canonical":"https:\/\/v3.atv-parts.hu\/index.php\/termek\/all-balls-javito-keszlet-polaris-freedom-slh-700-01-04-genesis-pro-1200-99-02-hurricane-700-96-97-msx-110-msx-140-03-04-sl75-sl-650-94-95-sl-slt-700-96-sl780-96-97\/","og_locale":"hu_HU","og_type":"article","og_title":"ALL BALLS JAV\u00cdT\u00d3 K\u00c9SZLET POLARIS FREEDOM \/ SLH 700 '01 -'04, Genesis \/ Pro 1200 '99 -'02, Hurricane 700 '96 -'97, MSX 110 \/ MSX 140 '03 -'04, SL75 , SL 650 '94 -'95, SL \/ SLT 700 '96, SL780 '96 -'97, SL900 '96 -'97, SLH \/ SLTH 700 '9","og_description":"ALL BALLS JAV\u00cdT\u00d3 K\u00c9SZLET POLARIS FREEDOM \/ SLH 700 '01 -'04, Genesis \/ Pro 1200 '99 -'02, Hurricane 700 '96 -'97, MSX 110 \/ MSX 140 '03 -'04, SL75 , SL 650 '94 -'95, SL \/ SLT 700 '96, SL780 '96 -'97, SL900 '96 -'97, SLH \/ SLTH 700 '9","og_url":"https:\/\/v3.atv-parts.hu\/index.php\/termek\/all-balls-javito-keszlet-polaris-freedom-slh-700-01-04-genesis-pro-1200-99-02-hurricane-700-96-97-msx-110-msx-140-03-04-sl75-sl-650-94-95-sl-slt-700-96-sl780-96-97\/","og_site_name":"V3 ATV-PARTS.HU","article_publisher":"https:\/\/www.facebook.com\/atvpartsHU","article_modified_time":"2024-05-03T14:20:10+00:00","og_image":[{"width":800,"height":800,"url":"https:\/\/v3.atv-parts.hu\/wp-content\/uploads\/2024\/03\/all-balls-2021-12-zestaw-naprawczy-turbiny-napedow.jpg","type":"image\/jpeg"}],"twitter_card":"summary_large_image","twitter_misc":{"\u00c1r":"8215,63&nbsp;&#70;&#116; \u00c1F\u00c1-val","El\u00e9rhet\u0151s\u00e9g":"K\u00e9szleten"},"schema":{"@context":"https:\/\/schema.org","@graph":[{"@type":"WebPage","@id":"https:\/\/v3.atv-parts.hu\/index.php\/termek\/all-balls-javito-keszlet-polaris-freedom-slh-700-01-04-genesis-pro-1200-99-02-hurricane-700-96-97-msx-110-msx-140-03-04-sl75-sl-650-94-95-sl-slt-700-96-sl780-96-97\/","url":"https:\/\/v3.atv-parts.hu\/index.php\/termek\/all-balls-javito-keszlet-polaris-freedom-slh-700-01-04-genesis-pro-1200-99-02-hurricane-700-96-97-msx-110-msx-140-03-04-sl75-sl-650-94-95-sl-slt-700-96-sl780-96-97\/","name":"ALL BALLS JAV\u00cdT\u00d3 K\u00c9SZLET POLARIS FREEDOM \/ SLH 700 '01 -'04, Genesis \/ Pro 1200 '99 -'02, Hurricane 700 '96 -'97, MSX 110 \/ MSX 140 '03 -'04, SL75 , SL 650 '94 -'95, SL \/ SLT 700 '96, SL780 '96 -'97, SL900 '96 -'97, SLH \/ SLTH 700 '9 - V3 ATV-PARTS.HU","isPartOf":{"@id":"https:\/\/v3.atv-parts.hu\/#website"},"primaryImageOfPage":{"@id":"https:\/\/v3.atv-parts.hu\/index.php\/termek\/all-balls-javito-keszlet-polaris-freedom-slh-700-01-04-genesis-pro-1200-99-02-hurricane-700-96-97-msx-110-msx-140-03-04-sl75-sl-650-94-95-sl-slt-700-96-sl780-96-97\/#primaryimage"},"image":{"@id":"https:\/\/v3.atv-parts.hu\/index.php\/termek\/all-balls-javito-keszlet-polaris-freedom-slh-700-01-04-genesis-pro-1200-99-02-hurricane-700-96-97-msx-110-msx-140-03-04-sl75-sl-650-94-95-sl-slt-700-96-sl780-96-97\/#primaryimage"},"thumbnailUrl":"https:\/\/v3.atv-parts.hu\/wp-content\/uploads\/2024\/03\/all-balls-2021-12-zestaw-naprawczy-turbiny-napedow.jpg","datePublished":"2024-03-27T13:50:04+00:00","dateModified":"2024-05-03T14:20:10+00:00","breadcrumb":{"@id":"https:\/\/v3.atv-parts.hu\/index.php\/termek\/all-balls-javito-keszlet-polaris-freedom-slh-700-01-04-genesis-pro-1200-99-02-hurricane-700-96-97-msx-110-msx-140-03-04-sl75-sl-650-94-95-sl-slt-700-96-sl780-96-97\/#breadcrumb"},"inLanguage":"hu","potentialAction":[{"@type":"ReadAction","target":["https:\/\/v3.atv-parts.hu\/index.php\/termek\/all-balls-javito-keszlet-polaris-freedom-slh-700-01-04-genesis-pro-1200-99-02-hurricane-700-96-97-msx-110-msx-140-03-04-sl75-sl-650-94-95-sl-slt-700-96-sl780-96-97\/"]}]},{"@type":"ImageObject","inLanguage":"hu","@id":"https:\/\/v3.atv-parts.hu\/index.php\/termek\/all-balls-javito-keszlet-polaris-freedom-slh-700-01-04-genesis-pro-1200-99-02-hurricane-700-96-97-msx-110-msx-140-03-04-sl75-sl-650-94-95-sl-slt-700-96-sl780-96-97\/#primaryimage","url":"https:\/\/v3.atv-parts.hu\/wp-content\/uploads\/2024\/03\/all-balls-2021-12-zestaw-naprawczy-turbiny-napedow.jpg","contentUrl":"https:\/\/v3.atv-parts.hu\/wp-content\/uploads\/2024\/03\/all-balls-2021-12-zestaw-naprawczy-turbiny-napedow.jpg","width":800,"height":800},{"@type":"BreadcrumbList","@id":"https:\/\/v3.atv-parts.hu\/index.php\/termek\/all-balls-javito-keszlet-polaris-freedom-slh-700-01-04-genesis-pro-1200-99-02-hurricane-700-96-97-msx-110-msx-140-03-04-sl75-sl-650-94-95-sl-slt-700-96-sl780-96-97\/#breadcrumb","itemListElement":[{"@type":"ListItem","position":1,"name":"Kezd\u0151lap","item":"https:\/\/v3.atv-parts.hu\/"},{"@type":"ListItem","position":2,"name":"Bolt","item":"https:\/\/v3.atv-parts.hu\/index.php\/bolt\/"},{"@type":"ListItem","position":3,"name":"ALL BALLS JAV\u00cdT\u00d3 K\u00c9SZLET POLARIS FREEDOM \/ SLH 700 &#8217;01 -&#8217;04, Genesis \/ Pro 1200 &#8217;99 -&#8217;02, Hurricane 700 &#8217;96 -&#8217;97, MSX 110 \/ MSX 140 &#8217;03 -&#8217;04, SL75 , SL 650 &#8217;94 -&#8217;95, SL \/ SLT 700 &#8217;96, SL780 &#8217;96 -&#8217;97, SL900 &#8217;96 -&#8217;97, SLH \/ SLTH 700 &#8216;9"}]},{"@type":"WebSite","@id":"https:\/\/v3.atv-parts.hu\/#website","url":"https:\/\/v3.atv-parts.hu\/","name":"V3 ATV-PARTS.HU","description":"","publisher":{"@id":"https:\/\/v3.atv-parts.hu\/#organization"},"potentialAction":[{"@type":"SearchAction","target":{"@type":"EntryPoint","urlTemplate":"https:\/\/v3.atv-parts.hu\/?s={search_term_string}"},"query-input":"required name=search_term_string"}],"inLanguage":"hu"},{"@type":"Organization","@id":"https:\/\/v3.atv-parts.hu\/#organization","name":"V3 ATV-PARTS.HU","url":"https:\/\/v3.atv-parts.hu\/","logo":{"@type":"ImageObject","inLanguage":"hu","@id":"https:\/\/v3.atv-parts.hu\/#\/schema\/logo\/image\/","url":"https:\/\/v3.atv-parts.hu\/wp-content\/uploads\/2021\/02\/cropped-cropped-atvlogo-1-1-1.png","contentUrl":"https:\/\/v3.atv-parts.hu\/wp-content\/uploads\/2021\/02\/cropped-cropped-atvlogo-1-1-1.png","width":267,"height":160,"caption":"V3 ATV-PARTS.HU"},"image":{"@id":"https:\/\/v3.atv-parts.hu\/#\/schema\/logo\/image\/"},"sameAs":["https:\/\/www.facebook.com\/atvpartsHU"]}]},"product_price_amount":"8215.63","product_price_currency":"HUF","og_availability":"instock","product_availability":"instock","product_retailer_item_id":"14-3043","product_condition":"new"},"_links":{"self":[{"href":"https:\/\/v3.atv-parts.hu\/index.php\/wp-json\/wp\/v2\/product\/54356","targetHints":{"allow":["GET"]}}],"collection":[{"href":"https:\/\/v3.atv-parts.hu\/index.php\/wp-json\/wp\/v2\/product"}],"about":[{"href":"https:\/\/v3.atv-parts.hu\/index.php\/wp-json\/wp\/v2\/types\/product"}],"replies":[{"embeddable":true,"href":"https:\/\/v3.atv-parts.hu\/index.php\/wp-json\/wp\/v2\/comments?post=54356"}],"wp:featuredmedia":[{"embeddable":true,"href":"https:\/\/v3.atv-parts.hu\/index.php\/wp-json\/wp\/v2\/media\/54325"}],"wp:attachment":[{"href":"https:\/\/v3.atv-parts.hu\/index.php\/wp-json\/wp\/v2\/media?parent=54356"}],"wp:term":[{"taxonomy":"product_cat","embeddable":true,"href":"https:\/\/v3.atv-parts.hu\/index.php\/wp-json\/wp\/v2\/product_cat?post=54356"},{"taxonomy":"product_tag","embeddable":true,"href":"https:\/\/v3.atv-parts.hu\/index.php\/wp-json\/wp\/v2\/product_tag?post=54356"}],"curies":[{"name":"wp","href":"https:\/\/api.w.org\/{rel}","templated":true}]}}