{"id":55492,"date":"2024-03-27T15:30:57","date_gmt":"2024-03-27T14:30:57","guid":{"rendered":"https:\/\/v3.atv-parts.hu\/index.php\/termek\/metzeler-elso-gumi-3-00-19-perfect-me11-49s-tt-m-c-dot-2022-02\/"},"modified":"2024-05-03T16:26:51","modified_gmt":"2024-05-03T14:26:51","slug":"metzeler-elso-gumi-3-00-19-perfect-me11-49s-tt-m-c-dot-2022-02","status":"publish","type":"product","link":"https:\/\/v3.atv-parts.hu\/index.php\/termek\/metzeler-elso-gumi-3-00-19-perfect-me11-49s-tt-m-c-dot-2022-02\/","title":{"rendered":"METZELER ELS\u0150 GUMI 3.00-19 PERFECT ME11 49S TT M \/ C DOT 2022.02."},"content":{"rendered":"<p>METZELER ELS\u0150 GUMI 3.00-19 PERFECT ME11 49S TT M \/ C DOT 2022.02.<\/p>\n<p>EAN: 0747200\/22<\/p>\n<p>SKU: 0747200\/22<\/p>\n","protected":false},"excerpt":{"rendered":"<p>METZELER ELS\u0150 GUMI 3.00-19 PERFECT ME11 49S TT M \/ C DOT 2022.02.<\/p>\n","protected":false},"featured_media":55493,"comment_status":"closed","ping_status":"open","template":"","meta":{"_monsterinsights_skip_tracking":false,"_monsterinsights_sitenote_active":false,"_monsterinsights_sitenote_note":"","_monsterinsights_sitenote_category":0},"product_cat":[314,980],"product_tag":[312,311],"class_list":{"0":"post-55492","1":"product","2":"type-product","3":"status-publish","4":"has-post-thumbnail","6":"product_cat-gumiabroncsok","7":"product_cat-oldtimer","8":"product_tag-atv-utv-gumik","9":"product_tag-gumik","10":"pa_marka-metzeler","12":"first","13":"instock","14":"taxable","15":"shipping-taxable","16":"purchasable","17":"product-type-simple"},"yoast_head":"<!-- This site is optimized with the Yoast SEO Premium plugin v22.6 (Yoast SEO v22.6) - https:\/\/yoast.com\/wordpress\/plugins\/seo\/ -->\n<title>METZELER ELS\u0150 GUMI 3.00-19 PERFECT ME11 49S TT M \/ C DOT 2022.02. - V3 ATV-PARTS.HU<\/title>\n<meta name=\"robots\" content=\"index, follow, max-snippet:-1, max-image-preview:large, max-video-preview:-1\" \/>\n<link rel=\"canonical\" href=\"https:\/\/v3.atv-parts.hu\/index.php\/termek\/metzeler-elso-gumi-3-00-19-perfect-me11-49s-tt-m-c-dot-2022-02\/\" \/>\n<meta property=\"og:locale\" content=\"hu_HU\" \/>\n<meta property=\"og:type\" content=\"article\" \/>\n<meta property=\"og:title\" content=\"METZELER ELS\u0150 GUMI 3.00-19 PERFECT ME11 49S TT M \/ C DOT 2022.02.\" \/>\n<meta property=\"og:description\" content=\"METZELER ELS\u0150 GUMI 3.00-19 PERFECT ME11 49S TT M \/ C DOT 2022.02.\" \/>\n<meta property=\"og:url\" content=\"https:\/\/v3.atv-parts.hu\/index.php\/termek\/metzeler-elso-gumi-3-00-19-perfect-me11-49s-tt-m-c-dot-2022-02\/\" \/>\n<meta property=\"og:site_name\" content=\"V3 ATV-PARTS.HU\" \/>\n<meta property=\"article:publisher\" content=\"https:\/\/www.facebook.com\/atvpartsHU\" \/>\n<meta property=\"article:modified_time\" content=\"2024-05-03T14:26:51+00:00\" \/>\n<meta property=\"og:image\" content=\"https:\/\/v3.atv-parts.hu\/wp-content\/uploads\/2024\/03\/metzeler-opona-3-00-19-perfect-me11-49s-tt-m-c-prz.jpg\" \/>\n\t<meta property=\"og:image:width\" content=\"346\" \/>\n\t<meta property=\"og:image:height\" content=\"516\" \/>\n\t<meta property=\"og:image:type\" content=\"image\/jpeg\" \/>\n<meta name=\"twitter:card\" content=\"summary_large_image\" \/>\n<meta name=\"twitter:label1\" content=\"\u00c1r\" \/>\n\t<meta name=\"twitter:data1\" content=\"50991,77&nbsp;&#70;&#116; \u00c1F\u00c1-val\" \/>\n\t<meta name=\"twitter:label2\" content=\"El\u00e9rhet\u0151s\u00e9g\" \/>\n\t<meta name=\"twitter:data2\" content=\"K\u00e9szleten\" \/>\n<script type=\"application\/ld+json\" class=\"yoast-schema-graph\">{\"@context\":\"https:\/\/schema.org\",\"@graph\":[{\"@type\":\"WebPage\",\"@id\":\"https:\/\/v3.atv-parts.hu\/index.php\/termek\/metzeler-elso-gumi-3-00-19-perfect-me11-49s-tt-m-c-dot-2022-02\/\",\"url\":\"https:\/\/v3.atv-parts.hu\/index.php\/termek\/metzeler-elso-gumi-3-00-19-perfect-me11-49s-tt-m-c-dot-2022-02\/\",\"name\":\"METZELER ELS\u0150 GUMI 3.00-19 PERFECT ME11 49S TT M \/ C DOT 2022.02. - V3 ATV-PARTS.HU\",\"isPartOf\":{\"@id\":\"https:\/\/v3.atv-parts.hu\/#website\"},\"primaryImageOfPage\":{\"@id\":\"https:\/\/v3.atv-parts.hu\/index.php\/termek\/metzeler-elso-gumi-3-00-19-perfect-me11-49s-tt-m-c-dot-2022-02\/#primaryimage\"},\"image\":{\"@id\":\"https:\/\/v3.atv-parts.hu\/index.php\/termek\/metzeler-elso-gumi-3-00-19-perfect-me11-49s-tt-m-c-dot-2022-02\/#primaryimage\"},\"thumbnailUrl\":\"https:\/\/v3.atv-parts.hu\/wp-content\/uploads\/2024\/03\/metzeler-opona-3-00-19-perfect-me11-49s-tt-m-c-prz.jpg\",\"datePublished\":\"2024-03-27T14:30:57+00:00\",\"dateModified\":\"2024-05-03T14:26:51+00:00\",\"breadcrumb\":{\"@id\":\"https:\/\/v3.atv-parts.hu\/index.php\/termek\/metzeler-elso-gumi-3-00-19-perfect-me11-49s-tt-m-c-dot-2022-02\/#breadcrumb\"},\"inLanguage\":\"hu\",\"potentialAction\":[{\"@type\":\"ReadAction\",\"target\":[\"https:\/\/v3.atv-parts.hu\/index.php\/termek\/metzeler-elso-gumi-3-00-19-perfect-me11-49s-tt-m-c-dot-2022-02\/\"]}]},{\"@type\":\"ImageObject\",\"inLanguage\":\"hu\",\"@id\":\"https:\/\/v3.atv-parts.hu\/index.php\/termek\/metzeler-elso-gumi-3-00-19-perfect-me11-49s-tt-m-c-dot-2022-02\/#primaryimage\",\"url\":\"https:\/\/v3.atv-parts.hu\/wp-content\/uploads\/2024\/03\/metzeler-opona-3-00-19-perfect-me11-49s-tt-m-c-prz.jpg\",\"contentUrl\":\"https:\/\/v3.atv-parts.hu\/wp-content\/uploads\/2024\/03\/metzeler-opona-3-00-19-perfect-me11-49s-tt-m-c-prz.jpg\",\"width\":346,\"height\":516},{\"@type\":\"BreadcrumbList\",\"@id\":\"https:\/\/v3.atv-parts.hu\/index.php\/termek\/metzeler-elso-gumi-3-00-19-perfect-me11-49s-tt-m-c-dot-2022-02\/#breadcrumb\",\"itemListElement\":[{\"@type\":\"ListItem\",\"position\":1,\"name\":\"Kezd\u0151lap\",\"item\":\"https:\/\/v3.atv-parts.hu\/\"},{\"@type\":\"ListItem\",\"position\":2,\"name\":\"Bolt\",\"item\":\"https:\/\/v3.atv-parts.hu\/index.php\/bolt\/\"},{\"@type\":\"ListItem\",\"position\":3,\"name\":\"METZELER ELS\u0150 GUMI 3.00-19 PERFECT ME11 49S TT M \/ C DOT 2022.02.\"}]},{\"@type\":\"WebSite\",\"@id\":\"https:\/\/v3.atv-parts.hu\/#website\",\"url\":\"https:\/\/v3.atv-parts.hu\/\",\"name\":\"V3 ATV-PARTS.HU\",\"description\":\"\",\"publisher\":{\"@id\":\"https:\/\/v3.atv-parts.hu\/#organization\"},\"potentialAction\":[{\"@type\":\"SearchAction\",\"target\":{\"@type\":\"EntryPoint\",\"urlTemplate\":\"https:\/\/v3.atv-parts.hu\/?s={search_term_string}\"},\"query-input\":\"required name=search_term_string\"}],\"inLanguage\":\"hu\"},{\"@type\":\"Organization\",\"@id\":\"https:\/\/v3.atv-parts.hu\/#organization\",\"name\":\"V3 ATV-PARTS.HU\",\"url\":\"https:\/\/v3.atv-parts.hu\/\",\"logo\":{\"@type\":\"ImageObject\",\"inLanguage\":\"hu\",\"@id\":\"https:\/\/v3.atv-parts.hu\/#\/schema\/logo\/image\/\",\"url\":\"https:\/\/v3.atv-parts.hu\/wp-content\/uploads\/2021\/02\/cropped-cropped-atvlogo-1-1-1.png\",\"contentUrl\":\"https:\/\/v3.atv-parts.hu\/wp-content\/uploads\/2021\/02\/cropped-cropped-atvlogo-1-1-1.png\",\"width\":267,\"height\":160,\"caption\":\"V3 ATV-PARTS.HU\"},\"image\":{\"@id\":\"https:\/\/v3.atv-parts.hu\/#\/schema\/logo\/image\/\"},\"sameAs\":[\"https:\/\/www.facebook.com\/atvpartsHU\"]}]}<\/script>\n<meta property=\"product:price:amount\" content=\"50991.77\" \/>\n<meta property=\"product:price:currency\" content=\"HUF\" \/>\n<meta property=\"og:availability\" content=\"instock\" \/>\n<meta property=\"product:availability\" content=\"instock\" \/>\n<meta property=\"product:retailer_item_id\" content=\"0747200\/22\" \/>\n<meta property=\"product:condition\" content=\"new\" \/>\n<!-- \/ Yoast SEO Premium plugin. -->","yoast_head_json":{"title":"METZELER ELS\u0150 GUMI 3.00-19 PERFECT ME11 49S TT M \/ C DOT 2022.02. - V3 ATV-PARTS.HU","robots":{"index":"index","follow":"follow","max-snippet":"max-snippet:-1","max-image-preview":"max-image-preview:large","max-video-preview":"max-video-preview:-1"},"canonical":"https:\/\/v3.atv-parts.hu\/index.php\/termek\/metzeler-elso-gumi-3-00-19-perfect-me11-49s-tt-m-c-dot-2022-02\/","og_locale":"hu_HU","og_type":"article","og_title":"METZELER ELS\u0150 GUMI 3.00-19 PERFECT ME11 49S TT M \/ C DOT 2022.02.","og_description":"METZELER ELS\u0150 GUMI 3.00-19 PERFECT ME11 49S TT M \/ C DOT 2022.02.","og_url":"https:\/\/v3.atv-parts.hu\/index.php\/termek\/metzeler-elso-gumi-3-00-19-perfect-me11-49s-tt-m-c-dot-2022-02\/","og_site_name":"V3 ATV-PARTS.HU","article_publisher":"https:\/\/www.facebook.com\/atvpartsHU","article_modified_time":"2024-05-03T14:26:51+00:00","og_image":[{"width":346,"height":516,"url":"https:\/\/v3.atv-parts.hu\/wp-content\/uploads\/2024\/03\/metzeler-opona-3-00-19-perfect-me11-49s-tt-m-c-prz.jpg","type":"image\/jpeg"}],"twitter_card":"summary_large_image","twitter_misc":{"\u00c1r":"50991,77&nbsp;&#70;&#116; \u00c1F\u00c1-val","El\u00e9rhet\u0151s\u00e9g":"K\u00e9szleten"},"schema":{"@context":"https:\/\/schema.org","@graph":[{"@type":"WebPage","@id":"https:\/\/v3.atv-parts.hu\/index.php\/termek\/metzeler-elso-gumi-3-00-19-perfect-me11-49s-tt-m-c-dot-2022-02\/","url":"https:\/\/v3.atv-parts.hu\/index.php\/termek\/metzeler-elso-gumi-3-00-19-perfect-me11-49s-tt-m-c-dot-2022-02\/","name":"METZELER ELS\u0150 GUMI 3.00-19 PERFECT ME11 49S TT M \/ C DOT 2022.02. - V3 ATV-PARTS.HU","isPartOf":{"@id":"https:\/\/v3.atv-parts.hu\/#website"},"primaryImageOfPage":{"@id":"https:\/\/v3.atv-parts.hu\/index.php\/termek\/metzeler-elso-gumi-3-00-19-perfect-me11-49s-tt-m-c-dot-2022-02\/#primaryimage"},"image":{"@id":"https:\/\/v3.atv-parts.hu\/index.php\/termek\/metzeler-elso-gumi-3-00-19-perfect-me11-49s-tt-m-c-dot-2022-02\/#primaryimage"},"thumbnailUrl":"https:\/\/v3.atv-parts.hu\/wp-content\/uploads\/2024\/03\/metzeler-opona-3-00-19-perfect-me11-49s-tt-m-c-prz.jpg","datePublished":"2024-03-27T14:30:57+00:00","dateModified":"2024-05-03T14:26:51+00:00","breadcrumb":{"@id":"https:\/\/v3.atv-parts.hu\/index.php\/termek\/metzeler-elso-gumi-3-00-19-perfect-me11-49s-tt-m-c-dot-2022-02\/#breadcrumb"},"inLanguage":"hu","potentialAction":[{"@type":"ReadAction","target":["https:\/\/v3.atv-parts.hu\/index.php\/termek\/metzeler-elso-gumi-3-00-19-perfect-me11-49s-tt-m-c-dot-2022-02\/"]}]},{"@type":"ImageObject","inLanguage":"hu","@id":"https:\/\/v3.atv-parts.hu\/index.php\/termek\/metzeler-elso-gumi-3-00-19-perfect-me11-49s-tt-m-c-dot-2022-02\/#primaryimage","url":"https:\/\/v3.atv-parts.hu\/wp-content\/uploads\/2024\/03\/metzeler-opona-3-00-19-perfect-me11-49s-tt-m-c-prz.jpg","contentUrl":"https:\/\/v3.atv-parts.hu\/wp-content\/uploads\/2024\/03\/metzeler-opona-3-00-19-perfect-me11-49s-tt-m-c-prz.jpg","width":346,"height":516},{"@type":"BreadcrumbList","@id":"https:\/\/v3.atv-parts.hu\/index.php\/termek\/metzeler-elso-gumi-3-00-19-perfect-me11-49s-tt-m-c-dot-2022-02\/#breadcrumb","itemListElement":[{"@type":"ListItem","position":1,"name":"Kezd\u0151lap","item":"https:\/\/v3.atv-parts.hu\/"},{"@type":"ListItem","position":2,"name":"Bolt","item":"https:\/\/v3.atv-parts.hu\/index.php\/bolt\/"},{"@type":"ListItem","position":3,"name":"METZELER ELS\u0150 GUMI 3.00-19 PERFECT ME11 49S TT M \/ C DOT 2022.02."}]},{"@type":"WebSite","@id":"https:\/\/v3.atv-parts.hu\/#website","url":"https:\/\/v3.atv-parts.hu\/","name":"V3 ATV-PARTS.HU","description":"","publisher":{"@id":"https:\/\/v3.atv-parts.hu\/#organization"},"potentialAction":[{"@type":"SearchAction","target":{"@type":"EntryPoint","urlTemplate":"https:\/\/v3.atv-parts.hu\/?s={search_term_string}"},"query-input":"required name=search_term_string"}],"inLanguage":"hu"},{"@type":"Organization","@id":"https:\/\/v3.atv-parts.hu\/#organization","name":"V3 ATV-PARTS.HU","url":"https:\/\/v3.atv-parts.hu\/","logo":{"@type":"ImageObject","inLanguage":"hu","@id":"https:\/\/v3.atv-parts.hu\/#\/schema\/logo\/image\/","url":"https:\/\/v3.atv-parts.hu\/wp-content\/uploads\/2021\/02\/cropped-cropped-atvlogo-1-1-1.png","contentUrl":"https:\/\/v3.atv-parts.hu\/wp-content\/uploads\/2021\/02\/cropped-cropped-atvlogo-1-1-1.png","width":267,"height":160,"caption":"V3 ATV-PARTS.HU"},"image":{"@id":"https:\/\/v3.atv-parts.hu\/#\/schema\/logo\/image\/"},"sameAs":["https:\/\/www.facebook.com\/atvpartsHU"]}]},"product_price_amount":"50991.77","product_price_currency":"HUF","og_availability":"instock","product_availability":"instock","product_retailer_item_id":"0747200\/22","product_condition":"new"},"_links":{"self":[{"href":"https:\/\/v3.atv-parts.hu\/index.php\/wp-json\/wp\/v2\/product\/55492","targetHints":{"allow":["GET"]}}],"collection":[{"href":"https:\/\/v3.atv-parts.hu\/index.php\/wp-json\/wp\/v2\/product"}],"about":[{"href":"https:\/\/v3.atv-parts.hu\/index.php\/wp-json\/wp\/v2\/types\/product"}],"replies":[{"embeddable":true,"href":"https:\/\/v3.atv-parts.hu\/index.php\/wp-json\/wp\/v2\/comments?post=55492"}],"wp:featuredmedia":[{"embeddable":true,"href":"https:\/\/v3.atv-parts.hu\/index.php\/wp-json\/wp\/v2\/media\/55493"}],"wp:attachment":[{"href":"https:\/\/v3.atv-parts.hu\/index.php\/wp-json\/wp\/v2\/media?parent=55492"}],"wp:term":[{"taxonomy":"product_cat","embeddable":true,"href":"https:\/\/v3.atv-parts.hu\/index.php\/wp-json\/wp\/v2\/product_cat?post=55492"},{"taxonomy":"product_tag","embeddable":true,"href":"https:\/\/v3.atv-parts.hu\/index.php\/wp-json\/wp\/v2\/product_tag?post=55492"}],"curies":[{"name":"wp","href":"https:\/\/api.w.org\/{rel}","templated":true}]}}