{"id":57319,"date":"2024-03-27T16:26:51","date_gmt":"2024-03-27T15:26:51","guid":{"rendered":"https:\/\/v3.atv-parts.hu\/index.php\/termek\/vertex-dugattyu-ape-car-250ccm-18-mm-es-csap-6794-mm-gyuruk-53725006800-x-1-52625006800-x-1\/"},"modified":"2024-05-03T12:28:17","modified_gmt":"2024-05-03T10:28:17","slug":"vertex-dugattyu-ape-car-250ccm-18-mm-es-csap-6794-mm-gyuruk-53725006800-x-1-52625006800-x-1","status":"publish","type":"product","link":"https:\/\/v3.atv-parts.hu\/index.php\/termek\/vertex-dugattyu-ape-car-250ccm-18-mm-es-csap-6794-mm-gyuruk-53725006800-x-1-52625006800-x-1\/","title":{"rendered":"VERTEX DUGATTY\u00da APE CAR 250CCM, 18 mm-es csap (67,94 mm) (GY\u0170R\u0170K 53725006800 X 1, 52625006800 X 1)"},"content":{"rendered":"<p>VERTEX DUGATTY\u00da APE CAR 250CCM, 18 mm-es csap (67,94 mm) (GY\u0170R\u0170K 53725006800 X 1, 52625006800 X 1)<\/p>\n<p>SKU: 21962<\/p>\n","protected":false},"excerpt":{"rendered":"<p>VERTEX DUGATTY\u00da APE CAR 250CCM, 18 mm-es csap (67,94 mm) (GY\u0170R\u0170K 53725006800 X 1, 52625006800 X 1)<\/p>\n","protected":false},"featured_media":57320,"comment_status":"closed","ping_status":"open","template":"","meta":{"_monsterinsights_skip_tracking":false,"_monsterinsights_sitenote_active":false,"_monsterinsights_sitenote_note":"","_monsterinsights_sitenote_category":0},"product_cat":[162,154,153],"product_tag":[],"class_list":{"0":"post-57319","1":"product","2":"type-product","3":"status-publish","4":"has-post-thumbnail","6":"product_cat-dugattyuk-4t-motorokhoz","7":"product_cat-dugattyuk-gyuruk-csapok","8":"product_cat-motor","9":"pa_marka-vertex","11":"first","12":"instock","13":"taxable","14":"shipping-taxable","15":"purchasable","16":"product-type-simple"},"yoast_head":"<!-- This site is optimized with the Yoast SEO Premium plugin v22.6 (Yoast SEO v22.6) - https:\/\/yoast.com\/wordpress\/plugins\/seo\/ -->\n<title>VERTEX DUGATTY\u00da APE CAR 250CCM, 18 mm-es csap (67,94 mm) (GY\u0170R\u0170K 53725006800 X 1, 52625006800 X 1) - V3 ATV-PARTS.HU<\/title>\n<meta name=\"robots\" content=\"index, follow, max-snippet:-1, max-image-preview:large, max-video-preview:-1\" \/>\n<link rel=\"canonical\" href=\"https:\/\/v3.atv-parts.hu\/index.php\/termek\/vertex-dugattyu-ape-car-250ccm-18-mm-es-csap-6794-mm-gyuruk-53725006800-x-1-52625006800-x-1\/\" \/>\n<meta property=\"og:locale\" content=\"hu_HU\" \/>\n<meta property=\"og:type\" content=\"article\" \/>\n<meta property=\"og:title\" content=\"VERTEX DUGATTY\u00da APE CAR 250CCM, 18 mm-es csap (67,94 mm) (GY\u0170R\u0170K 53725006800 X 1, 52625006800 X 1)\" \/>\n<meta property=\"og:description\" content=\"VERTEX DUGATTY\u00da APE CAR 250CCM, 18 mm-es csap (67,94 mm) (GY\u0170R\u0170K 53725006800 X 1, 52625006800 X 1)\" \/>\n<meta property=\"og:url\" content=\"https:\/\/v3.atv-parts.hu\/index.php\/termek\/vertex-dugattyu-ape-car-250ccm-18-mm-es-csap-6794-mm-gyuruk-53725006800-x-1-52625006800-x-1\/\" \/>\n<meta property=\"og:site_name\" content=\"V3 ATV-PARTS.HU\" \/>\n<meta property=\"article:publisher\" content=\"https:\/\/www.facebook.com\/atvpartsHU\" \/>\n<meta property=\"article:modified_time\" content=\"2024-05-03T10:28:17+00:00\" \/>\n<meta property=\"og:image\" content=\"https:\/\/v3.atv-parts.hu\/wp-content\/uploads\/2024\/03\/vertex-tlok-ape-car-250ccm-sworzen-18mm-67-94mm.jpg\" \/>\n\t<meta property=\"og:image:width\" content=\"1200\" \/>\n\t<meta property=\"og:image:height\" content=\"738\" \/>\n\t<meta property=\"og:image:type\" content=\"image\/jpeg\" \/>\n<meta name=\"twitter:card\" content=\"summary_large_image\" \/>\n<meta name=\"twitter:label1\" content=\"\u00c1r\" \/>\n\t<meta name=\"twitter:data1\" content=\"28073,35&nbsp;&#70;&#116; \u00c1F\u00c1-val\" \/>\n\t<meta name=\"twitter:label2\" content=\"El\u00e9rhet\u0151s\u00e9g\" \/>\n\t<meta name=\"twitter:data2\" content=\"K\u00e9szleten\" \/>\n<script type=\"application\/ld+json\" class=\"yoast-schema-graph\">{\"@context\":\"https:\/\/schema.org\",\"@graph\":[{\"@type\":\"WebPage\",\"@id\":\"https:\/\/v3.atv-parts.hu\/index.php\/termek\/vertex-dugattyu-ape-car-250ccm-18-mm-es-csap-6794-mm-gyuruk-53725006800-x-1-52625006800-x-1\/\",\"url\":\"https:\/\/v3.atv-parts.hu\/index.php\/termek\/vertex-dugattyu-ape-car-250ccm-18-mm-es-csap-6794-mm-gyuruk-53725006800-x-1-52625006800-x-1\/\",\"name\":\"VERTEX DUGATTY\u00da APE CAR 250CCM, 18 mm-es csap (67,94 mm) (GY\u0170R\u0170K 53725006800 X 1, 52625006800 X 1) - V3 ATV-PARTS.HU\",\"isPartOf\":{\"@id\":\"https:\/\/v3.atv-parts.hu\/#website\"},\"primaryImageOfPage\":{\"@id\":\"https:\/\/v3.atv-parts.hu\/index.php\/termek\/vertex-dugattyu-ape-car-250ccm-18-mm-es-csap-6794-mm-gyuruk-53725006800-x-1-52625006800-x-1\/#primaryimage\"},\"image\":{\"@id\":\"https:\/\/v3.atv-parts.hu\/index.php\/termek\/vertex-dugattyu-ape-car-250ccm-18-mm-es-csap-6794-mm-gyuruk-53725006800-x-1-52625006800-x-1\/#primaryimage\"},\"thumbnailUrl\":\"https:\/\/v3.atv-parts.hu\/wp-content\/uploads\/2024\/03\/vertex-tlok-ape-car-250ccm-sworzen-18mm-67-94mm.jpg\",\"datePublished\":\"2024-03-27T15:26:51+00:00\",\"dateModified\":\"2024-05-03T10:28:17+00:00\",\"breadcrumb\":{\"@id\":\"https:\/\/v3.atv-parts.hu\/index.php\/termek\/vertex-dugattyu-ape-car-250ccm-18-mm-es-csap-6794-mm-gyuruk-53725006800-x-1-52625006800-x-1\/#breadcrumb\"},\"inLanguage\":\"hu\",\"potentialAction\":[{\"@type\":\"ReadAction\",\"target\":[\"https:\/\/v3.atv-parts.hu\/index.php\/termek\/vertex-dugattyu-ape-car-250ccm-18-mm-es-csap-6794-mm-gyuruk-53725006800-x-1-52625006800-x-1\/\"]}]},{\"@type\":\"ImageObject\",\"inLanguage\":\"hu\",\"@id\":\"https:\/\/v3.atv-parts.hu\/index.php\/termek\/vertex-dugattyu-ape-car-250ccm-18-mm-es-csap-6794-mm-gyuruk-53725006800-x-1-52625006800-x-1\/#primaryimage\",\"url\":\"https:\/\/v3.atv-parts.hu\/wp-content\/uploads\/2024\/03\/vertex-tlok-ape-car-250ccm-sworzen-18mm-67-94mm.jpg\",\"contentUrl\":\"https:\/\/v3.atv-parts.hu\/wp-content\/uploads\/2024\/03\/vertex-tlok-ape-car-250ccm-sworzen-18mm-67-94mm.jpg\",\"width\":1200,\"height\":738},{\"@type\":\"BreadcrumbList\",\"@id\":\"https:\/\/v3.atv-parts.hu\/index.php\/termek\/vertex-dugattyu-ape-car-250ccm-18-mm-es-csap-6794-mm-gyuruk-53725006800-x-1-52625006800-x-1\/#breadcrumb\",\"itemListElement\":[{\"@type\":\"ListItem\",\"position\":1,\"name\":\"Kezd\u0151lap\",\"item\":\"https:\/\/v3.atv-parts.hu\/\"},{\"@type\":\"ListItem\",\"position\":2,\"name\":\"Bolt\",\"item\":\"https:\/\/v3.atv-parts.hu\/index.php\/bolt\/\"},{\"@type\":\"ListItem\",\"position\":3,\"name\":\"VERTEX DUGATTY\u00da APE CAR 250CCM, 18 mm-es csap (67,94 mm) (GY\u0170R\u0170K 53725006800 X 1, 52625006800 X 1)\"}]},{\"@type\":\"WebSite\",\"@id\":\"https:\/\/v3.atv-parts.hu\/#website\",\"url\":\"https:\/\/v3.atv-parts.hu\/\",\"name\":\"V3 ATV-PARTS.HU\",\"description\":\"\",\"publisher\":{\"@id\":\"https:\/\/v3.atv-parts.hu\/#organization\"},\"potentialAction\":[{\"@type\":\"SearchAction\",\"target\":{\"@type\":\"EntryPoint\",\"urlTemplate\":\"https:\/\/v3.atv-parts.hu\/?s={search_term_string}\"},\"query-input\":\"required name=search_term_string\"}],\"inLanguage\":\"hu\"},{\"@type\":\"Organization\",\"@id\":\"https:\/\/v3.atv-parts.hu\/#organization\",\"name\":\"V3 ATV-PARTS.HU\",\"url\":\"https:\/\/v3.atv-parts.hu\/\",\"logo\":{\"@type\":\"ImageObject\",\"inLanguage\":\"hu\",\"@id\":\"https:\/\/v3.atv-parts.hu\/#\/schema\/logo\/image\/\",\"url\":\"https:\/\/v3.atv-parts.hu\/wp-content\/uploads\/2021\/02\/cropped-cropped-atvlogo-1-1-1.png\",\"contentUrl\":\"https:\/\/v3.atv-parts.hu\/wp-content\/uploads\/2021\/02\/cropped-cropped-atvlogo-1-1-1.png\",\"width\":267,\"height\":160,\"caption\":\"V3 ATV-PARTS.HU\"},\"image\":{\"@id\":\"https:\/\/v3.atv-parts.hu\/#\/schema\/logo\/image\/\"},\"sameAs\":[\"https:\/\/www.facebook.com\/atvpartsHU\"]}]}<\/script>\n<meta property=\"product:price:amount\" content=\"28073.35\" \/>\n<meta property=\"product:price:currency\" content=\"HUF\" \/>\n<meta property=\"og:availability\" content=\"instock\" \/>\n<meta property=\"product:availability\" content=\"instock\" \/>\n<meta property=\"product:retailer_item_id\" content=\"21962\" \/>\n<meta property=\"product:condition\" content=\"new\" \/>\n<!-- \/ Yoast SEO Premium plugin. -->","yoast_head_json":{"title":"VERTEX DUGATTY\u00da APE CAR 250CCM, 18 mm-es csap (67,94 mm) (GY\u0170R\u0170K 53725006800 X 1, 52625006800 X 1) - V3 ATV-PARTS.HU","robots":{"index":"index","follow":"follow","max-snippet":"max-snippet:-1","max-image-preview":"max-image-preview:large","max-video-preview":"max-video-preview:-1"},"canonical":"https:\/\/v3.atv-parts.hu\/index.php\/termek\/vertex-dugattyu-ape-car-250ccm-18-mm-es-csap-6794-mm-gyuruk-53725006800-x-1-52625006800-x-1\/","og_locale":"hu_HU","og_type":"article","og_title":"VERTEX DUGATTY\u00da APE CAR 250CCM, 18 mm-es csap (67,94 mm) (GY\u0170R\u0170K 53725006800 X 1, 52625006800 X 1)","og_description":"VERTEX DUGATTY\u00da APE CAR 250CCM, 18 mm-es csap (67,94 mm) (GY\u0170R\u0170K 53725006800 X 1, 52625006800 X 1)","og_url":"https:\/\/v3.atv-parts.hu\/index.php\/termek\/vertex-dugattyu-ape-car-250ccm-18-mm-es-csap-6794-mm-gyuruk-53725006800-x-1-52625006800-x-1\/","og_site_name":"V3 ATV-PARTS.HU","article_publisher":"https:\/\/www.facebook.com\/atvpartsHU","article_modified_time":"2024-05-03T10:28:17+00:00","og_image":[{"width":1200,"height":738,"url":"https:\/\/v3.atv-parts.hu\/wp-content\/uploads\/2024\/03\/vertex-tlok-ape-car-250ccm-sworzen-18mm-67-94mm.jpg","type":"image\/jpeg"}],"twitter_card":"summary_large_image","twitter_misc":{"\u00c1r":"28073,35&nbsp;&#70;&#116; \u00c1F\u00c1-val","El\u00e9rhet\u0151s\u00e9g":"K\u00e9szleten"},"schema":{"@context":"https:\/\/schema.org","@graph":[{"@type":"WebPage","@id":"https:\/\/v3.atv-parts.hu\/index.php\/termek\/vertex-dugattyu-ape-car-250ccm-18-mm-es-csap-6794-mm-gyuruk-53725006800-x-1-52625006800-x-1\/","url":"https:\/\/v3.atv-parts.hu\/index.php\/termek\/vertex-dugattyu-ape-car-250ccm-18-mm-es-csap-6794-mm-gyuruk-53725006800-x-1-52625006800-x-1\/","name":"VERTEX DUGATTY\u00da APE CAR 250CCM, 18 mm-es csap (67,94 mm) (GY\u0170R\u0170K 53725006800 X 1, 52625006800 X 1) - V3 ATV-PARTS.HU","isPartOf":{"@id":"https:\/\/v3.atv-parts.hu\/#website"},"primaryImageOfPage":{"@id":"https:\/\/v3.atv-parts.hu\/index.php\/termek\/vertex-dugattyu-ape-car-250ccm-18-mm-es-csap-6794-mm-gyuruk-53725006800-x-1-52625006800-x-1\/#primaryimage"},"image":{"@id":"https:\/\/v3.atv-parts.hu\/index.php\/termek\/vertex-dugattyu-ape-car-250ccm-18-mm-es-csap-6794-mm-gyuruk-53725006800-x-1-52625006800-x-1\/#primaryimage"},"thumbnailUrl":"https:\/\/v3.atv-parts.hu\/wp-content\/uploads\/2024\/03\/vertex-tlok-ape-car-250ccm-sworzen-18mm-67-94mm.jpg","datePublished":"2024-03-27T15:26:51+00:00","dateModified":"2024-05-03T10:28:17+00:00","breadcrumb":{"@id":"https:\/\/v3.atv-parts.hu\/index.php\/termek\/vertex-dugattyu-ape-car-250ccm-18-mm-es-csap-6794-mm-gyuruk-53725006800-x-1-52625006800-x-1\/#breadcrumb"},"inLanguage":"hu","potentialAction":[{"@type":"ReadAction","target":["https:\/\/v3.atv-parts.hu\/index.php\/termek\/vertex-dugattyu-ape-car-250ccm-18-mm-es-csap-6794-mm-gyuruk-53725006800-x-1-52625006800-x-1\/"]}]},{"@type":"ImageObject","inLanguage":"hu","@id":"https:\/\/v3.atv-parts.hu\/index.php\/termek\/vertex-dugattyu-ape-car-250ccm-18-mm-es-csap-6794-mm-gyuruk-53725006800-x-1-52625006800-x-1\/#primaryimage","url":"https:\/\/v3.atv-parts.hu\/wp-content\/uploads\/2024\/03\/vertex-tlok-ape-car-250ccm-sworzen-18mm-67-94mm.jpg","contentUrl":"https:\/\/v3.atv-parts.hu\/wp-content\/uploads\/2024\/03\/vertex-tlok-ape-car-250ccm-sworzen-18mm-67-94mm.jpg","width":1200,"height":738},{"@type":"BreadcrumbList","@id":"https:\/\/v3.atv-parts.hu\/index.php\/termek\/vertex-dugattyu-ape-car-250ccm-18-mm-es-csap-6794-mm-gyuruk-53725006800-x-1-52625006800-x-1\/#breadcrumb","itemListElement":[{"@type":"ListItem","position":1,"name":"Kezd\u0151lap","item":"https:\/\/v3.atv-parts.hu\/"},{"@type":"ListItem","position":2,"name":"Bolt","item":"https:\/\/v3.atv-parts.hu\/index.php\/bolt\/"},{"@type":"ListItem","position":3,"name":"VERTEX DUGATTY\u00da APE CAR 250CCM, 18 mm-es csap (67,94 mm) (GY\u0170R\u0170K 53725006800 X 1, 52625006800 X 1)"}]},{"@type":"WebSite","@id":"https:\/\/v3.atv-parts.hu\/#website","url":"https:\/\/v3.atv-parts.hu\/","name":"V3 ATV-PARTS.HU","description":"","publisher":{"@id":"https:\/\/v3.atv-parts.hu\/#organization"},"potentialAction":[{"@type":"SearchAction","target":{"@type":"EntryPoint","urlTemplate":"https:\/\/v3.atv-parts.hu\/?s={search_term_string}"},"query-input":"required name=search_term_string"}],"inLanguage":"hu"},{"@type":"Organization","@id":"https:\/\/v3.atv-parts.hu\/#organization","name":"V3 ATV-PARTS.HU","url":"https:\/\/v3.atv-parts.hu\/","logo":{"@type":"ImageObject","inLanguage":"hu","@id":"https:\/\/v3.atv-parts.hu\/#\/schema\/logo\/image\/","url":"https:\/\/v3.atv-parts.hu\/wp-content\/uploads\/2021\/02\/cropped-cropped-atvlogo-1-1-1.png","contentUrl":"https:\/\/v3.atv-parts.hu\/wp-content\/uploads\/2021\/02\/cropped-cropped-atvlogo-1-1-1.png","width":267,"height":160,"caption":"V3 ATV-PARTS.HU"},"image":{"@id":"https:\/\/v3.atv-parts.hu\/#\/schema\/logo\/image\/"},"sameAs":["https:\/\/www.facebook.com\/atvpartsHU"]}]},"product_price_amount":"28073.35","product_price_currency":"HUF","og_availability":"instock","product_availability":"instock","product_retailer_item_id":"21962","product_condition":"new"},"_links":{"self":[{"href":"https:\/\/v3.atv-parts.hu\/index.php\/wp-json\/wp\/v2\/product\/57319","targetHints":{"allow":["GET"]}}],"collection":[{"href":"https:\/\/v3.atv-parts.hu\/index.php\/wp-json\/wp\/v2\/product"}],"about":[{"href":"https:\/\/v3.atv-parts.hu\/index.php\/wp-json\/wp\/v2\/types\/product"}],"replies":[{"embeddable":true,"href":"https:\/\/v3.atv-parts.hu\/index.php\/wp-json\/wp\/v2\/comments?post=57319"}],"wp:featuredmedia":[{"embeddable":true,"href":"https:\/\/v3.atv-parts.hu\/index.php\/wp-json\/wp\/v2\/media\/57320"}],"wp:attachment":[{"href":"https:\/\/v3.atv-parts.hu\/index.php\/wp-json\/wp\/v2\/media?parent=57319"}],"wp:term":[{"taxonomy":"product_cat","embeddable":true,"href":"https:\/\/v3.atv-parts.hu\/index.php\/wp-json\/wp\/v2\/product_cat?post=57319"},{"taxonomy":"product_tag","embeddable":true,"href":"https:\/\/v3.atv-parts.hu\/index.php\/wp-json\/wp\/v2\/product_tag?post=57319"}],"curies":[{"name":"wp","href":"https:\/\/api.w.org\/{rel}","templated":true}]}}