{"id":7250,"date":"2024-03-26T15:44:46","date_gmt":"2024-03-26T14:44:46","guid":{"rendered":"https:\/\/v3.atv-parts.hu\/index.php\/termek\/all-balls-elso-differencialis-javito-keszlet-honda-trx400fa-04-07-trx400fga-fourtrax-rancher-04-07\/"},"modified":"2024-05-28T08:00:22","modified_gmt":"2024-05-28T06:00:22","slug":"all-balls-elso-differencialis-javito-keszlet-honda-trx400fa-04-07-trx400fga-fourtrax-rancher-04-07","status":"publish","type":"product","link":"https:\/\/v3.atv-parts.hu\/index.php\/termek\/all-balls-elso-differencialis-javito-keszlet-honda-trx400fa-04-07-trx400fga-fourtrax-rancher-04-07\/","title":{"rendered":"ALL BALLS ELS\u0150 DIFFERENCI\u00c1LIS JAV\u00cdT\u00d3 K\u00c9SZLET HONDA TRX400FA &#8217;04 -&#8217;07, TRX400FGA FOURTRAX RANCHER &#8217;04 -&#8217;07"},"content":{"rendered":"<p>ALL BALLS ELS\u0150 DIFFERENCI\u00c1LIS JAV\u00cdT\u00d3 K\u00c9SZLET HONDA TRX400FA &#8217;04 -&#8217;07, TRX400FGA FOURTRAX RANCHER &#8217;04 -&#8217;07<\/p>\n<p>EAN: 25-2046<\/p>\n<p>Honda TRX400FA 04-07, TRX400FGA Fourtrax Rancher 4&#215;4 04-07<\/p>\n<p>SKU: 25-2046<\/p>\n","protected":false},"excerpt":{"rendered":"<p>ALL BALLS ELS\u0150 DIFFERENCI\u00c1LIS JAV\u00cdT\u00d3 K\u00c9SZLET HONDA TRX400FA &#8217;04 -&#8217;07, TRX400FGA FOURTRAX RANCHER &#8217;04 -&#8217;07<\/p>\n","protected":false},"featured_media":7199,"comment_status":"closed","ping_status":"open","template":"","meta":{"_monsterinsights_skip_tracking":false,"_monsterinsights_sitenote_active":false,"_monsterinsights_sitenote_note":"","_monsterinsights_sitenote_category":0},"product_cat":[438,404,267],"product_tag":[156,158,354,355,349,163],"class_list":{"0":"post-7250","1":"product","2":"type-product","3":"status-publish","4":"has-post-thumbnail","6":"product_cat-differencial-tomitesek-es-csapagyak-elso-felfuggesztes-es-kormanymu","7":"product_cat-elso-felfuggesztes-es-kormanymu","8":"product_cat-felfuggesztes-es-kormanymu","9":"product_tag-atv","10":"product_tag-honda","11":"product_tag-trx-400","12":"product_tag-trx-400-2008","13":"product_tag-trx-450","14":"product_tag-trx","15":"pa_marka-all-balls","17":"first","18":"instock","19":"taxable","20":"shipping-taxable","21":"purchasable","22":"product-type-simple"},"yoast_head":"<!-- This site is optimized with the Yoast SEO Premium plugin v22.6 (Yoast SEO v22.6) - https:\/\/yoast.com\/wordpress\/plugins\/seo\/ -->\n<title>ALL BALLS ELS\u0150 DIFFERENCI\u00c1LIS JAV\u00cdT\u00d3 K\u00c9SZLET HONDA TRX400FA &#039;04 -&#039;07, TRX400FGA FOURTRAX RANCHER &#039;04 -&#039;07 - V3 ATV-PARTS.HU<\/title>\n<meta name=\"robots\" content=\"index, follow, max-snippet:-1, max-image-preview:large, max-video-preview:-1\" \/>\n<link rel=\"canonical\" href=\"https:\/\/v3.atv-parts.hu\/index.php\/termek\/all-balls-elso-differencialis-javito-keszlet-honda-trx400fa-04-07-trx400fga-fourtrax-rancher-04-07\/\" \/>\n<meta property=\"og:locale\" content=\"hu_HU\" \/>\n<meta property=\"og:type\" content=\"article\" \/>\n<meta property=\"og:title\" content=\"ALL BALLS ELS\u0150 DIFFERENCI\u00c1LIS JAV\u00cdT\u00d3 K\u00c9SZLET HONDA TRX400FA &#039;04 -&#039;07, TRX400FGA FOURTRAX RANCHER &#039;04 -&#039;07\" \/>\n<meta property=\"og:description\" content=\"ALL BALLS ELS\u0150 DIFFERENCI\u00c1LIS JAV\u00cdT\u00d3 K\u00c9SZLET HONDA TRX400FA &#039;04 -&#039;07, TRX400FGA FOURTRAX RANCHER &#039;04 -&#039;07\" \/>\n<meta property=\"og:url\" content=\"https:\/\/v3.atv-parts.hu\/index.php\/termek\/all-balls-elso-differencialis-javito-keszlet-honda-trx400fa-04-07-trx400fga-fourtrax-rancher-04-07\/\" \/>\n<meta property=\"og:site_name\" content=\"V3 ATV-PARTS.HU\" \/>\n<meta property=\"article:publisher\" content=\"https:\/\/www.facebook.com\/atvpartsHU\" \/>\n<meta property=\"article:modified_time\" content=\"2024-05-28T06:00:22+00:00\" \/>\n<meta property=\"og:image\" content=\"https:\/\/v3.atv-parts.hu\/wp-content\/uploads\/2024\/03\/all-balls-lozyska-dyferencjalu-przedniego-z-uszcze.jpg\" \/>\n\t<meta property=\"og:image:width\" content=\"432\" \/>\n\t<meta property=\"og:image:height\" content=\"432\" \/>\n\t<meta property=\"og:image:type\" content=\"image\/jpeg\" \/>\n<meta name=\"twitter:card\" content=\"summary_large_image\" \/>\n<meta name=\"twitter:label1\" content=\"\u00c1r\" \/>\n\t<meta name=\"twitter:data1\" content=\"32842,20&nbsp;&#70;&#116; \u00c1F\u00c1-val\" \/>\n\t<meta name=\"twitter:label2\" content=\"El\u00e9rhet\u0151s\u00e9g\" \/>\n\t<meta name=\"twitter:data2\" content=\"K\u00e9szleten\" \/>\n<script type=\"application\/ld+json\" class=\"yoast-schema-graph\">{\"@context\":\"https:\/\/schema.org\",\"@graph\":[{\"@type\":\"WebPage\",\"@id\":\"https:\/\/v3.atv-parts.hu\/index.php\/termek\/all-balls-elso-differencialis-javito-keszlet-honda-trx400fa-04-07-trx400fga-fourtrax-rancher-04-07\/\",\"url\":\"https:\/\/v3.atv-parts.hu\/index.php\/termek\/all-balls-elso-differencialis-javito-keszlet-honda-trx400fa-04-07-trx400fga-fourtrax-rancher-04-07\/\",\"name\":\"ALL BALLS ELS\u0150 DIFFERENCI\u00c1LIS JAV\u00cdT\u00d3 K\u00c9SZLET HONDA TRX400FA '04 -'07, TRX400FGA FOURTRAX RANCHER '04 -'07 - V3 ATV-PARTS.HU\",\"isPartOf\":{\"@id\":\"https:\/\/v3.atv-parts.hu\/#website\"},\"primaryImageOfPage\":{\"@id\":\"https:\/\/v3.atv-parts.hu\/index.php\/termek\/all-balls-elso-differencialis-javito-keszlet-honda-trx400fa-04-07-trx400fga-fourtrax-rancher-04-07\/#primaryimage\"},\"image\":{\"@id\":\"https:\/\/v3.atv-parts.hu\/index.php\/termek\/all-balls-elso-differencialis-javito-keszlet-honda-trx400fa-04-07-trx400fga-fourtrax-rancher-04-07\/#primaryimage\"},\"thumbnailUrl\":\"https:\/\/v3.atv-parts.hu\/wp-content\/uploads\/2024\/03\/all-balls-lozyska-dyferencjalu-przedniego-z-uszcze.jpg\",\"datePublished\":\"2024-03-26T14:44:46+00:00\",\"dateModified\":\"2024-05-28T06:00:22+00:00\",\"breadcrumb\":{\"@id\":\"https:\/\/v3.atv-parts.hu\/index.php\/termek\/all-balls-elso-differencialis-javito-keszlet-honda-trx400fa-04-07-trx400fga-fourtrax-rancher-04-07\/#breadcrumb\"},\"inLanguage\":\"hu\",\"potentialAction\":[{\"@type\":\"ReadAction\",\"target\":[\"https:\/\/v3.atv-parts.hu\/index.php\/termek\/all-balls-elso-differencialis-javito-keszlet-honda-trx400fa-04-07-trx400fga-fourtrax-rancher-04-07\/\"]}]},{\"@type\":\"ImageObject\",\"inLanguage\":\"hu\",\"@id\":\"https:\/\/v3.atv-parts.hu\/index.php\/termek\/all-balls-elso-differencialis-javito-keszlet-honda-trx400fa-04-07-trx400fga-fourtrax-rancher-04-07\/#primaryimage\",\"url\":\"https:\/\/v3.atv-parts.hu\/wp-content\/uploads\/2024\/03\/all-balls-lozyska-dyferencjalu-przedniego-z-uszcze.jpg\",\"contentUrl\":\"https:\/\/v3.atv-parts.hu\/wp-content\/uploads\/2024\/03\/all-balls-lozyska-dyferencjalu-przedniego-z-uszcze.jpg\",\"width\":432,\"height\":432},{\"@type\":\"BreadcrumbList\",\"@id\":\"https:\/\/v3.atv-parts.hu\/index.php\/termek\/all-balls-elso-differencialis-javito-keszlet-honda-trx400fa-04-07-trx400fga-fourtrax-rancher-04-07\/#breadcrumb\",\"itemListElement\":[{\"@type\":\"ListItem\",\"position\":1,\"name\":\"Kezd\u0151lap\",\"item\":\"https:\/\/v3.atv-parts.hu\/\"},{\"@type\":\"ListItem\",\"position\":2,\"name\":\"Bolt\",\"item\":\"https:\/\/v3.atv-parts.hu\/index.php\/bolt\/\"},{\"@type\":\"ListItem\",\"position\":3,\"name\":\"ALL BALLS ELS\u0150 DIFFERENCI\u00c1LIS JAV\u00cdT\u00d3 K\u00c9SZLET HONDA TRX400FA &#8217;04 -&#8217;07, TRX400FGA FOURTRAX RANCHER &#8217;04 -&#8217;07\"}]},{\"@type\":\"WebSite\",\"@id\":\"https:\/\/v3.atv-parts.hu\/#website\",\"url\":\"https:\/\/v3.atv-parts.hu\/\",\"name\":\"V3 ATV-PARTS.HU\",\"description\":\"\",\"publisher\":{\"@id\":\"https:\/\/v3.atv-parts.hu\/#organization\"},\"potentialAction\":[{\"@type\":\"SearchAction\",\"target\":{\"@type\":\"EntryPoint\",\"urlTemplate\":\"https:\/\/v3.atv-parts.hu\/?s={search_term_string}\"},\"query-input\":\"required name=search_term_string\"}],\"inLanguage\":\"hu\"},{\"@type\":\"Organization\",\"@id\":\"https:\/\/v3.atv-parts.hu\/#organization\",\"name\":\"V3 ATV-PARTS.HU\",\"url\":\"https:\/\/v3.atv-parts.hu\/\",\"logo\":{\"@type\":\"ImageObject\",\"inLanguage\":\"hu\",\"@id\":\"https:\/\/v3.atv-parts.hu\/#\/schema\/logo\/image\/\",\"url\":\"https:\/\/v3.atv-parts.hu\/wp-content\/uploads\/2021\/02\/cropped-cropped-atvlogo-1-1-1.png\",\"contentUrl\":\"https:\/\/v3.atv-parts.hu\/wp-content\/uploads\/2021\/02\/cropped-cropped-atvlogo-1-1-1.png\",\"width\":267,\"height\":160,\"caption\":\"V3 ATV-PARTS.HU\"},\"image\":{\"@id\":\"https:\/\/v3.atv-parts.hu\/#\/schema\/logo\/image\/\"},\"sameAs\":[\"https:\/\/www.facebook.com\/atvpartsHU\"]}]}<\/script>\n<meta property=\"product:price:amount\" content=\"32842.20\" \/>\n<meta property=\"product:price:currency\" content=\"HUF\" \/>\n<meta property=\"og:availability\" content=\"instock\" \/>\n<meta property=\"product:availability\" content=\"instock\" \/>\n<meta property=\"product:retailer_item_id\" content=\"25-2046\" \/>\n<meta property=\"product:condition\" content=\"new\" \/>\n<!-- \/ Yoast SEO Premium plugin. -->","yoast_head_json":{"title":"ALL BALLS ELS\u0150 DIFFERENCI\u00c1LIS JAV\u00cdT\u00d3 K\u00c9SZLET HONDA TRX400FA '04 -'07, TRX400FGA FOURTRAX RANCHER '04 -'07 - V3 ATV-PARTS.HU","robots":{"index":"index","follow":"follow","max-snippet":"max-snippet:-1","max-image-preview":"max-image-preview:large","max-video-preview":"max-video-preview:-1"},"canonical":"https:\/\/v3.atv-parts.hu\/index.php\/termek\/all-balls-elso-differencialis-javito-keszlet-honda-trx400fa-04-07-trx400fga-fourtrax-rancher-04-07\/","og_locale":"hu_HU","og_type":"article","og_title":"ALL BALLS ELS\u0150 DIFFERENCI\u00c1LIS JAV\u00cdT\u00d3 K\u00c9SZLET HONDA TRX400FA '04 -'07, TRX400FGA FOURTRAX RANCHER '04 -'07","og_description":"ALL BALLS ELS\u0150 DIFFERENCI\u00c1LIS JAV\u00cdT\u00d3 K\u00c9SZLET HONDA TRX400FA '04 -'07, TRX400FGA FOURTRAX RANCHER '04 -'07","og_url":"https:\/\/v3.atv-parts.hu\/index.php\/termek\/all-balls-elso-differencialis-javito-keszlet-honda-trx400fa-04-07-trx400fga-fourtrax-rancher-04-07\/","og_site_name":"V3 ATV-PARTS.HU","article_publisher":"https:\/\/www.facebook.com\/atvpartsHU","article_modified_time":"2024-05-28T06:00:22+00:00","og_image":[{"width":432,"height":432,"url":"https:\/\/v3.atv-parts.hu\/wp-content\/uploads\/2024\/03\/all-balls-lozyska-dyferencjalu-przedniego-z-uszcze.jpg","type":"image\/jpeg"}],"twitter_card":"summary_large_image","twitter_misc":{"\u00c1r":"32842,20&nbsp;&#70;&#116; \u00c1F\u00c1-val","El\u00e9rhet\u0151s\u00e9g":"K\u00e9szleten"},"schema":{"@context":"https:\/\/schema.org","@graph":[{"@type":"WebPage","@id":"https:\/\/v3.atv-parts.hu\/index.php\/termek\/all-balls-elso-differencialis-javito-keszlet-honda-trx400fa-04-07-trx400fga-fourtrax-rancher-04-07\/","url":"https:\/\/v3.atv-parts.hu\/index.php\/termek\/all-balls-elso-differencialis-javito-keszlet-honda-trx400fa-04-07-trx400fga-fourtrax-rancher-04-07\/","name":"ALL BALLS ELS\u0150 DIFFERENCI\u00c1LIS JAV\u00cdT\u00d3 K\u00c9SZLET HONDA TRX400FA '04 -'07, TRX400FGA FOURTRAX RANCHER '04 -'07 - V3 ATV-PARTS.HU","isPartOf":{"@id":"https:\/\/v3.atv-parts.hu\/#website"},"primaryImageOfPage":{"@id":"https:\/\/v3.atv-parts.hu\/index.php\/termek\/all-balls-elso-differencialis-javito-keszlet-honda-trx400fa-04-07-trx400fga-fourtrax-rancher-04-07\/#primaryimage"},"image":{"@id":"https:\/\/v3.atv-parts.hu\/index.php\/termek\/all-balls-elso-differencialis-javito-keszlet-honda-trx400fa-04-07-trx400fga-fourtrax-rancher-04-07\/#primaryimage"},"thumbnailUrl":"https:\/\/v3.atv-parts.hu\/wp-content\/uploads\/2024\/03\/all-balls-lozyska-dyferencjalu-przedniego-z-uszcze.jpg","datePublished":"2024-03-26T14:44:46+00:00","dateModified":"2024-05-28T06:00:22+00:00","breadcrumb":{"@id":"https:\/\/v3.atv-parts.hu\/index.php\/termek\/all-balls-elso-differencialis-javito-keszlet-honda-trx400fa-04-07-trx400fga-fourtrax-rancher-04-07\/#breadcrumb"},"inLanguage":"hu","potentialAction":[{"@type":"ReadAction","target":["https:\/\/v3.atv-parts.hu\/index.php\/termek\/all-balls-elso-differencialis-javito-keszlet-honda-trx400fa-04-07-trx400fga-fourtrax-rancher-04-07\/"]}]},{"@type":"ImageObject","inLanguage":"hu","@id":"https:\/\/v3.atv-parts.hu\/index.php\/termek\/all-balls-elso-differencialis-javito-keszlet-honda-trx400fa-04-07-trx400fga-fourtrax-rancher-04-07\/#primaryimage","url":"https:\/\/v3.atv-parts.hu\/wp-content\/uploads\/2024\/03\/all-balls-lozyska-dyferencjalu-przedniego-z-uszcze.jpg","contentUrl":"https:\/\/v3.atv-parts.hu\/wp-content\/uploads\/2024\/03\/all-balls-lozyska-dyferencjalu-przedniego-z-uszcze.jpg","width":432,"height":432},{"@type":"BreadcrumbList","@id":"https:\/\/v3.atv-parts.hu\/index.php\/termek\/all-balls-elso-differencialis-javito-keszlet-honda-trx400fa-04-07-trx400fga-fourtrax-rancher-04-07\/#breadcrumb","itemListElement":[{"@type":"ListItem","position":1,"name":"Kezd\u0151lap","item":"https:\/\/v3.atv-parts.hu\/"},{"@type":"ListItem","position":2,"name":"Bolt","item":"https:\/\/v3.atv-parts.hu\/index.php\/bolt\/"},{"@type":"ListItem","position":3,"name":"ALL BALLS ELS\u0150 DIFFERENCI\u00c1LIS JAV\u00cdT\u00d3 K\u00c9SZLET HONDA TRX400FA &#8217;04 -&#8217;07, TRX400FGA FOURTRAX RANCHER &#8217;04 -&#8217;07"}]},{"@type":"WebSite","@id":"https:\/\/v3.atv-parts.hu\/#website","url":"https:\/\/v3.atv-parts.hu\/","name":"V3 ATV-PARTS.HU","description":"","publisher":{"@id":"https:\/\/v3.atv-parts.hu\/#organization"},"potentialAction":[{"@type":"SearchAction","target":{"@type":"EntryPoint","urlTemplate":"https:\/\/v3.atv-parts.hu\/?s={search_term_string}"},"query-input":"required name=search_term_string"}],"inLanguage":"hu"},{"@type":"Organization","@id":"https:\/\/v3.atv-parts.hu\/#organization","name":"V3 ATV-PARTS.HU","url":"https:\/\/v3.atv-parts.hu\/","logo":{"@type":"ImageObject","inLanguage":"hu","@id":"https:\/\/v3.atv-parts.hu\/#\/schema\/logo\/image\/","url":"https:\/\/v3.atv-parts.hu\/wp-content\/uploads\/2021\/02\/cropped-cropped-atvlogo-1-1-1.png","contentUrl":"https:\/\/v3.atv-parts.hu\/wp-content\/uploads\/2021\/02\/cropped-cropped-atvlogo-1-1-1.png","width":267,"height":160,"caption":"V3 ATV-PARTS.HU"},"image":{"@id":"https:\/\/v3.atv-parts.hu\/#\/schema\/logo\/image\/"},"sameAs":["https:\/\/www.facebook.com\/atvpartsHU"]}]},"product_price_amount":"32842.20","product_price_currency":"HUF","og_availability":"instock","product_availability":"instock","product_retailer_item_id":"25-2046","product_condition":"new"},"_links":{"self":[{"href":"https:\/\/v3.atv-parts.hu\/index.php\/wp-json\/wp\/v2\/product\/7250","targetHints":{"allow":["GET"]}}],"collection":[{"href":"https:\/\/v3.atv-parts.hu\/index.php\/wp-json\/wp\/v2\/product"}],"about":[{"href":"https:\/\/v3.atv-parts.hu\/index.php\/wp-json\/wp\/v2\/types\/product"}],"replies":[{"embeddable":true,"href":"https:\/\/v3.atv-parts.hu\/index.php\/wp-json\/wp\/v2\/comments?post=7250"}],"wp:featuredmedia":[{"embeddable":true,"href":"https:\/\/v3.atv-parts.hu\/index.php\/wp-json\/wp\/v2\/media\/7199"}],"wp:attachment":[{"href":"https:\/\/v3.atv-parts.hu\/index.php\/wp-json\/wp\/v2\/media?parent=7250"}],"wp:term":[{"taxonomy":"product_cat","embeddable":true,"href":"https:\/\/v3.atv-parts.hu\/index.php\/wp-json\/wp\/v2\/product_cat?post=7250"},{"taxonomy":"product_tag","embeddable":true,"href":"https:\/\/v3.atv-parts.hu\/index.php\/wp-json\/wp\/v2\/product_tag?post=7250"}],"curies":[{"name":"wp","href":"https:\/\/api.w.org\/{rel}","templated":true}]}}