{"id":73609,"date":"2024-03-28T05:20:04","date_gmt":"2024-03-28T04:20:04","guid":{"rendered":"https:\/\/v3.atv-parts.hu\/index.php\/termek\/tourmax-feknyerg-dugattyu-elso-hatso-honda-vfr-800-02-05-elso-honda-sh-125-16-18-vfr-800-98-01-xl-1000v-01-05-cbr-197-xx4-oem45217-maj-g4145107-mb9-781-japan-gyartasa\/"},"modified":"2024-05-03T16:45:20","modified_gmt":"2024-05-03T14:45:20","slug":"tourmax-feknyerg-dugattyu-elso-hatso-honda-vfr-800-02-05-elso-honda-sh-125-16-18-vfr-800-98-01-xl-1000v-01-05-cbr-197-xx4-oem45217-maj-g4145107-mb9-781-japan-gyartasa","status":"publish","type":"product","link":"https:\/\/v3.atv-parts.hu\/index.php\/termek\/tourmax-feknyerg-dugattyu-elso-hatso-honda-vfr-800-02-05-elso-honda-sh-125-16-18-vfr-800-98-01-xl-1000v-01-05-cbr-197-xx4-oem45217-maj-g4145107-mb9-781-japan-gyartasa\/","title":{"rendered":"TOURMAX F\u00c9KNYERG DUGATTY\u00da ELS\u0150\/H\u00c1TS\u00d3 HONDA VFR 800 &#8217;02-&#8217;05, ELS\u0150 HONDA SH 125 &#8217;16-&#8217;18, VFR 800 &#8217;98-&#8217;01, XL 1000V &#8217;01-&#8217;05, CBR 197-&#8216;XX4&#8217; OEM:45217-MAJ-G41;45107-MB9-781) (JAP\u00c1N GY\u00c1RT\u00c1SA)"},"content":{"rendered":"<p>TOURMAX F\u00c9KNYERG DUGATTY\u00da ELS\u0150\/H\u00c1TS\u00d3 HONDA VFR 800 &#8217;02-&#8217;05, ELS\u0150 HONDA SH 125 &#8217;16-&#8217;18, VFR 800 &#8217;98-&#8217;01, XL 1000V &#8217;01-&#8217;05, CBR 197-&#8216;XX4&#8217; OEM:45217-MAJ-G41;45107-MB9-781) (JAP\u00c1N GY\u00c1RT\u00c1SA)<\/p>\n<p>SKU: BCP-119<\/p>\n","protected":false},"excerpt":{"rendered":"<p>TOURMAX F\u00c9KNYERG DUGATTY\u00da ELS\u0150\/H\u00c1TS\u00d3 HONDA VFR 800 &#8217;02-&#8217;05, ELS\u0150 HONDA SH 125 &#8217;16-&#8217;18, VFR 800 &#8217;98-&#8217;01, XL 1000V &#8217;01-&#8217;05, CBR 197-&#8216;XX4&#8217; OEM:45217-MAJ-G41;45107-MB9-781) (JAP\u00c1N GY\u00c1RT\u00c1SA)<\/p>\n","protected":false},"featured_media":73610,"comment_status":"closed","ping_status":"open","template":"","meta":{"_monsterinsights_skip_tracking":false,"_monsterinsights_sitenote_active":false,"_monsterinsights_sitenote_note":"","_monsterinsights_sitenote_category":0},"product_cat":[366,283,702],"product_tag":[],"class_list":{"0":"post-73609","1":"product","2":"type-product","3":"status-publish","4":"has-post-thumbnail","6":"product_cat-feknyergek","7":"product_cat-fekrendszer","8":"product_cat-nyerges-dugattyuk","9":"pa_marka-tourmax","11":"first","12":"instock","13":"taxable","14":"shipping-taxable","15":"purchasable","16":"product-type-simple"},"yoast_head":"<!-- This site is optimized with the Yoast SEO Premium plugin v22.6 (Yoast SEO v22.6) - https:\/\/yoast.com\/wordpress\/plugins\/seo\/ -->\n<title>TOURMAX F\u00c9KNYERG DUGATTY\u00da ELS\u0150\/H\u00c1TS\u00d3 HONDA VFR 800 &#039;02-&#039;05, ELS\u0150 HONDA SH 125 &#039;16-&#039;18, VFR 800 &#039;98-&#039;01, XL 1000V &#039;01-&#039;05, CBR 197-&#039;XX4&#039; OEM:45217-MAJ-G41;45107-MB9-781) (JAP\u00c1N GY\u00c1RT\u00c1SA) - V3 ATV-PARTS.HU<\/title>\n<meta name=\"robots\" content=\"index, follow, max-snippet:-1, max-image-preview:large, max-video-preview:-1\" \/>\n<link rel=\"canonical\" href=\"https:\/\/v3.atv-parts.hu\/index.php\/termek\/tourmax-feknyerg-dugattyu-elso-hatso-honda-vfr-800-02-05-elso-honda-sh-125-16-18-vfr-800-98-01-xl-1000v-01-05-cbr-197-xx4-oem45217-maj-g4145107-mb9-781-japan-gyartasa\/\" \/>\n<meta property=\"og:locale\" content=\"hu_HU\" \/>\n<meta property=\"og:type\" content=\"article\" \/>\n<meta property=\"og:title\" content=\"TOURMAX F\u00c9KNYERG DUGATTY\u00da ELS\u0150\/H\u00c1TS\u00d3 HONDA VFR 800 &#039;02-&#039;05, ELS\u0150 HONDA SH 125 &#039;16-&#039;18, VFR 800 &#039;98-&#039;01, XL 1000V &#039;01-&#039;05, CBR 197-&#039;XX4&#039; OEM:45217-MAJ-G41;45107-MB9-781) (JAP\u00c1N GY\u00c1RT\u00c1SA)\" \/>\n<meta property=\"og:description\" content=\"TOURMAX F\u00c9KNYERG DUGATTY\u00da ELS\u0150\/H\u00c1TS\u00d3 HONDA VFR 800 &#039;02-&#039;05, ELS\u0150 HONDA SH 125 &#039;16-&#039;18, VFR 800 &#039;98-&#039;01, XL 1000V &#039;01-&#039;05, CBR 197-&#039;XX4&#039; OEM:45217-MAJ-G41;45107-MB9-781) (JAP\u00c1N GY\u00c1RT\u00c1SA)\" \/>\n<meta property=\"og:url\" content=\"https:\/\/v3.atv-parts.hu\/index.php\/termek\/tourmax-feknyerg-dugattyu-elso-hatso-honda-vfr-800-02-05-elso-honda-sh-125-16-18-vfr-800-98-01-xl-1000v-01-05-cbr-197-xx4-oem45217-maj-g4145107-mb9-781-japan-gyartasa\/\" \/>\n<meta property=\"og:site_name\" content=\"V3 ATV-PARTS.HU\" \/>\n<meta property=\"article:publisher\" content=\"https:\/\/www.facebook.com\/atvpartsHU\" \/>\n<meta property=\"article:modified_time\" content=\"2024-05-03T14:45:20+00:00\" \/>\n<meta property=\"og:image\" content=\"https:\/\/v3.atv-parts.hu\/wp-content\/uploads\/2024\/03\/tourmax-2022-06-tloczek-zacisku-hamulcowego-przod.jpg\" \/>\n\t<meta property=\"og:image:width\" content=\"868\" \/>\n\t<meta property=\"og:image:height\" content=\"800\" \/>\n\t<meta property=\"og:image:type\" content=\"image\/jpeg\" \/>\n<meta name=\"twitter:card\" content=\"summary_large_image\" \/>\n<meta name=\"twitter:label1\" content=\"\u00c1r\" \/>\n\t<meta name=\"twitter:data1\" content=\"7390,13&nbsp;&#70;&#116; \u00c1F\u00c1-val\" \/>\n\t<meta name=\"twitter:label2\" content=\"El\u00e9rhet\u0151s\u00e9g\" \/>\n\t<meta name=\"twitter:data2\" content=\"K\u00e9szleten\" \/>\n<script type=\"application\/ld+json\" class=\"yoast-schema-graph\">{\"@context\":\"https:\/\/schema.org\",\"@graph\":[{\"@type\":\"WebPage\",\"@id\":\"https:\/\/v3.atv-parts.hu\/index.php\/termek\/tourmax-feknyerg-dugattyu-elso-hatso-honda-vfr-800-02-05-elso-honda-sh-125-16-18-vfr-800-98-01-xl-1000v-01-05-cbr-197-xx4-oem45217-maj-g4145107-mb9-781-japan-gyartasa\/\",\"url\":\"https:\/\/v3.atv-parts.hu\/index.php\/termek\/tourmax-feknyerg-dugattyu-elso-hatso-honda-vfr-800-02-05-elso-honda-sh-125-16-18-vfr-800-98-01-xl-1000v-01-05-cbr-197-xx4-oem45217-maj-g4145107-mb9-781-japan-gyartasa\/\",\"name\":\"TOURMAX F\u00c9KNYERG DUGATTY\u00da ELS\u0150\/H\u00c1TS\u00d3 HONDA VFR 800 '02-'05, ELS\u0150 HONDA SH 125 '16-'18, VFR 800 '98-'01, XL 1000V '01-'05, CBR 197-'XX4' OEM:45217-MAJ-G41;45107-MB9-781) (JAP\u00c1N GY\u00c1RT\u00c1SA) - V3 ATV-PARTS.HU\",\"isPartOf\":{\"@id\":\"https:\/\/v3.atv-parts.hu\/#website\"},\"primaryImageOfPage\":{\"@id\":\"https:\/\/v3.atv-parts.hu\/index.php\/termek\/tourmax-feknyerg-dugattyu-elso-hatso-honda-vfr-800-02-05-elso-honda-sh-125-16-18-vfr-800-98-01-xl-1000v-01-05-cbr-197-xx4-oem45217-maj-g4145107-mb9-781-japan-gyartasa\/#primaryimage\"},\"image\":{\"@id\":\"https:\/\/v3.atv-parts.hu\/index.php\/termek\/tourmax-feknyerg-dugattyu-elso-hatso-honda-vfr-800-02-05-elso-honda-sh-125-16-18-vfr-800-98-01-xl-1000v-01-05-cbr-197-xx4-oem45217-maj-g4145107-mb9-781-japan-gyartasa\/#primaryimage\"},\"thumbnailUrl\":\"https:\/\/v3.atv-parts.hu\/wp-content\/uploads\/2024\/03\/tourmax-2022-06-tloczek-zacisku-hamulcowego-przod.jpg\",\"datePublished\":\"2024-03-28T04:20:04+00:00\",\"dateModified\":\"2024-05-03T14:45:20+00:00\",\"breadcrumb\":{\"@id\":\"https:\/\/v3.atv-parts.hu\/index.php\/termek\/tourmax-feknyerg-dugattyu-elso-hatso-honda-vfr-800-02-05-elso-honda-sh-125-16-18-vfr-800-98-01-xl-1000v-01-05-cbr-197-xx4-oem45217-maj-g4145107-mb9-781-japan-gyartasa\/#breadcrumb\"},\"inLanguage\":\"hu\",\"potentialAction\":[{\"@type\":\"ReadAction\",\"target\":[\"https:\/\/v3.atv-parts.hu\/index.php\/termek\/tourmax-feknyerg-dugattyu-elso-hatso-honda-vfr-800-02-05-elso-honda-sh-125-16-18-vfr-800-98-01-xl-1000v-01-05-cbr-197-xx4-oem45217-maj-g4145107-mb9-781-japan-gyartasa\/\"]}]},{\"@type\":\"ImageObject\",\"inLanguage\":\"hu\",\"@id\":\"https:\/\/v3.atv-parts.hu\/index.php\/termek\/tourmax-feknyerg-dugattyu-elso-hatso-honda-vfr-800-02-05-elso-honda-sh-125-16-18-vfr-800-98-01-xl-1000v-01-05-cbr-197-xx4-oem45217-maj-g4145107-mb9-781-japan-gyartasa\/#primaryimage\",\"url\":\"https:\/\/v3.atv-parts.hu\/wp-content\/uploads\/2024\/03\/tourmax-2022-06-tloczek-zacisku-hamulcowego-przod.jpg\",\"contentUrl\":\"https:\/\/v3.atv-parts.hu\/wp-content\/uploads\/2024\/03\/tourmax-2022-06-tloczek-zacisku-hamulcowego-przod.jpg\",\"width\":868,\"height\":800},{\"@type\":\"BreadcrumbList\",\"@id\":\"https:\/\/v3.atv-parts.hu\/index.php\/termek\/tourmax-feknyerg-dugattyu-elso-hatso-honda-vfr-800-02-05-elso-honda-sh-125-16-18-vfr-800-98-01-xl-1000v-01-05-cbr-197-xx4-oem45217-maj-g4145107-mb9-781-japan-gyartasa\/#breadcrumb\",\"itemListElement\":[{\"@type\":\"ListItem\",\"position\":1,\"name\":\"Kezd\u0151lap\",\"item\":\"https:\/\/v3.atv-parts.hu\/\"},{\"@type\":\"ListItem\",\"position\":2,\"name\":\"Bolt\",\"item\":\"https:\/\/v3.atv-parts.hu\/index.php\/bolt\/\"},{\"@type\":\"ListItem\",\"position\":3,\"name\":\"TOURMAX F\u00c9KNYERG DUGATTY\u00da ELS\u0150\/H\u00c1TS\u00d3 HONDA VFR 800 &#8217;02-&#8217;05, ELS\u0150 HONDA SH 125 &#8217;16-&#8217;18, VFR 800 &#8217;98-&#8217;01, XL 1000V &#8217;01-&#8217;05, CBR 197-&#8216;XX4&#8217; OEM:45217-MAJ-G41;45107-MB9-781) (JAP\u00c1N GY\u00c1RT\u00c1SA)\"}]},{\"@type\":\"WebSite\",\"@id\":\"https:\/\/v3.atv-parts.hu\/#website\",\"url\":\"https:\/\/v3.atv-parts.hu\/\",\"name\":\"V3 ATV-PARTS.HU\",\"description\":\"\",\"publisher\":{\"@id\":\"https:\/\/v3.atv-parts.hu\/#organization\"},\"potentialAction\":[{\"@type\":\"SearchAction\",\"target\":{\"@type\":\"EntryPoint\",\"urlTemplate\":\"https:\/\/v3.atv-parts.hu\/?s={search_term_string}\"},\"query-input\":\"required name=search_term_string\"}],\"inLanguage\":\"hu\"},{\"@type\":\"Organization\",\"@id\":\"https:\/\/v3.atv-parts.hu\/#organization\",\"name\":\"V3 ATV-PARTS.HU\",\"url\":\"https:\/\/v3.atv-parts.hu\/\",\"logo\":{\"@type\":\"ImageObject\",\"inLanguage\":\"hu\",\"@id\":\"https:\/\/v3.atv-parts.hu\/#\/schema\/logo\/image\/\",\"url\":\"https:\/\/v3.atv-parts.hu\/wp-content\/uploads\/2021\/02\/cropped-cropped-atvlogo-1-1-1.png\",\"contentUrl\":\"https:\/\/v3.atv-parts.hu\/wp-content\/uploads\/2021\/02\/cropped-cropped-atvlogo-1-1-1.png\",\"width\":267,\"height\":160,\"caption\":\"V3 ATV-PARTS.HU\"},\"image\":{\"@id\":\"https:\/\/v3.atv-parts.hu\/#\/schema\/logo\/image\/\"},\"sameAs\":[\"https:\/\/www.facebook.com\/atvpartsHU\"]}]}<\/script>\n<meta property=\"product:price:amount\" content=\"7390.13\" \/>\n<meta property=\"product:price:currency\" content=\"HUF\" \/>\n<meta property=\"og:availability\" content=\"instock\" \/>\n<meta property=\"product:availability\" content=\"instock\" \/>\n<meta property=\"product:retailer_item_id\" content=\"BCP-119\" \/>\n<meta property=\"product:condition\" content=\"new\" \/>\n<!-- \/ Yoast SEO Premium plugin. -->","yoast_head_json":{"title":"TOURMAX F\u00c9KNYERG DUGATTY\u00da ELS\u0150\/H\u00c1TS\u00d3 HONDA VFR 800 '02-'05, ELS\u0150 HONDA SH 125 '16-'18, VFR 800 '98-'01, XL 1000V '01-'05, CBR 197-'XX4' OEM:45217-MAJ-G41;45107-MB9-781) (JAP\u00c1N GY\u00c1RT\u00c1SA) - V3 ATV-PARTS.HU","robots":{"index":"index","follow":"follow","max-snippet":"max-snippet:-1","max-image-preview":"max-image-preview:large","max-video-preview":"max-video-preview:-1"},"canonical":"https:\/\/v3.atv-parts.hu\/index.php\/termek\/tourmax-feknyerg-dugattyu-elso-hatso-honda-vfr-800-02-05-elso-honda-sh-125-16-18-vfr-800-98-01-xl-1000v-01-05-cbr-197-xx4-oem45217-maj-g4145107-mb9-781-japan-gyartasa\/","og_locale":"hu_HU","og_type":"article","og_title":"TOURMAX F\u00c9KNYERG DUGATTY\u00da ELS\u0150\/H\u00c1TS\u00d3 HONDA VFR 800 '02-'05, ELS\u0150 HONDA SH 125 '16-'18, VFR 800 '98-'01, XL 1000V '01-'05, CBR 197-'XX4' OEM:45217-MAJ-G41;45107-MB9-781) (JAP\u00c1N GY\u00c1RT\u00c1SA)","og_description":"TOURMAX F\u00c9KNYERG DUGATTY\u00da ELS\u0150\/H\u00c1TS\u00d3 HONDA VFR 800 '02-'05, ELS\u0150 HONDA SH 125 '16-'18, VFR 800 '98-'01, XL 1000V '01-'05, CBR 197-'XX4' OEM:45217-MAJ-G41;45107-MB9-781) (JAP\u00c1N GY\u00c1RT\u00c1SA)","og_url":"https:\/\/v3.atv-parts.hu\/index.php\/termek\/tourmax-feknyerg-dugattyu-elso-hatso-honda-vfr-800-02-05-elso-honda-sh-125-16-18-vfr-800-98-01-xl-1000v-01-05-cbr-197-xx4-oem45217-maj-g4145107-mb9-781-japan-gyartasa\/","og_site_name":"V3 ATV-PARTS.HU","article_publisher":"https:\/\/www.facebook.com\/atvpartsHU","article_modified_time":"2024-05-03T14:45:20+00:00","og_image":[{"width":868,"height":800,"url":"https:\/\/v3.atv-parts.hu\/wp-content\/uploads\/2024\/03\/tourmax-2022-06-tloczek-zacisku-hamulcowego-przod.jpg","type":"image\/jpeg"}],"twitter_card":"summary_large_image","twitter_misc":{"\u00c1r":"7390,13&nbsp;&#70;&#116; \u00c1F\u00c1-val","El\u00e9rhet\u0151s\u00e9g":"K\u00e9szleten"},"schema":{"@context":"https:\/\/schema.org","@graph":[{"@type":"WebPage","@id":"https:\/\/v3.atv-parts.hu\/index.php\/termek\/tourmax-feknyerg-dugattyu-elso-hatso-honda-vfr-800-02-05-elso-honda-sh-125-16-18-vfr-800-98-01-xl-1000v-01-05-cbr-197-xx4-oem45217-maj-g4145107-mb9-781-japan-gyartasa\/","url":"https:\/\/v3.atv-parts.hu\/index.php\/termek\/tourmax-feknyerg-dugattyu-elso-hatso-honda-vfr-800-02-05-elso-honda-sh-125-16-18-vfr-800-98-01-xl-1000v-01-05-cbr-197-xx4-oem45217-maj-g4145107-mb9-781-japan-gyartasa\/","name":"TOURMAX F\u00c9KNYERG DUGATTY\u00da ELS\u0150\/H\u00c1TS\u00d3 HONDA VFR 800 '02-'05, ELS\u0150 HONDA SH 125 '16-'18, VFR 800 '98-'01, XL 1000V '01-'05, CBR 197-'XX4' OEM:45217-MAJ-G41;45107-MB9-781) (JAP\u00c1N GY\u00c1RT\u00c1SA) - V3 ATV-PARTS.HU","isPartOf":{"@id":"https:\/\/v3.atv-parts.hu\/#website"},"primaryImageOfPage":{"@id":"https:\/\/v3.atv-parts.hu\/index.php\/termek\/tourmax-feknyerg-dugattyu-elso-hatso-honda-vfr-800-02-05-elso-honda-sh-125-16-18-vfr-800-98-01-xl-1000v-01-05-cbr-197-xx4-oem45217-maj-g4145107-mb9-781-japan-gyartasa\/#primaryimage"},"image":{"@id":"https:\/\/v3.atv-parts.hu\/index.php\/termek\/tourmax-feknyerg-dugattyu-elso-hatso-honda-vfr-800-02-05-elso-honda-sh-125-16-18-vfr-800-98-01-xl-1000v-01-05-cbr-197-xx4-oem45217-maj-g4145107-mb9-781-japan-gyartasa\/#primaryimage"},"thumbnailUrl":"https:\/\/v3.atv-parts.hu\/wp-content\/uploads\/2024\/03\/tourmax-2022-06-tloczek-zacisku-hamulcowego-przod.jpg","datePublished":"2024-03-28T04:20:04+00:00","dateModified":"2024-05-03T14:45:20+00:00","breadcrumb":{"@id":"https:\/\/v3.atv-parts.hu\/index.php\/termek\/tourmax-feknyerg-dugattyu-elso-hatso-honda-vfr-800-02-05-elso-honda-sh-125-16-18-vfr-800-98-01-xl-1000v-01-05-cbr-197-xx4-oem45217-maj-g4145107-mb9-781-japan-gyartasa\/#breadcrumb"},"inLanguage":"hu","potentialAction":[{"@type":"ReadAction","target":["https:\/\/v3.atv-parts.hu\/index.php\/termek\/tourmax-feknyerg-dugattyu-elso-hatso-honda-vfr-800-02-05-elso-honda-sh-125-16-18-vfr-800-98-01-xl-1000v-01-05-cbr-197-xx4-oem45217-maj-g4145107-mb9-781-japan-gyartasa\/"]}]},{"@type":"ImageObject","inLanguage":"hu","@id":"https:\/\/v3.atv-parts.hu\/index.php\/termek\/tourmax-feknyerg-dugattyu-elso-hatso-honda-vfr-800-02-05-elso-honda-sh-125-16-18-vfr-800-98-01-xl-1000v-01-05-cbr-197-xx4-oem45217-maj-g4145107-mb9-781-japan-gyartasa\/#primaryimage","url":"https:\/\/v3.atv-parts.hu\/wp-content\/uploads\/2024\/03\/tourmax-2022-06-tloczek-zacisku-hamulcowego-przod.jpg","contentUrl":"https:\/\/v3.atv-parts.hu\/wp-content\/uploads\/2024\/03\/tourmax-2022-06-tloczek-zacisku-hamulcowego-przod.jpg","width":868,"height":800},{"@type":"BreadcrumbList","@id":"https:\/\/v3.atv-parts.hu\/index.php\/termek\/tourmax-feknyerg-dugattyu-elso-hatso-honda-vfr-800-02-05-elso-honda-sh-125-16-18-vfr-800-98-01-xl-1000v-01-05-cbr-197-xx4-oem45217-maj-g4145107-mb9-781-japan-gyartasa\/#breadcrumb","itemListElement":[{"@type":"ListItem","position":1,"name":"Kezd\u0151lap","item":"https:\/\/v3.atv-parts.hu\/"},{"@type":"ListItem","position":2,"name":"Bolt","item":"https:\/\/v3.atv-parts.hu\/index.php\/bolt\/"},{"@type":"ListItem","position":3,"name":"TOURMAX F\u00c9KNYERG DUGATTY\u00da ELS\u0150\/H\u00c1TS\u00d3 HONDA VFR 800 &#8217;02-&#8217;05, ELS\u0150 HONDA SH 125 &#8217;16-&#8217;18, VFR 800 &#8217;98-&#8217;01, XL 1000V &#8217;01-&#8217;05, CBR 197-&#8216;XX4&#8217; OEM:45217-MAJ-G41;45107-MB9-781) (JAP\u00c1N GY\u00c1RT\u00c1SA)"}]},{"@type":"WebSite","@id":"https:\/\/v3.atv-parts.hu\/#website","url":"https:\/\/v3.atv-parts.hu\/","name":"V3 ATV-PARTS.HU","description":"","publisher":{"@id":"https:\/\/v3.atv-parts.hu\/#organization"},"potentialAction":[{"@type":"SearchAction","target":{"@type":"EntryPoint","urlTemplate":"https:\/\/v3.atv-parts.hu\/?s={search_term_string}"},"query-input":"required name=search_term_string"}],"inLanguage":"hu"},{"@type":"Organization","@id":"https:\/\/v3.atv-parts.hu\/#organization","name":"V3 ATV-PARTS.HU","url":"https:\/\/v3.atv-parts.hu\/","logo":{"@type":"ImageObject","inLanguage":"hu","@id":"https:\/\/v3.atv-parts.hu\/#\/schema\/logo\/image\/","url":"https:\/\/v3.atv-parts.hu\/wp-content\/uploads\/2021\/02\/cropped-cropped-atvlogo-1-1-1.png","contentUrl":"https:\/\/v3.atv-parts.hu\/wp-content\/uploads\/2021\/02\/cropped-cropped-atvlogo-1-1-1.png","width":267,"height":160,"caption":"V3 ATV-PARTS.HU"},"image":{"@id":"https:\/\/v3.atv-parts.hu\/#\/schema\/logo\/image\/"},"sameAs":["https:\/\/www.facebook.com\/atvpartsHU"]}]},"product_price_amount":"7390.13","product_price_currency":"HUF","og_availability":"instock","product_availability":"instock","product_retailer_item_id":"BCP-119","product_condition":"new"},"_links":{"self":[{"href":"https:\/\/v3.atv-parts.hu\/index.php\/wp-json\/wp\/v2\/product\/73609","targetHints":{"allow":["GET"]}}],"collection":[{"href":"https:\/\/v3.atv-parts.hu\/index.php\/wp-json\/wp\/v2\/product"}],"about":[{"href":"https:\/\/v3.atv-parts.hu\/index.php\/wp-json\/wp\/v2\/types\/product"}],"replies":[{"embeddable":true,"href":"https:\/\/v3.atv-parts.hu\/index.php\/wp-json\/wp\/v2\/comments?post=73609"}],"wp:featuredmedia":[{"embeddable":true,"href":"https:\/\/v3.atv-parts.hu\/index.php\/wp-json\/wp\/v2\/media\/73610"}],"wp:attachment":[{"href":"https:\/\/v3.atv-parts.hu\/index.php\/wp-json\/wp\/v2\/media?parent=73609"}],"wp:term":[{"taxonomy":"product_cat","embeddable":true,"href":"https:\/\/v3.atv-parts.hu\/index.php\/wp-json\/wp\/v2\/product_cat?post=73609"},{"taxonomy":"product_tag","embeddable":true,"href":"https:\/\/v3.atv-parts.hu\/index.php\/wp-json\/wp\/v2\/product_tag?post=73609"}],"curies":[{"name":"wp","href":"https:\/\/api.w.org\/{rel}","templated":true}]}}