{"id":82709,"date":"2024-04-03T09:50:04","date_gmt":"2024-04-03T07:50:04","guid":{"rendered":"https:\/\/v3.atv-parts.hu\/index.php\/termek\/pbr-hatso-lanckerek-4409-43-c45-suzuki-gsxr-1000-01-09-gsf1250-gsxr1300-08-18-jtr1800-43-lanc-530\/"},"modified":"2024-05-03T12:56:37","modified_gmt":"2024-05-03T10:56:37","slug":"pbr-hatso-lanckerek-4409-43-c45-suzuki-gsxr-1000-01-09-gsf1250-gsxr1300-08-18-jtr1800-43-lanc-530","status":"publish","type":"product","link":"https:\/\/v3.atv-parts.hu\/index.php\/termek\/pbr-hatso-lanckerek-4409-43-c45-suzuki-gsxr-1000-01-09-gsf1250-gsxr1300-08-18-jtr1800-43-lanc-530\/","title":{"rendered":"PBR  H\u00c1TS\u00d3 L\u00c1NCKER\u00c9K 4409 43 C45 SUZUKI GSXR 1000 (01-09), GSF1250, GSXR1300 (08-18) (JTR1800.43) (L\u00c1NC 530)"},"content":{"rendered":"<p>PBR  H\u00c1TS\u00d3 L\u00c1NCKER\u00c9K 4409 43 C45 SUZUKI GSXR 1000 (01-09), GSF1250, GSXR1300 (08-18) (JTR1800.43) (L\u00c1NC 530)<\/p>\n<p>EAN: 4409 43 C45<\/p>\n<p>SKU: 440943C45<\/p>\n","protected":false},"excerpt":{"rendered":"<p>PBR  H\u00c1TS\u00d3 L\u00c1NCKER\u00c9K 4409 43 C45 SUZUKI GSXR 1000 (01-09), GSF1250, GSXR1300 (08-18) (JTR1800.43) (L\u00c1NC 530)<\/p>\n","protected":false},"featured_media":82710,"comment_status":"closed","ping_status":"open","template":"","meta":{"_monsterinsights_skip_tracking":false,"_monsterinsights_sitenote_active":false,"_monsterinsights_sitenote_note":"","_monsterinsights_sitenote_category":0},"product_cat":[289,223,232],"product_tag":[],"class_list":{"0":"post-82709","1":"product","2":"type-product","3":"status-publish","4":"has-post-thumbnail","6":"product_cat-acel","7":"product_cat-hajtasrendszer","8":"product_cat-hatso-lanckerekek","9":"pa_marka-pbr","11":"first","12":"instock","13":"taxable","14":"shipping-taxable","15":"purchasable","16":"product-type-simple"},"yoast_head":"<!-- This site is optimized with the Yoast SEO Premium plugin v22.6 (Yoast SEO v22.6) - https:\/\/yoast.com\/wordpress\/plugins\/seo\/ -->\n<title>PBR H\u00c1TS\u00d3 L\u00c1NCKER\u00c9K 4409 43 C45 SUZUKI GSXR 1000 (01-09), GSF1250, GSXR1300 (08-18) (JTR1800.43) (L\u00c1NC 530) - V3 ATV-PARTS.HU<\/title>\n<meta name=\"robots\" content=\"index, follow, max-snippet:-1, max-image-preview:large, max-video-preview:-1\" \/>\n<link rel=\"canonical\" href=\"https:\/\/v3.atv-parts.hu\/index.php\/termek\/pbr-hatso-lanckerek-4409-43-c45-suzuki-gsxr-1000-01-09-gsf1250-gsxr1300-08-18-jtr1800-43-lanc-530\/\" \/>\n<meta property=\"og:locale\" content=\"hu_HU\" \/>\n<meta property=\"og:type\" content=\"article\" \/>\n<meta property=\"og:title\" content=\"PBR H\u00c1TS\u00d3 L\u00c1NCKER\u00c9K 4409 43 C45 SUZUKI GSXR 1000 (01-09), GSF1250, GSXR1300 (08-18) (JTR1800.43) (L\u00c1NC 530)\" \/>\n<meta property=\"og:description\" content=\"PBR H\u00c1TS\u00d3 L\u00c1NCKER\u00c9K 4409 43 C45 SUZUKI GSXR 1000 (01-09), GSF1250, GSXR1300 (08-18) (JTR1800.43) (L\u00c1NC 530)\" \/>\n<meta property=\"og:url\" content=\"https:\/\/v3.atv-parts.hu\/index.php\/termek\/pbr-hatso-lanckerek-4409-43-c45-suzuki-gsxr-1000-01-09-gsf1250-gsxr1300-08-18-jtr1800-43-lanc-530\/\" \/>\n<meta property=\"og:site_name\" content=\"V3 ATV-PARTS.HU\" \/>\n<meta property=\"article:publisher\" content=\"https:\/\/www.facebook.com\/atvpartsHU\" \/>\n<meta property=\"article:modified_time\" content=\"2024-05-03T10:56:37+00:00\" \/>\n<meta property=\"og:image\" content=\"https:\/\/v3.atv-parts.hu\/wp-content\/uploads\/2024\/04\/pbr-zebatka-tylna-4409-43-c45-suzuki-gsxr-1000-01.jpg\" \/>\n\t<meta property=\"og:image:width\" content=\"153\" \/>\n\t<meta property=\"og:image:height\" content=\"119\" \/>\n\t<meta property=\"og:image:type\" content=\"image\/jpeg\" \/>\n<meta name=\"twitter:card\" content=\"summary_large_image\" \/>\n<meta name=\"twitter:label1\" content=\"\u00c1r\" \/>\n\t<meta name=\"twitter:data1\" content=\"11991,34&nbsp;&#70;&#116; \u00c1F\u00c1-val\" \/>\n\t<meta name=\"twitter:label2\" content=\"El\u00e9rhet\u0151s\u00e9g\" \/>\n\t<meta name=\"twitter:data2\" content=\"K\u00e9szleten\" \/>\n<script type=\"application\/ld+json\" class=\"yoast-schema-graph\">{\"@context\":\"https:\/\/schema.org\",\"@graph\":[{\"@type\":\"WebPage\",\"@id\":\"https:\/\/v3.atv-parts.hu\/index.php\/termek\/pbr-hatso-lanckerek-4409-43-c45-suzuki-gsxr-1000-01-09-gsf1250-gsxr1300-08-18-jtr1800-43-lanc-530\/\",\"url\":\"https:\/\/v3.atv-parts.hu\/index.php\/termek\/pbr-hatso-lanckerek-4409-43-c45-suzuki-gsxr-1000-01-09-gsf1250-gsxr1300-08-18-jtr1800-43-lanc-530\/\",\"name\":\"PBR H\u00c1TS\u00d3 L\u00c1NCKER\u00c9K 4409 43 C45 SUZUKI GSXR 1000 (01-09), GSF1250, GSXR1300 (08-18) (JTR1800.43) (L\u00c1NC 530) - V3 ATV-PARTS.HU\",\"isPartOf\":{\"@id\":\"https:\/\/v3.atv-parts.hu\/#website\"},\"primaryImageOfPage\":{\"@id\":\"https:\/\/v3.atv-parts.hu\/index.php\/termek\/pbr-hatso-lanckerek-4409-43-c45-suzuki-gsxr-1000-01-09-gsf1250-gsxr1300-08-18-jtr1800-43-lanc-530\/#primaryimage\"},\"image\":{\"@id\":\"https:\/\/v3.atv-parts.hu\/index.php\/termek\/pbr-hatso-lanckerek-4409-43-c45-suzuki-gsxr-1000-01-09-gsf1250-gsxr1300-08-18-jtr1800-43-lanc-530\/#primaryimage\"},\"thumbnailUrl\":\"https:\/\/v3.atv-parts.hu\/wp-content\/uploads\/2024\/04\/pbr-zebatka-tylna-4409-43-c45-suzuki-gsxr-1000-01.jpg\",\"datePublished\":\"2024-04-03T07:50:04+00:00\",\"dateModified\":\"2024-05-03T10:56:37+00:00\",\"breadcrumb\":{\"@id\":\"https:\/\/v3.atv-parts.hu\/index.php\/termek\/pbr-hatso-lanckerek-4409-43-c45-suzuki-gsxr-1000-01-09-gsf1250-gsxr1300-08-18-jtr1800-43-lanc-530\/#breadcrumb\"},\"inLanguage\":\"hu\",\"potentialAction\":[{\"@type\":\"ReadAction\",\"target\":[\"https:\/\/v3.atv-parts.hu\/index.php\/termek\/pbr-hatso-lanckerek-4409-43-c45-suzuki-gsxr-1000-01-09-gsf1250-gsxr1300-08-18-jtr1800-43-lanc-530\/\"]}]},{\"@type\":\"ImageObject\",\"inLanguage\":\"hu\",\"@id\":\"https:\/\/v3.atv-parts.hu\/index.php\/termek\/pbr-hatso-lanckerek-4409-43-c45-suzuki-gsxr-1000-01-09-gsf1250-gsxr1300-08-18-jtr1800-43-lanc-530\/#primaryimage\",\"url\":\"https:\/\/v3.atv-parts.hu\/wp-content\/uploads\/2024\/04\/pbr-zebatka-tylna-4409-43-c45-suzuki-gsxr-1000-01.jpg\",\"contentUrl\":\"https:\/\/v3.atv-parts.hu\/wp-content\/uploads\/2024\/04\/pbr-zebatka-tylna-4409-43-c45-suzuki-gsxr-1000-01.jpg\",\"width\":153,\"height\":119},{\"@type\":\"BreadcrumbList\",\"@id\":\"https:\/\/v3.atv-parts.hu\/index.php\/termek\/pbr-hatso-lanckerek-4409-43-c45-suzuki-gsxr-1000-01-09-gsf1250-gsxr1300-08-18-jtr1800-43-lanc-530\/#breadcrumb\",\"itemListElement\":[{\"@type\":\"ListItem\",\"position\":1,\"name\":\"Kezd\u0151lap\",\"item\":\"https:\/\/v3.atv-parts.hu\/\"},{\"@type\":\"ListItem\",\"position\":2,\"name\":\"Bolt\",\"item\":\"https:\/\/v3.atv-parts.hu\/index.php\/bolt\/\"},{\"@type\":\"ListItem\",\"position\":3,\"name\":\"PBR H\u00c1TS\u00d3 L\u00c1NCKER\u00c9K 4409 43 C45 SUZUKI GSXR 1000 (01-09), GSF1250, GSXR1300 (08-18) (JTR1800.43) (L\u00c1NC 530)\"}]},{\"@type\":\"WebSite\",\"@id\":\"https:\/\/v3.atv-parts.hu\/#website\",\"url\":\"https:\/\/v3.atv-parts.hu\/\",\"name\":\"V3 ATV-PARTS.HU\",\"description\":\"\",\"publisher\":{\"@id\":\"https:\/\/v3.atv-parts.hu\/#organization\"},\"potentialAction\":[{\"@type\":\"SearchAction\",\"target\":{\"@type\":\"EntryPoint\",\"urlTemplate\":\"https:\/\/v3.atv-parts.hu\/?s={search_term_string}\"},\"query-input\":\"required name=search_term_string\"}],\"inLanguage\":\"hu\"},{\"@type\":\"Organization\",\"@id\":\"https:\/\/v3.atv-parts.hu\/#organization\",\"name\":\"V3 ATV-PARTS.HU\",\"url\":\"https:\/\/v3.atv-parts.hu\/\",\"logo\":{\"@type\":\"ImageObject\",\"inLanguage\":\"hu\",\"@id\":\"https:\/\/v3.atv-parts.hu\/#\/schema\/logo\/image\/\",\"url\":\"https:\/\/v3.atv-parts.hu\/wp-content\/uploads\/2021\/02\/cropped-cropped-atvlogo-1-1-1.png\",\"contentUrl\":\"https:\/\/v3.atv-parts.hu\/wp-content\/uploads\/2021\/02\/cropped-cropped-atvlogo-1-1-1.png\",\"width\":267,\"height\":160,\"caption\":\"V3 ATV-PARTS.HU\"},\"image\":{\"@id\":\"https:\/\/v3.atv-parts.hu\/#\/schema\/logo\/image\/\"},\"sameAs\":[\"https:\/\/www.facebook.com\/atvpartsHU\"]}]}<\/script>\n<meta property=\"product:price:amount\" content=\"11991.34\" \/>\n<meta property=\"product:price:currency\" content=\"HUF\" \/>\n<meta property=\"og:availability\" content=\"instock\" \/>\n<meta property=\"product:availability\" content=\"instock\" \/>\n<meta property=\"product:retailer_item_id\" content=\"440943C45\" \/>\n<meta property=\"product:condition\" content=\"new\" \/>\n<!-- \/ Yoast SEO Premium plugin. -->","yoast_head_json":{"title":"PBR H\u00c1TS\u00d3 L\u00c1NCKER\u00c9K 4409 43 C45 SUZUKI GSXR 1000 (01-09), GSF1250, GSXR1300 (08-18) (JTR1800.43) (L\u00c1NC 530) - V3 ATV-PARTS.HU","robots":{"index":"index","follow":"follow","max-snippet":"max-snippet:-1","max-image-preview":"max-image-preview:large","max-video-preview":"max-video-preview:-1"},"canonical":"https:\/\/v3.atv-parts.hu\/index.php\/termek\/pbr-hatso-lanckerek-4409-43-c45-suzuki-gsxr-1000-01-09-gsf1250-gsxr1300-08-18-jtr1800-43-lanc-530\/","og_locale":"hu_HU","og_type":"article","og_title":"PBR H\u00c1TS\u00d3 L\u00c1NCKER\u00c9K 4409 43 C45 SUZUKI GSXR 1000 (01-09), GSF1250, GSXR1300 (08-18) (JTR1800.43) (L\u00c1NC 530)","og_description":"PBR H\u00c1TS\u00d3 L\u00c1NCKER\u00c9K 4409 43 C45 SUZUKI GSXR 1000 (01-09), GSF1250, GSXR1300 (08-18) (JTR1800.43) (L\u00c1NC 530)","og_url":"https:\/\/v3.atv-parts.hu\/index.php\/termek\/pbr-hatso-lanckerek-4409-43-c45-suzuki-gsxr-1000-01-09-gsf1250-gsxr1300-08-18-jtr1800-43-lanc-530\/","og_site_name":"V3 ATV-PARTS.HU","article_publisher":"https:\/\/www.facebook.com\/atvpartsHU","article_modified_time":"2024-05-03T10:56:37+00:00","og_image":[{"width":153,"height":119,"url":"https:\/\/v3.atv-parts.hu\/wp-content\/uploads\/2024\/04\/pbr-zebatka-tylna-4409-43-c45-suzuki-gsxr-1000-01.jpg","type":"image\/jpeg"}],"twitter_card":"summary_large_image","twitter_misc":{"\u00c1r":"11991,34&nbsp;&#70;&#116; \u00c1F\u00c1-val","El\u00e9rhet\u0151s\u00e9g":"K\u00e9szleten"},"schema":{"@context":"https:\/\/schema.org","@graph":[{"@type":"WebPage","@id":"https:\/\/v3.atv-parts.hu\/index.php\/termek\/pbr-hatso-lanckerek-4409-43-c45-suzuki-gsxr-1000-01-09-gsf1250-gsxr1300-08-18-jtr1800-43-lanc-530\/","url":"https:\/\/v3.atv-parts.hu\/index.php\/termek\/pbr-hatso-lanckerek-4409-43-c45-suzuki-gsxr-1000-01-09-gsf1250-gsxr1300-08-18-jtr1800-43-lanc-530\/","name":"PBR H\u00c1TS\u00d3 L\u00c1NCKER\u00c9K 4409 43 C45 SUZUKI GSXR 1000 (01-09), GSF1250, GSXR1300 (08-18) (JTR1800.43) (L\u00c1NC 530) - V3 ATV-PARTS.HU","isPartOf":{"@id":"https:\/\/v3.atv-parts.hu\/#website"},"primaryImageOfPage":{"@id":"https:\/\/v3.atv-parts.hu\/index.php\/termek\/pbr-hatso-lanckerek-4409-43-c45-suzuki-gsxr-1000-01-09-gsf1250-gsxr1300-08-18-jtr1800-43-lanc-530\/#primaryimage"},"image":{"@id":"https:\/\/v3.atv-parts.hu\/index.php\/termek\/pbr-hatso-lanckerek-4409-43-c45-suzuki-gsxr-1000-01-09-gsf1250-gsxr1300-08-18-jtr1800-43-lanc-530\/#primaryimage"},"thumbnailUrl":"https:\/\/v3.atv-parts.hu\/wp-content\/uploads\/2024\/04\/pbr-zebatka-tylna-4409-43-c45-suzuki-gsxr-1000-01.jpg","datePublished":"2024-04-03T07:50:04+00:00","dateModified":"2024-05-03T10:56:37+00:00","breadcrumb":{"@id":"https:\/\/v3.atv-parts.hu\/index.php\/termek\/pbr-hatso-lanckerek-4409-43-c45-suzuki-gsxr-1000-01-09-gsf1250-gsxr1300-08-18-jtr1800-43-lanc-530\/#breadcrumb"},"inLanguage":"hu","potentialAction":[{"@type":"ReadAction","target":["https:\/\/v3.atv-parts.hu\/index.php\/termek\/pbr-hatso-lanckerek-4409-43-c45-suzuki-gsxr-1000-01-09-gsf1250-gsxr1300-08-18-jtr1800-43-lanc-530\/"]}]},{"@type":"ImageObject","inLanguage":"hu","@id":"https:\/\/v3.atv-parts.hu\/index.php\/termek\/pbr-hatso-lanckerek-4409-43-c45-suzuki-gsxr-1000-01-09-gsf1250-gsxr1300-08-18-jtr1800-43-lanc-530\/#primaryimage","url":"https:\/\/v3.atv-parts.hu\/wp-content\/uploads\/2024\/04\/pbr-zebatka-tylna-4409-43-c45-suzuki-gsxr-1000-01.jpg","contentUrl":"https:\/\/v3.atv-parts.hu\/wp-content\/uploads\/2024\/04\/pbr-zebatka-tylna-4409-43-c45-suzuki-gsxr-1000-01.jpg","width":153,"height":119},{"@type":"BreadcrumbList","@id":"https:\/\/v3.atv-parts.hu\/index.php\/termek\/pbr-hatso-lanckerek-4409-43-c45-suzuki-gsxr-1000-01-09-gsf1250-gsxr1300-08-18-jtr1800-43-lanc-530\/#breadcrumb","itemListElement":[{"@type":"ListItem","position":1,"name":"Kezd\u0151lap","item":"https:\/\/v3.atv-parts.hu\/"},{"@type":"ListItem","position":2,"name":"Bolt","item":"https:\/\/v3.atv-parts.hu\/index.php\/bolt\/"},{"@type":"ListItem","position":3,"name":"PBR H\u00c1TS\u00d3 L\u00c1NCKER\u00c9K 4409 43 C45 SUZUKI GSXR 1000 (01-09), GSF1250, GSXR1300 (08-18) (JTR1800.43) (L\u00c1NC 530)"}]},{"@type":"WebSite","@id":"https:\/\/v3.atv-parts.hu\/#website","url":"https:\/\/v3.atv-parts.hu\/","name":"V3 ATV-PARTS.HU","description":"","publisher":{"@id":"https:\/\/v3.atv-parts.hu\/#organization"},"potentialAction":[{"@type":"SearchAction","target":{"@type":"EntryPoint","urlTemplate":"https:\/\/v3.atv-parts.hu\/?s={search_term_string}"},"query-input":"required name=search_term_string"}],"inLanguage":"hu"},{"@type":"Organization","@id":"https:\/\/v3.atv-parts.hu\/#organization","name":"V3 ATV-PARTS.HU","url":"https:\/\/v3.atv-parts.hu\/","logo":{"@type":"ImageObject","inLanguage":"hu","@id":"https:\/\/v3.atv-parts.hu\/#\/schema\/logo\/image\/","url":"https:\/\/v3.atv-parts.hu\/wp-content\/uploads\/2021\/02\/cropped-cropped-atvlogo-1-1-1.png","contentUrl":"https:\/\/v3.atv-parts.hu\/wp-content\/uploads\/2021\/02\/cropped-cropped-atvlogo-1-1-1.png","width":267,"height":160,"caption":"V3 ATV-PARTS.HU"},"image":{"@id":"https:\/\/v3.atv-parts.hu\/#\/schema\/logo\/image\/"},"sameAs":["https:\/\/www.facebook.com\/atvpartsHU"]}]},"product_price_amount":"11991.34","product_price_currency":"HUF","og_availability":"instock","product_availability":"instock","product_retailer_item_id":"440943C45","product_condition":"new"},"_links":{"self":[{"href":"https:\/\/v3.atv-parts.hu\/index.php\/wp-json\/wp\/v2\/product\/82709","targetHints":{"allow":["GET"]}}],"collection":[{"href":"https:\/\/v3.atv-parts.hu\/index.php\/wp-json\/wp\/v2\/product"}],"about":[{"href":"https:\/\/v3.atv-parts.hu\/index.php\/wp-json\/wp\/v2\/types\/product"}],"replies":[{"embeddable":true,"href":"https:\/\/v3.atv-parts.hu\/index.php\/wp-json\/wp\/v2\/comments?post=82709"}],"wp:featuredmedia":[{"embeddable":true,"href":"https:\/\/v3.atv-parts.hu\/index.php\/wp-json\/wp\/v2\/media\/82710"}],"wp:attachment":[{"href":"https:\/\/v3.atv-parts.hu\/index.php\/wp-json\/wp\/v2\/media?parent=82709"}],"wp:term":[{"taxonomy":"product_cat","embeddable":true,"href":"https:\/\/v3.atv-parts.hu\/index.php\/wp-json\/wp\/v2\/product_cat?post=82709"},{"taxonomy":"product_tag","embeddable":true,"href":"https:\/\/v3.atv-parts.hu\/index.php\/wp-json\/wp\/v2\/product_tag?post=82709"}],"curies":[{"name":"wp","href":"https:\/\/api.w.org\/{rel}","templated":true}]}}