{"id":87183,"date":"2024-04-03T11:49:03","date_gmt":"2024-04-03T09:49:03","guid":{"rendered":"https:\/\/v3.atv-parts.hu\/index.php\/termek\/newfren-honda-gl-1200-86-87-kuplungtarcsak-ebs1224\/"},"modified":"2025-03-21T08:00:49","modified_gmt":"2025-03-21T07:00:49","slug":"newfren-honda-gl-1200-86-87-kuplungtarcsak-ebs1224","status":"publish","type":"product","link":"https:\/\/v3.atv-parts.hu\/index.php\/termek\/newfren-honda-gl-1200-86-87-kuplungtarcsak-ebs1224\/","title":{"rendered":"NEWFREN  HONDA GL 1200 &#8217;86-&#8217;87 KUPLUNGT\u00c1RCS\u00c1K (EBS1224)"},"content":{"rendered":"<p>NEWFREN  HONDA GL 1200 &#8217;86-&#8217;87 KUPLUNGT\u00c1RCS\u00c1K (EBS1224)<\/p>\n<p>EAN: F.1681<\/p>\n<p>SKU: F.1681<\/p>\n","protected":false},"excerpt":{"rendered":"<p>NEWFREN  HONDA GL 1200 &#8217;86-&#8217;87 KUPLUNGT\u00c1RCS\u00c1K (EBS1224)<\/p>\n","protected":false},"featured_media":0,"comment_status":"closed","ping_status":"open","template":"","meta":{"_monsterinsights_skip_tracking":false,"_monsterinsights_sitenote_active":false,"_monsterinsights_sitenote_note":"","_monsterinsights_sitenote_category":0},"product_cat":[],"product_tag":[],"class_list":{"0":"post-87183","1":"product","2":"type-product","3":"status-publish","5":"pa_marka-newfren","7":"first","8":"outofstock","9":"taxable","10":"shipping-taxable","11":"purchasable","12":"product-type-simple"},"yoast_head":"<!-- This site is optimized with the Yoast SEO Premium plugin v22.6 (Yoast SEO v22.6) - https:\/\/yoast.com\/wordpress\/plugins\/seo\/ -->\n<title>NEWFREN HONDA GL 1200 &#039;86-&#039;87 KUPLUNGT\u00c1RCS\u00c1K (EBS1224) - V3 ATV-PARTS.HU<\/title>\n<meta name=\"robots\" content=\"index, follow, max-snippet:-1, max-image-preview:large, max-video-preview:-1\" \/>\n<link rel=\"canonical\" href=\"https:\/\/v3.atv-parts.hu\/index.php\/termek\/newfren-honda-gl-1200-86-87-kuplungtarcsak-ebs1224\/\" \/>\n<meta property=\"og:locale\" content=\"hu_HU\" \/>\n<meta property=\"og:type\" content=\"article\" \/>\n<meta property=\"og:title\" content=\"NEWFREN HONDA GL 1200 &#039;86-&#039;87 KUPLUNGT\u00c1RCS\u00c1K (EBS1224)\" \/>\n<meta property=\"og:description\" content=\"NEWFREN HONDA GL 1200 &#039;86-&#039;87 KUPLUNGT\u00c1RCS\u00c1K (EBS1224)\" \/>\n<meta property=\"og:url\" content=\"https:\/\/v3.atv-parts.hu\/index.php\/termek\/newfren-honda-gl-1200-86-87-kuplungtarcsak-ebs1224\/\" \/>\n<meta property=\"og:site_name\" content=\"V3 ATV-PARTS.HU\" \/>\n<meta property=\"article:publisher\" content=\"https:\/\/www.facebook.com\/atvpartsHU\" \/>\n<meta property=\"article:modified_time\" content=\"2025-03-21T07:00:49+00:00\" \/>\n<meta name=\"twitter:card\" content=\"summary_large_image\" \/>\n<meta name=\"twitter:label1\" content=\"\u00c1r\" \/>\n\t<meta name=\"twitter:data1\" content=\"26388,06&nbsp;&#70;&#116; \u00c1F\u00c1-val\" \/>\n\t<meta name=\"twitter:label2\" content=\"El\u00e9rhet\u0151s\u00e9g\" \/>\n\t<meta name=\"twitter:data2\" content=\"Nincs k\u00e9szleten\" \/>\n<script type=\"application\/ld+json\" class=\"yoast-schema-graph\">{\"@context\":\"https:\/\/schema.org\",\"@graph\":[{\"@type\":\"WebPage\",\"@id\":\"https:\/\/v3.atv-parts.hu\/index.php\/termek\/newfren-honda-gl-1200-86-87-kuplungtarcsak-ebs1224\/\",\"url\":\"https:\/\/v3.atv-parts.hu\/index.php\/termek\/newfren-honda-gl-1200-86-87-kuplungtarcsak-ebs1224\/\",\"name\":\"NEWFREN HONDA GL 1200 '86-'87 KUPLUNGT\u00c1RCS\u00c1K (EBS1224) - V3 ATV-PARTS.HU\",\"isPartOf\":{\"@id\":\"https:\/\/v3.atv-parts.hu\/#website\"},\"datePublished\":\"2024-04-03T09:49:03+00:00\",\"dateModified\":\"2025-03-21T07:00:49+00:00\",\"breadcrumb\":{\"@id\":\"https:\/\/v3.atv-parts.hu\/index.php\/termek\/newfren-honda-gl-1200-86-87-kuplungtarcsak-ebs1224\/#breadcrumb\"},\"inLanguage\":\"hu\",\"potentialAction\":[{\"@type\":\"ReadAction\",\"target\":[\"https:\/\/v3.atv-parts.hu\/index.php\/termek\/newfren-honda-gl-1200-86-87-kuplungtarcsak-ebs1224\/\"]}]},{\"@type\":\"BreadcrumbList\",\"@id\":\"https:\/\/v3.atv-parts.hu\/index.php\/termek\/newfren-honda-gl-1200-86-87-kuplungtarcsak-ebs1224\/#breadcrumb\",\"itemListElement\":[{\"@type\":\"ListItem\",\"position\":1,\"name\":\"Kezd\u0151lap\",\"item\":\"https:\/\/v3.atv-parts.hu\/\"},{\"@type\":\"ListItem\",\"position\":2,\"name\":\"Bolt\",\"item\":\"https:\/\/v3.atv-parts.hu\/index.php\/bolt\/\"},{\"@type\":\"ListItem\",\"position\":3,\"name\":\"NEWFREN HONDA GL 1200 &#8217;86-&#8217;87 KUPLUNGT\u00c1RCS\u00c1K (EBS1224)\"}]},{\"@type\":\"WebSite\",\"@id\":\"https:\/\/v3.atv-parts.hu\/#website\",\"url\":\"https:\/\/v3.atv-parts.hu\/\",\"name\":\"V3 ATV-PARTS.HU\",\"description\":\"\",\"publisher\":{\"@id\":\"https:\/\/v3.atv-parts.hu\/#organization\"},\"potentialAction\":[{\"@type\":\"SearchAction\",\"target\":{\"@type\":\"EntryPoint\",\"urlTemplate\":\"https:\/\/v3.atv-parts.hu\/?s={search_term_string}\"},\"query-input\":\"required name=search_term_string\"}],\"inLanguage\":\"hu\"},{\"@type\":\"Organization\",\"@id\":\"https:\/\/v3.atv-parts.hu\/#organization\",\"name\":\"V3 ATV-PARTS.HU\",\"url\":\"https:\/\/v3.atv-parts.hu\/\",\"logo\":{\"@type\":\"ImageObject\",\"inLanguage\":\"hu\",\"@id\":\"https:\/\/v3.atv-parts.hu\/#\/schema\/logo\/image\/\",\"url\":\"https:\/\/v3.atv-parts.hu\/wp-content\/uploads\/2021\/02\/cropped-cropped-atvlogo-1-1-1.png\",\"contentUrl\":\"https:\/\/v3.atv-parts.hu\/wp-content\/uploads\/2021\/02\/cropped-cropped-atvlogo-1-1-1.png\",\"width\":267,\"height\":160,\"caption\":\"V3 ATV-PARTS.HU\"},\"image\":{\"@id\":\"https:\/\/v3.atv-parts.hu\/#\/schema\/logo\/image\/\"},\"sameAs\":[\"https:\/\/www.facebook.com\/atvpartsHU\"]}]}<\/script>\n<meta property=\"product:price:amount\" content=\"26388.06\" \/>\n<meta property=\"product:price:currency\" content=\"HUF\" \/>\n<meta property=\"og:availability\" content=\"out of stock\" \/>\n<meta property=\"product:availability\" content=\"out of stock\" \/>\n<meta property=\"product:retailer_item_id\" content=\"F.1681\" \/>\n<meta property=\"product:condition\" content=\"new\" \/>\n<!-- \/ Yoast SEO Premium plugin. -->","yoast_head_json":{"title":"NEWFREN HONDA GL 1200 '86-'87 KUPLUNGT\u00c1RCS\u00c1K (EBS1224) - V3 ATV-PARTS.HU","robots":{"index":"index","follow":"follow","max-snippet":"max-snippet:-1","max-image-preview":"max-image-preview:large","max-video-preview":"max-video-preview:-1"},"canonical":"https:\/\/v3.atv-parts.hu\/index.php\/termek\/newfren-honda-gl-1200-86-87-kuplungtarcsak-ebs1224\/","og_locale":"hu_HU","og_type":"article","og_title":"NEWFREN HONDA GL 1200 '86-'87 KUPLUNGT\u00c1RCS\u00c1K (EBS1224)","og_description":"NEWFREN HONDA GL 1200 '86-'87 KUPLUNGT\u00c1RCS\u00c1K (EBS1224)","og_url":"https:\/\/v3.atv-parts.hu\/index.php\/termek\/newfren-honda-gl-1200-86-87-kuplungtarcsak-ebs1224\/","og_site_name":"V3 ATV-PARTS.HU","article_publisher":"https:\/\/www.facebook.com\/atvpartsHU","article_modified_time":"2025-03-21T07:00:49+00:00","twitter_card":"summary_large_image","twitter_misc":{"\u00c1r":"26388,06&nbsp;&#70;&#116; \u00c1F\u00c1-val","El\u00e9rhet\u0151s\u00e9g":"Nincs k\u00e9szleten"},"schema":{"@context":"https:\/\/schema.org","@graph":[{"@type":"WebPage","@id":"https:\/\/v3.atv-parts.hu\/index.php\/termek\/newfren-honda-gl-1200-86-87-kuplungtarcsak-ebs1224\/","url":"https:\/\/v3.atv-parts.hu\/index.php\/termek\/newfren-honda-gl-1200-86-87-kuplungtarcsak-ebs1224\/","name":"NEWFREN HONDA GL 1200 '86-'87 KUPLUNGT\u00c1RCS\u00c1K (EBS1224) - V3 ATV-PARTS.HU","isPartOf":{"@id":"https:\/\/v3.atv-parts.hu\/#website"},"datePublished":"2024-04-03T09:49:03+00:00","dateModified":"2025-03-21T07:00:49+00:00","breadcrumb":{"@id":"https:\/\/v3.atv-parts.hu\/index.php\/termek\/newfren-honda-gl-1200-86-87-kuplungtarcsak-ebs1224\/#breadcrumb"},"inLanguage":"hu","potentialAction":[{"@type":"ReadAction","target":["https:\/\/v3.atv-parts.hu\/index.php\/termek\/newfren-honda-gl-1200-86-87-kuplungtarcsak-ebs1224\/"]}]},{"@type":"BreadcrumbList","@id":"https:\/\/v3.atv-parts.hu\/index.php\/termek\/newfren-honda-gl-1200-86-87-kuplungtarcsak-ebs1224\/#breadcrumb","itemListElement":[{"@type":"ListItem","position":1,"name":"Kezd\u0151lap","item":"https:\/\/v3.atv-parts.hu\/"},{"@type":"ListItem","position":2,"name":"Bolt","item":"https:\/\/v3.atv-parts.hu\/index.php\/bolt\/"},{"@type":"ListItem","position":3,"name":"NEWFREN HONDA GL 1200 &#8217;86-&#8217;87 KUPLUNGT\u00c1RCS\u00c1K (EBS1224)"}]},{"@type":"WebSite","@id":"https:\/\/v3.atv-parts.hu\/#website","url":"https:\/\/v3.atv-parts.hu\/","name":"V3 ATV-PARTS.HU","description":"","publisher":{"@id":"https:\/\/v3.atv-parts.hu\/#organization"},"potentialAction":[{"@type":"SearchAction","target":{"@type":"EntryPoint","urlTemplate":"https:\/\/v3.atv-parts.hu\/?s={search_term_string}"},"query-input":"required name=search_term_string"}],"inLanguage":"hu"},{"@type":"Organization","@id":"https:\/\/v3.atv-parts.hu\/#organization","name":"V3 ATV-PARTS.HU","url":"https:\/\/v3.atv-parts.hu\/","logo":{"@type":"ImageObject","inLanguage":"hu","@id":"https:\/\/v3.atv-parts.hu\/#\/schema\/logo\/image\/","url":"https:\/\/v3.atv-parts.hu\/wp-content\/uploads\/2021\/02\/cropped-cropped-atvlogo-1-1-1.png","contentUrl":"https:\/\/v3.atv-parts.hu\/wp-content\/uploads\/2021\/02\/cropped-cropped-atvlogo-1-1-1.png","width":267,"height":160,"caption":"V3 ATV-PARTS.HU"},"image":{"@id":"https:\/\/v3.atv-parts.hu\/#\/schema\/logo\/image\/"},"sameAs":["https:\/\/www.facebook.com\/atvpartsHU"]}]},"product_price_amount":"26388.06","product_price_currency":"HUF","og_availability":"out of stock","product_availability":"out of stock","product_retailer_item_id":"F.1681","product_condition":"new"},"_links":{"self":[{"href":"https:\/\/v3.atv-parts.hu\/index.php\/wp-json\/wp\/v2\/product\/87183","targetHints":{"allow":["GET"]}}],"collection":[{"href":"https:\/\/v3.atv-parts.hu\/index.php\/wp-json\/wp\/v2\/product"}],"about":[{"href":"https:\/\/v3.atv-parts.hu\/index.php\/wp-json\/wp\/v2\/types\/product"}],"replies":[{"embeddable":true,"href":"https:\/\/v3.atv-parts.hu\/index.php\/wp-json\/wp\/v2\/comments?post=87183"}],"wp:attachment":[{"href":"https:\/\/v3.atv-parts.hu\/index.php\/wp-json\/wp\/v2\/media?parent=87183"}],"wp:term":[{"taxonomy":"product_cat","embeddable":true,"href":"https:\/\/v3.atv-parts.hu\/index.php\/wp-json\/wp\/v2\/product_cat?post=87183"},{"taxonomy":"product_tag","embeddable":true,"href":"https:\/\/v3.atv-parts.hu\/index.php\/wp-json\/wp\/v2\/product_tag?post=87183"}],"curies":[{"name":"wp","href":"https:\/\/api.w.org\/{rel}","templated":true}]}}