{"id":88773,"date":"2024-04-03T12:42:34","date_gmt":"2024-04-03T10:42:34","guid":{"rendered":"https:\/\/v3.atv-parts.hu\/index.php\/termek\/meiwa-miw-legszuro-honda-cbr-600-rr-07-15-cbr-600-ra-09-15-hfa1620-10-rendelesre\/"},"modified":"2024-05-03T14:01:36","modified_gmt":"2024-05-03T12:01:36","slug":"meiwa-miw-legszuro-honda-cbr-600-rr-07-15-cbr-600-ra-09-15-hfa1620-10-rendelesre","status":"publish","type":"product","link":"https:\/\/v3.atv-parts.hu\/index.php\/termek\/meiwa-miw-legszuro-honda-cbr-600-rr-07-15-cbr-600-ra-09-15-hfa1620-10-rendelesre\/","title":{"rendered":"MEIWA MIW () L\u00c9GSZ\u0170R\u0150 HONDA CBR 600 RR &#8217;07-&#8217;15, CBR 600 RA &#8217;09-&#8217;15 (HFA1620) (10) (RENDEL\u00c9SRE)"},"content":{"rendered":"<p>MEIWA MIW () L\u00c9GSZ\u0170R\u0150 HONDA CBR 600 RR &#8217;07-&#8217;15, CBR 600 RA &#8217;09-&#8217;15 (HFA1620) (10) (RENDEL\u00c9SRE)<\/p>\n<p>EAN: 8434290203391<\/p>\n<p>SKU: H1262<\/p>\n","protected":false},"excerpt":{"rendered":"<p>MEIWA MIW () L\u00c9GSZ\u0170R\u0150 HONDA CBR 600 RR &#8217;07-&#8217;15, CBR 600 RA &#8217;09-&#8217;15 (HFA1620) (10) (RENDEL\u00c9SRE)<\/p>\n","protected":false},"featured_media":88774,"comment_status":"closed","ping_status":"open","template":"","meta":{"_monsterinsights_skip_tracking":false,"_monsterinsights_sitenote_active":false,"_monsterinsights_sitenote_note":"","_monsterinsights_sitenote_category":0},"product_cat":[557,556],"product_tag":[],"class_list":{"0":"post-88773","1":"product","2":"type-product","3":"status-publish","4":"has-post-thumbnail","6":"product_cat-legszurok","7":"product_cat-szurok","8":"pa_marka-meiwa","10":"first","11":"instock","12":"taxable","13":"shipping-taxable","14":"purchasable","15":"product-type-simple"},"yoast_head":"<!-- This site is optimized with the Yoast SEO Premium plugin v22.6 (Yoast SEO v22.6) - https:\/\/yoast.com\/wordpress\/plugins\/seo\/ -->\n<title>MEIWA MIW () L\u00c9GSZ\u0170R\u0150 HONDA CBR 600 RR &#039;07-&#039;15, CBR 600 RA &#039;09-&#039;15 (HFA1620) (10) (RENDEL\u00c9SRE) - V3 ATV-PARTS.HU<\/title>\n<meta name=\"robots\" content=\"index, follow, max-snippet:-1, max-image-preview:large, max-video-preview:-1\" \/>\n<link rel=\"canonical\" href=\"https:\/\/v3.atv-parts.hu\/index.php\/termek\/meiwa-miw-legszuro-honda-cbr-600-rr-07-15-cbr-600-ra-09-15-hfa1620-10-rendelesre\/\" \/>\n<meta property=\"og:locale\" content=\"hu_HU\" \/>\n<meta property=\"og:type\" content=\"article\" \/>\n<meta property=\"og:title\" content=\"MEIWA MIW () L\u00c9GSZ\u0170R\u0150 HONDA CBR 600 RR &#039;07-&#039;15, CBR 600 RA &#039;09-&#039;15 (HFA1620) (10) (RENDEL\u00c9SRE)\" \/>\n<meta property=\"og:description\" content=\"MEIWA MIW () L\u00c9GSZ\u0170R\u0150 HONDA CBR 600 RR &#039;07-&#039;15, CBR 600 RA &#039;09-&#039;15 (HFA1620) (10) (RENDEL\u00c9SRE)\" \/>\n<meta property=\"og:url\" content=\"https:\/\/v3.atv-parts.hu\/index.php\/termek\/meiwa-miw-legszuro-honda-cbr-600-rr-07-15-cbr-600-ra-09-15-hfa1620-10-rendelesre\/\" \/>\n<meta property=\"og:site_name\" content=\"V3 ATV-PARTS.HU\" \/>\n<meta property=\"article:publisher\" content=\"https:\/\/www.facebook.com\/atvpartsHU\" \/>\n<meta property=\"article:modified_time\" content=\"2024-05-03T12:01:36+00:00\" \/>\n<meta property=\"og:image\" content=\"https:\/\/v3.atv-parts.hu\/wp-content\/uploads\/2024\/04\/miw-meiwa-filtr-powietrza-honda-cbr-600-rr-07.jpg\" \/>\n\t<meta property=\"og:image:width\" content=\"567\" \/>\n\t<meta property=\"og:image:height\" content=\"477\" \/>\n\t<meta property=\"og:image:type\" content=\"image\/jpeg\" \/>\n<meta name=\"twitter:card\" content=\"summary_large_image\" \/>\n<meta name=\"twitter:label1\" content=\"\u00c1r\" \/>\n\t<meta name=\"twitter:data1\" content=\"11456,67&nbsp;&#70;&#116; \u00c1F\u00c1-val\" \/>\n\t<meta name=\"twitter:label2\" content=\"El\u00e9rhet\u0151s\u00e9g\" \/>\n\t<meta name=\"twitter:data2\" content=\"K\u00e9szleten\" \/>\n<script type=\"application\/ld+json\" class=\"yoast-schema-graph\">{\"@context\":\"https:\/\/schema.org\",\"@graph\":[{\"@type\":\"WebPage\",\"@id\":\"https:\/\/v3.atv-parts.hu\/index.php\/termek\/meiwa-miw-legszuro-honda-cbr-600-rr-07-15-cbr-600-ra-09-15-hfa1620-10-rendelesre\/\",\"url\":\"https:\/\/v3.atv-parts.hu\/index.php\/termek\/meiwa-miw-legszuro-honda-cbr-600-rr-07-15-cbr-600-ra-09-15-hfa1620-10-rendelesre\/\",\"name\":\"MEIWA MIW () L\u00c9GSZ\u0170R\u0150 HONDA CBR 600 RR '07-'15, CBR 600 RA '09-'15 (HFA1620) (10) (RENDEL\u00c9SRE) - V3 ATV-PARTS.HU\",\"isPartOf\":{\"@id\":\"https:\/\/v3.atv-parts.hu\/#website\"},\"primaryImageOfPage\":{\"@id\":\"https:\/\/v3.atv-parts.hu\/index.php\/termek\/meiwa-miw-legszuro-honda-cbr-600-rr-07-15-cbr-600-ra-09-15-hfa1620-10-rendelesre\/#primaryimage\"},\"image\":{\"@id\":\"https:\/\/v3.atv-parts.hu\/index.php\/termek\/meiwa-miw-legszuro-honda-cbr-600-rr-07-15-cbr-600-ra-09-15-hfa1620-10-rendelesre\/#primaryimage\"},\"thumbnailUrl\":\"https:\/\/v3.atv-parts.hu\/wp-content\/uploads\/2024\/04\/miw-meiwa-filtr-powietrza-honda-cbr-600-rr-07.jpg\",\"datePublished\":\"2024-04-03T10:42:34+00:00\",\"dateModified\":\"2024-05-03T12:01:36+00:00\",\"breadcrumb\":{\"@id\":\"https:\/\/v3.atv-parts.hu\/index.php\/termek\/meiwa-miw-legszuro-honda-cbr-600-rr-07-15-cbr-600-ra-09-15-hfa1620-10-rendelesre\/#breadcrumb\"},\"inLanguage\":\"hu\",\"potentialAction\":[{\"@type\":\"ReadAction\",\"target\":[\"https:\/\/v3.atv-parts.hu\/index.php\/termek\/meiwa-miw-legszuro-honda-cbr-600-rr-07-15-cbr-600-ra-09-15-hfa1620-10-rendelesre\/\"]}]},{\"@type\":\"ImageObject\",\"inLanguage\":\"hu\",\"@id\":\"https:\/\/v3.atv-parts.hu\/index.php\/termek\/meiwa-miw-legszuro-honda-cbr-600-rr-07-15-cbr-600-ra-09-15-hfa1620-10-rendelesre\/#primaryimage\",\"url\":\"https:\/\/v3.atv-parts.hu\/wp-content\/uploads\/2024\/04\/miw-meiwa-filtr-powietrza-honda-cbr-600-rr-07.jpg\",\"contentUrl\":\"https:\/\/v3.atv-parts.hu\/wp-content\/uploads\/2024\/04\/miw-meiwa-filtr-powietrza-honda-cbr-600-rr-07.jpg\",\"width\":567,\"height\":477},{\"@type\":\"BreadcrumbList\",\"@id\":\"https:\/\/v3.atv-parts.hu\/index.php\/termek\/meiwa-miw-legszuro-honda-cbr-600-rr-07-15-cbr-600-ra-09-15-hfa1620-10-rendelesre\/#breadcrumb\",\"itemListElement\":[{\"@type\":\"ListItem\",\"position\":1,\"name\":\"Kezd\u0151lap\",\"item\":\"https:\/\/v3.atv-parts.hu\/\"},{\"@type\":\"ListItem\",\"position\":2,\"name\":\"Bolt\",\"item\":\"https:\/\/v3.atv-parts.hu\/index.php\/bolt\/\"},{\"@type\":\"ListItem\",\"position\":3,\"name\":\"MEIWA MIW () L\u00c9GSZ\u0170R\u0150 HONDA CBR 600 RR &#8217;07-&#8217;15, CBR 600 RA &#8217;09-&#8217;15 (HFA1620) (10) (RENDEL\u00c9SRE)\"}]},{\"@type\":\"WebSite\",\"@id\":\"https:\/\/v3.atv-parts.hu\/#website\",\"url\":\"https:\/\/v3.atv-parts.hu\/\",\"name\":\"V3 ATV-PARTS.HU\",\"description\":\"\",\"publisher\":{\"@id\":\"https:\/\/v3.atv-parts.hu\/#organization\"},\"potentialAction\":[{\"@type\":\"SearchAction\",\"target\":{\"@type\":\"EntryPoint\",\"urlTemplate\":\"https:\/\/v3.atv-parts.hu\/?s={search_term_string}\"},\"query-input\":\"required name=search_term_string\"}],\"inLanguage\":\"hu\"},{\"@type\":\"Organization\",\"@id\":\"https:\/\/v3.atv-parts.hu\/#organization\",\"name\":\"V3 ATV-PARTS.HU\",\"url\":\"https:\/\/v3.atv-parts.hu\/\",\"logo\":{\"@type\":\"ImageObject\",\"inLanguage\":\"hu\",\"@id\":\"https:\/\/v3.atv-parts.hu\/#\/schema\/logo\/image\/\",\"url\":\"https:\/\/v3.atv-parts.hu\/wp-content\/uploads\/2021\/02\/cropped-cropped-atvlogo-1-1-1.png\",\"contentUrl\":\"https:\/\/v3.atv-parts.hu\/wp-content\/uploads\/2021\/02\/cropped-cropped-atvlogo-1-1-1.png\",\"width\":267,\"height\":160,\"caption\":\"V3 ATV-PARTS.HU\"},\"image\":{\"@id\":\"https:\/\/v3.atv-parts.hu\/#\/schema\/logo\/image\/\"},\"sameAs\":[\"https:\/\/www.facebook.com\/atvpartsHU\"]}]}<\/script>\n<meta property=\"product:price:amount\" content=\"11456.67\" \/>\n<meta property=\"product:price:currency\" content=\"HUF\" \/>\n<meta property=\"og:availability\" content=\"instock\" \/>\n<meta property=\"product:availability\" content=\"instock\" \/>\n<meta property=\"product:retailer_item_id\" content=\"H1262\" \/>\n<meta property=\"product:condition\" content=\"new\" \/>\n<!-- \/ Yoast SEO Premium plugin. -->","yoast_head_json":{"title":"MEIWA MIW () L\u00c9GSZ\u0170R\u0150 HONDA CBR 600 RR '07-'15, CBR 600 RA '09-'15 (HFA1620) (10) (RENDEL\u00c9SRE) - V3 ATV-PARTS.HU","robots":{"index":"index","follow":"follow","max-snippet":"max-snippet:-1","max-image-preview":"max-image-preview:large","max-video-preview":"max-video-preview:-1"},"canonical":"https:\/\/v3.atv-parts.hu\/index.php\/termek\/meiwa-miw-legszuro-honda-cbr-600-rr-07-15-cbr-600-ra-09-15-hfa1620-10-rendelesre\/","og_locale":"hu_HU","og_type":"article","og_title":"MEIWA MIW () L\u00c9GSZ\u0170R\u0150 HONDA CBR 600 RR '07-'15, CBR 600 RA '09-'15 (HFA1620) (10) (RENDEL\u00c9SRE)","og_description":"MEIWA MIW () L\u00c9GSZ\u0170R\u0150 HONDA CBR 600 RR '07-'15, CBR 600 RA '09-'15 (HFA1620) (10) (RENDEL\u00c9SRE)","og_url":"https:\/\/v3.atv-parts.hu\/index.php\/termek\/meiwa-miw-legszuro-honda-cbr-600-rr-07-15-cbr-600-ra-09-15-hfa1620-10-rendelesre\/","og_site_name":"V3 ATV-PARTS.HU","article_publisher":"https:\/\/www.facebook.com\/atvpartsHU","article_modified_time":"2024-05-03T12:01:36+00:00","og_image":[{"width":567,"height":477,"url":"https:\/\/v3.atv-parts.hu\/wp-content\/uploads\/2024\/04\/miw-meiwa-filtr-powietrza-honda-cbr-600-rr-07.jpg","type":"image\/jpeg"}],"twitter_card":"summary_large_image","twitter_misc":{"\u00c1r":"11456,67&nbsp;&#70;&#116; \u00c1F\u00c1-val","El\u00e9rhet\u0151s\u00e9g":"K\u00e9szleten"},"schema":{"@context":"https:\/\/schema.org","@graph":[{"@type":"WebPage","@id":"https:\/\/v3.atv-parts.hu\/index.php\/termek\/meiwa-miw-legszuro-honda-cbr-600-rr-07-15-cbr-600-ra-09-15-hfa1620-10-rendelesre\/","url":"https:\/\/v3.atv-parts.hu\/index.php\/termek\/meiwa-miw-legszuro-honda-cbr-600-rr-07-15-cbr-600-ra-09-15-hfa1620-10-rendelesre\/","name":"MEIWA MIW () L\u00c9GSZ\u0170R\u0150 HONDA CBR 600 RR '07-'15, CBR 600 RA '09-'15 (HFA1620) (10) (RENDEL\u00c9SRE) - V3 ATV-PARTS.HU","isPartOf":{"@id":"https:\/\/v3.atv-parts.hu\/#website"},"primaryImageOfPage":{"@id":"https:\/\/v3.atv-parts.hu\/index.php\/termek\/meiwa-miw-legszuro-honda-cbr-600-rr-07-15-cbr-600-ra-09-15-hfa1620-10-rendelesre\/#primaryimage"},"image":{"@id":"https:\/\/v3.atv-parts.hu\/index.php\/termek\/meiwa-miw-legszuro-honda-cbr-600-rr-07-15-cbr-600-ra-09-15-hfa1620-10-rendelesre\/#primaryimage"},"thumbnailUrl":"https:\/\/v3.atv-parts.hu\/wp-content\/uploads\/2024\/04\/miw-meiwa-filtr-powietrza-honda-cbr-600-rr-07.jpg","datePublished":"2024-04-03T10:42:34+00:00","dateModified":"2024-05-03T12:01:36+00:00","breadcrumb":{"@id":"https:\/\/v3.atv-parts.hu\/index.php\/termek\/meiwa-miw-legszuro-honda-cbr-600-rr-07-15-cbr-600-ra-09-15-hfa1620-10-rendelesre\/#breadcrumb"},"inLanguage":"hu","potentialAction":[{"@type":"ReadAction","target":["https:\/\/v3.atv-parts.hu\/index.php\/termek\/meiwa-miw-legszuro-honda-cbr-600-rr-07-15-cbr-600-ra-09-15-hfa1620-10-rendelesre\/"]}]},{"@type":"ImageObject","inLanguage":"hu","@id":"https:\/\/v3.atv-parts.hu\/index.php\/termek\/meiwa-miw-legszuro-honda-cbr-600-rr-07-15-cbr-600-ra-09-15-hfa1620-10-rendelesre\/#primaryimage","url":"https:\/\/v3.atv-parts.hu\/wp-content\/uploads\/2024\/04\/miw-meiwa-filtr-powietrza-honda-cbr-600-rr-07.jpg","contentUrl":"https:\/\/v3.atv-parts.hu\/wp-content\/uploads\/2024\/04\/miw-meiwa-filtr-powietrza-honda-cbr-600-rr-07.jpg","width":567,"height":477},{"@type":"BreadcrumbList","@id":"https:\/\/v3.atv-parts.hu\/index.php\/termek\/meiwa-miw-legszuro-honda-cbr-600-rr-07-15-cbr-600-ra-09-15-hfa1620-10-rendelesre\/#breadcrumb","itemListElement":[{"@type":"ListItem","position":1,"name":"Kezd\u0151lap","item":"https:\/\/v3.atv-parts.hu\/"},{"@type":"ListItem","position":2,"name":"Bolt","item":"https:\/\/v3.atv-parts.hu\/index.php\/bolt\/"},{"@type":"ListItem","position":3,"name":"MEIWA MIW () L\u00c9GSZ\u0170R\u0150 HONDA CBR 600 RR &#8217;07-&#8217;15, CBR 600 RA &#8217;09-&#8217;15 (HFA1620) (10) (RENDEL\u00c9SRE)"}]},{"@type":"WebSite","@id":"https:\/\/v3.atv-parts.hu\/#website","url":"https:\/\/v3.atv-parts.hu\/","name":"V3 ATV-PARTS.HU","description":"","publisher":{"@id":"https:\/\/v3.atv-parts.hu\/#organization"},"potentialAction":[{"@type":"SearchAction","target":{"@type":"EntryPoint","urlTemplate":"https:\/\/v3.atv-parts.hu\/?s={search_term_string}"},"query-input":"required name=search_term_string"}],"inLanguage":"hu"},{"@type":"Organization","@id":"https:\/\/v3.atv-parts.hu\/#organization","name":"V3 ATV-PARTS.HU","url":"https:\/\/v3.atv-parts.hu\/","logo":{"@type":"ImageObject","inLanguage":"hu","@id":"https:\/\/v3.atv-parts.hu\/#\/schema\/logo\/image\/","url":"https:\/\/v3.atv-parts.hu\/wp-content\/uploads\/2021\/02\/cropped-cropped-atvlogo-1-1-1.png","contentUrl":"https:\/\/v3.atv-parts.hu\/wp-content\/uploads\/2021\/02\/cropped-cropped-atvlogo-1-1-1.png","width":267,"height":160,"caption":"V3 ATV-PARTS.HU"},"image":{"@id":"https:\/\/v3.atv-parts.hu\/#\/schema\/logo\/image\/"},"sameAs":["https:\/\/www.facebook.com\/atvpartsHU"]}]},"product_price_amount":"11456.67","product_price_currency":"HUF","og_availability":"instock","product_availability":"instock","product_retailer_item_id":"H1262","product_condition":"new"},"_links":{"self":[{"href":"https:\/\/v3.atv-parts.hu\/index.php\/wp-json\/wp\/v2\/product\/88773","targetHints":{"allow":["GET"]}}],"collection":[{"href":"https:\/\/v3.atv-parts.hu\/index.php\/wp-json\/wp\/v2\/product"}],"about":[{"href":"https:\/\/v3.atv-parts.hu\/index.php\/wp-json\/wp\/v2\/types\/product"}],"replies":[{"embeddable":true,"href":"https:\/\/v3.atv-parts.hu\/index.php\/wp-json\/wp\/v2\/comments?post=88773"}],"wp:featuredmedia":[{"embeddable":true,"href":"https:\/\/v3.atv-parts.hu\/index.php\/wp-json\/wp\/v2\/media\/88774"}],"wp:attachment":[{"href":"https:\/\/v3.atv-parts.hu\/index.php\/wp-json\/wp\/v2\/media?parent=88773"}],"wp:term":[{"taxonomy":"product_cat","embeddable":true,"href":"https:\/\/v3.atv-parts.hu\/index.php\/wp-json\/wp\/v2\/product_cat?post=88773"},{"taxonomy":"product_tag","embeddable":true,"href":"https:\/\/v3.atv-parts.hu\/index.php\/wp-json\/wp\/v2\/product_tag?post=88773"}],"curies":[{"name":"wp","href":"https:\/\/api.w.org\/{rel}","templated":true}]}}