{"id":94360,"date":"2024-04-03T15:02:03","date_gmt":"2024-04-03T13:02:03","guid":{"rendered":"https:\/\/v3.atv-parts.hu\/index.php\/termek\/bearing-worx-javitokeszlet-honda-trx-450er-06-14-trx-450r-04-09-27-1121\/"},"modified":"2024-05-03T14:56:58","modified_gmt":"2024-05-03T12:56:58","slug":"bearing-worx-javitokeszlet-honda-trx-450er-06-14-trx-450r-04-09-27-1121","status":"publish","type":"product","link":"https:\/\/v3.atv-parts.hu\/index.php\/termek\/bearing-worx-javitokeszlet-honda-trx-450er-06-14-trx-450r-04-09-27-1121\/","title":{"rendered":"BEARING WORX  JAV\u00cdT\u00d3K\u00c9SZLET HONDA TRX 450ER 06-14, TRX 450R 04-09 (27-1121)"},"content":{"rendered":"<p>BEARING WORX  JAV\u00cdT\u00d3K\u00c9SZLET HONDA TRX 450ER 06-14, TRX 450R 04-09 (27-1121)<\/p>\n<p>EAN: SAL30002<\/p>\n<p>SKU: SAL30002<\/p>\n","protected":false},"excerpt":{"rendered":"<p>BEARING WORX  JAV\u00cdT\u00d3K\u00c9SZLET HONDA TRX 450ER 06-14, TRX 450R 04-09 (27-1121)<\/p>\n","protected":false},"featured_media":37482,"comment_status":"closed","ping_status":"open","template":"","meta":{"_monsterinsights_skip_tracking":false,"_monsterinsights_sitenote_active":false,"_monsterinsights_sitenote_note":"","_monsterinsights_sitenote_category":0},"product_cat":[267,408,447],"product_tag":[],"class_list":{"0":"post-94360","1":"product","2":"type-product","3":"status-publish","4":"has-post-thumbnail","6":"product_cat-felfuggesztes-es-kormanymu","7":"product_cat-hatso-felfuggesztes-es-kormanymu","8":"product_cat-lengokarcsuklo-javitokeszletek","9":"pa_marka-bearing-worx","11":"first","12":"instock","13":"taxable","14":"shipping-taxable","15":"purchasable","16":"product-type-simple"},"yoast_head":"<!-- This site is optimized with the Yoast SEO Premium plugin v22.6 (Yoast SEO v22.6) - https:\/\/yoast.com\/wordpress\/plugins\/seo\/ -->\n<title>BEARING WORX JAV\u00cdT\u00d3K\u00c9SZLET HONDA TRX 450ER 06-14, TRX 450R 04-09 (27-1121) - V3 ATV-PARTS.HU<\/title>\n<meta name=\"robots\" content=\"index, follow, max-snippet:-1, max-image-preview:large, max-video-preview:-1\" \/>\n<link rel=\"canonical\" href=\"https:\/\/v3.atv-parts.hu\/index.php\/termek\/bearing-worx-javitokeszlet-honda-trx-450er-06-14-trx-450r-04-09-27-1121\/\" \/>\n<meta property=\"og:locale\" content=\"hu_HU\" \/>\n<meta property=\"og:type\" content=\"article\" \/>\n<meta property=\"og:title\" content=\"BEARING WORX JAV\u00cdT\u00d3K\u00c9SZLET HONDA TRX 450ER 06-14, TRX 450R 04-09 (27-1121)\" \/>\n<meta property=\"og:description\" content=\"BEARING WORX JAV\u00cdT\u00d3K\u00c9SZLET HONDA TRX 450ER 06-14, TRX 450R 04-09 (27-1121)\" \/>\n<meta property=\"og:url\" content=\"https:\/\/v3.atv-parts.hu\/index.php\/termek\/bearing-worx-javitokeszlet-honda-trx-450er-06-14-trx-450r-04-09-27-1121\/\" \/>\n<meta property=\"og:site_name\" content=\"V3 ATV-PARTS.HU\" \/>\n<meta property=\"article:publisher\" content=\"https:\/\/www.facebook.com\/atvpartsHU\" \/>\n<meta property=\"article:modified_time\" content=\"2024-05-03T12:56:58+00:00\" \/>\n<meta property=\"og:image\" content=\"https:\/\/v3.atv-parts.hu\/wp-content\/uploads\/2024\/03\/bearing-worx-zestaw-naprawczy-lacznika-przegubu.jpg\" \/>\n\t<meta property=\"og:image:width\" content=\"1080\" \/>\n\t<meta property=\"og:image:height\" content=\"1080\" \/>\n\t<meta property=\"og:image:type\" content=\"image\/jpeg\" \/>\n<meta name=\"twitter:card\" content=\"summary_large_image\" \/>\n<meta name=\"twitter:label1\" content=\"\u00c1r\" \/>\n\t<meta name=\"twitter:data1\" content=\"19709,13&nbsp;&#70;&#116; \u00c1F\u00c1-val\" \/>\n\t<meta name=\"twitter:label2\" content=\"El\u00e9rhet\u0151s\u00e9g\" \/>\n\t<meta name=\"twitter:data2\" content=\"K\u00e9szleten\" \/>\n<script type=\"application\/ld+json\" class=\"yoast-schema-graph\">{\"@context\":\"https:\/\/schema.org\",\"@graph\":[{\"@type\":\"WebPage\",\"@id\":\"https:\/\/v3.atv-parts.hu\/index.php\/termek\/bearing-worx-javitokeszlet-honda-trx-450er-06-14-trx-450r-04-09-27-1121\/\",\"url\":\"https:\/\/v3.atv-parts.hu\/index.php\/termek\/bearing-worx-javitokeszlet-honda-trx-450er-06-14-trx-450r-04-09-27-1121\/\",\"name\":\"BEARING WORX JAV\u00cdT\u00d3K\u00c9SZLET HONDA TRX 450ER 06-14, TRX 450R 04-09 (27-1121) - V3 ATV-PARTS.HU\",\"isPartOf\":{\"@id\":\"https:\/\/v3.atv-parts.hu\/#website\"},\"primaryImageOfPage\":{\"@id\":\"https:\/\/v3.atv-parts.hu\/index.php\/termek\/bearing-worx-javitokeszlet-honda-trx-450er-06-14-trx-450r-04-09-27-1121\/#primaryimage\"},\"image\":{\"@id\":\"https:\/\/v3.atv-parts.hu\/index.php\/termek\/bearing-worx-javitokeszlet-honda-trx-450er-06-14-trx-450r-04-09-27-1121\/#primaryimage\"},\"thumbnailUrl\":\"https:\/\/v3.atv-parts.hu\/wp-content\/uploads\/2024\/03\/bearing-worx-zestaw-naprawczy-lacznika-przegubu.jpg\",\"datePublished\":\"2024-04-03T13:02:03+00:00\",\"dateModified\":\"2024-05-03T12:56:58+00:00\",\"breadcrumb\":{\"@id\":\"https:\/\/v3.atv-parts.hu\/index.php\/termek\/bearing-worx-javitokeszlet-honda-trx-450er-06-14-trx-450r-04-09-27-1121\/#breadcrumb\"},\"inLanguage\":\"hu\",\"potentialAction\":[{\"@type\":\"ReadAction\",\"target\":[\"https:\/\/v3.atv-parts.hu\/index.php\/termek\/bearing-worx-javitokeszlet-honda-trx-450er-06-14-trx-450r-04-09-27-1121\/\"]}]},{\"@type\":\"ImageObject\",\"inLanguage\":\"hu\",\"@id\":\"https:\/\/v3.atv-parts.hu\/index.php\/termek\/bearing-worx-javitokeszlet-honda-trx-450er-06-14-trx-450r-04-09-27-1121\/#primaryimage\",\"url\":\"https:\/\/v3.atv-parts.hu\/wp-content\/uploads\/2024\/03\/bearing-worx-zestaw-naprawczy-lacznika-przegubu.jpg\",\"contentUrl\":\"https:\/\/v3.atv-parts.hu\/wp-content\/uploads\/2024\/03\/bearing-worx-zestaw-naprawczy-lacznika-przegubu.jpg\",\"width\":1080,\"height\":1080},{\"@type\":\"BreadcrumbList\",\"@id\":\"https:\/\/v3.atv-parts.hu\/index.php\/termek\/bearing-worx-javitokeszlet-honda-trx-450er-06-14-trx-450r-04-09-27-1121\/#breadcrumb\",\"itemListElement\":[{\"@type\":\"ListItem\",\"position\":1,\"name\":\"Kezd\u0151lap\",\"item\":\"https:\/\/v3.atv-parts.hu\/\"},{\"@type\":\"ListItem\",\"position\":2,\"name\":\"Bolt\",\"item\":\"https:\/\/v3.atv-parts.hu\/index.php\/bolt\/\"},{\"@type\":\"ListItem\",\"position\":3,\"name\":\"BEARING WORX JAV\u00cdT\u00d3K\u00c9SZLET HONDA TRX 450ER 06-14, TRX 450R 04-09 (27-1121)\"}]},{\"@type\":\"WebSite\",\"@id\":\"https:\/\/v3.atv-parts.hu\/#website\",\"url\":\"https:\/\/v3.atv-parts.hu\/\",\"name\":\"V3 ATV-PARTS.HU\",\"description\":\"\",\"publisher\":{\"@id\":\"https:\/\/v3.atv-parts.hu\/#organization\"},\"potentialAction\":[{\"@type\":\"SearchAction\",\"target\":{\"@type\":\"EntryPoint\",\"urlTemplate\":\"https:\/\/v3.atv-parts.hu\/?s={search_term_string}\"},\"query-input\":\"required name=search_term_string\"}],\"inLanguage\":\"hu\"},{\"@type\":\"Organization\",\"@id\":\"https:\/\/v3.atv-parts.hu\/#organization\",\"name\":\"V3 ATV-PARTS.HU\",\"url\":\"https:\/\/v3.atv-parts.hu\/\",\"logo\":{\"@type\":\"ImageObject\",\"inLanguage\":\"hu\",\"@id\":\"https:\/\/v3.atv-parts.hu\/#\/schema\/logo\/image\/\",\"url\":\"https:\/\/v3.atv-parts.hu\/wp-content\/uploads\/2021\/02\/cropped-cropped-atvlogo-1-1-1.png\",\"contentUrl\":\"https:\/\/v3.atv-parts.hu\/wp-content\/uploads\/2021\/02\/cropped-cropped-atvlogo-1-1-1.png\",\"width\":267,\"height\":160,\"caption\":\"V3 ATV-PARTS.HU\"},\"image\":{\"@id\":\"https:\/\/v3.atv-parts.hu\/#\/schema\/logo\/image\/\"},\"sameAs\":[\"https:\/\/www.facebook.com\/atvpartsHU\"]}]}<\/script>\n<meta property=\"product:price:amount\" content=\"19709.13\" \/>\n<meta property=\"product:price:currency\" content=\"HUF\" \/>\n<meta property=\"og:availability\" content=\"instock\" \/>\n<meta property=\"product:availability\" content=\"instock\" \/>\n<meta property=\"product:retailer_item_id\" content=\"SAL30002\" \/>\n<meta property=\"product:condition\" content=\"new\" \/>\n<!-- \/ Yoast SEO Premium plugin. -->","yoast_head_json":{"title":"BEARING WORX JAV\u00cdT\u00d3K\u00c9SZLET HONDA TRX 450ER 06-14, TRX 450R 04-09 (27-1121) - V3 ATV-PARTS.HU","robots":{"index":"index","follow":"follow","max-snippet":"max-snippet:-1","max-image-preview":"max-image-preview:large","max-video-preview":"max-video-preview:-1"},"canonical":"https:\/\/v3.atv-parts.hu\/index.php\/termek\/bearing-worx-javitokeszlet-honda-trx-450er-06-14-trx-450r-04-09-27-1121\/","og_locale":"hu_HU","og_type":"article","og_title":"BEARING WORX JAV\u00cdT\u00d3K\u00c9SZLET HONDA TRX 450ER 06-14, TRX 450R 04-09 (27-1121)","og_description":"BEARING WORX JAV\u00cdT\u00d3K\u00c9SZLET HONDA TRX 450ER 06-14, TRX 450R 04-09 (27-1121)","og_url":"https:\/\/v3.atv-parts.hu\/index.php\/termek\/bearing-worx-javitokeszlet-honda-trx-450er-06-14-trx-450r-04-09-27-1121\/","og_site_name":"V3 ATV-PARTS.HU","article_publisher":"https:\/\/www.facebook.com\/atvpartsHU","article_modified_time":"2024-05-03T12:56:58+00:00","og_image":[{"width":1080,"height":1080,"url":"https:\/\/v3.atv-parts.hu\/wp-content\/uploads\/2024\/03\/bearing-worx-zestaw-naprawczy-lacznika-przegubu.jpg","type":"image\/jpeg"}],"twitter_card":"summary_large_image","twitter_misc":{"\u00c1r":"19709,13&nbsp;&#70;&#116; \u00c1F\u00c1-val","El\u00e9rhet\u0151s\u00e9g":"K\u00e9szleten"},"schema":{"@context":"https:\/\/schema.org","@graph":[{"@type":"WebPage","@id":"https:\/\/v3.atv-parts.hu\/index.php\/termek\/bearing-worx-javitokeszlet-honda-trx-450er-06-14-trx-450r-04-09-27-1121\/","url":"https:\/\/v3.atv-parts.hu\/index.php\/termek\/bearing-worx-javitokeszlet-honda-trx-450er-06-14-trx-450r-04-09-27-1121\/","name":"BEARING WORX JAV\u00cdT\u00d3K\u00c9SZLET HONDA TRX 450ER 06-14, TRX 450R 04-09 (27-1121) - V3 ATV-PARTS.HU","isPartOf":{"@id":"https:\/\/v3.atv-parts.hu\/#website"},"primaryImageOfPage":{"@id":"https:\/\/v3.atv-parts.hu\/index.php\/termek\/bearing-worx-javitokeszlet-honda-trx-450er-06-14-trx-450r-04-09-27-1121\/#primaryimage"},"image":{"@id":"https:\/\/v3.atv-parts.hu\/index.php\/termek\/bearing-worx-javitokeszlet-honda-trx-450er-06-14-trx-450r-04-09-27-1121\/#primaryimage"},"thumbnailUrl":"https:\/\/v3.atv-parts.hu\/wp-content\/uploads\/2024\/03\/bearing-worx-zestaw-naprawczy-lacznika-przegubu.jpg","datePublished":"2024-04-03T13:02:03+00:00","dateModified":"2024-05-03T12:56:58+00:00","breadcrumb":{"@id":"https:\/\/v3.atv-parts.hu\/index.php\/termek\/bearing-worx-javitokeszlet-honda-trx-450er-06-14-trx-450r-04-09-27-1121\/#breadcrumb"},"inLanguage":"hu","potentialAction":[{"@type":"ReadAction","target":["https:\/\/v3.atv-parts.hu\/index.php\/termek\/bearing-worx-javitokeszlet-honda-trx-450er-06-14-trx-450r-04-09-27-1121\/"]}]},{"@type":"ImageObject","inLanguage":"hu","@id":"https:\/\/v3.atv-parts.hu\/index.php\/termek\/bearing-worx-javitokeszlet-honda-trx-450er-06-14-trx-450r-04-09-27-1121\/#primaryimage","url":"https:\/\/v3.atv-parts.hu\/wp-content\/uploads\/2024\/03\/bearing-worx-zestaw-naprawczy-lacznika-przegubu.jpg","contentUrl":"https:\/\/v3.atv-parts.hu\/wp-content\/uploads\/2024\/03\/bearing-worx-zestaw-naprawczy-lacznika-przegubu.jpg","width":1080,"height":1080},{"@type":"BreadcrumbList","@id":"https:\/\/v3.atv-parts.hu\/index.php\/termek\/bearing-worx-javitokeszlet-honda-trx-450er-06-14-trx-450r-04-09-27-1121\/#breadcrumb","itemListElement":[{"@type":"ListItem","position":1,"name":"Kezd\u0151lap","item":"https:\/\/v3.atv-parts.hu\/"},{"@type":"ListItem","position":2,"name":"Bolt","item":"https:\/\/v3.atv-parts.hu\/index.php\/bolt\/"},{"@type":"ListItem","position":3,"name":"BEARING WORX JAV\u00cdT\u00d3K\u00c9SZLET HONDA TRX 450ER 06-14, TRX 450R 04-09 (27-1121)"}]},{"@type":"WebSite","@id":"https:\/\/v3.atv-parts.hu\/#website","url":"https:\/\/v3.atv-parts.hu\/","name":"V3 ATV-PARTS.HU","description":"","publisher":{"@id":"https:\/\/v3.atv-parts.hu\/#organization"},"potentialAction":[{"@type":"SearchAction","target":{"@type":"EntryPoint","urlTemplate":"https:\/\/v3.atv-parts.hu\/?s={search_term_string}"},"query-input":"required name=search_term_string"}],"inLanguage":"hu"},{"@type":"Organization","@id":"https:\/\/v3.atv-parts.hu\/#organization","name":"V3 ATV-PARTS.HU","url":"https:\/\/v3.atv-parts.hu\/","logo":{"@type":"ImageObject","inLanguage":"hu","@id":"https:\/\/v3.atv-parts.hu\/#\/schema\/logo\/image\/","url":"https:\/\/v3.atv-parts.hu\/wp-content\/uploads\/2021\/02\/cropped-cropped-atvlogo-1-1-1.png","contentUrl":"https:\/\/v3.atv-parts.hu\/wp-content\/uploads\/2021\/02\/cropped-cropped-atvlogo-1-1-1.png","width":267,"height":160,"caption":"V3 ATV-PARTS.HU"},"image":{"@id":"https:\/\/v3.atv-parts.hu\/#\/schema\/logo\/image\/"},"sameAs":["https:\/\/www.facebook.com\/atvpartsHU"]}]},"product_price_amount":"19709.13","product_price_currency":"HUF","og_availability":"instock","product_availability":"instock","product_retailer_item_id":"SAL30002","product_condition":"new"},"_links":{"self":[{"href":"https:\/\/v3.atv-parts.hu\/index.php\/wp-json\/wp\/v2\/product\/94360","targetHints":{"allow":["GET"]}}],"collection":[{"href":"https:\/\/v3.atv-parts.hu\/index.php\/wp-json\/wp\/v2\/product"}],"about":[{"href":"https:\/\/v3.atv-parts.hu\/index.php\/wp-json\/wp\/v2\/types\/product"}],"replies":[{"embeddable":true,"href":"https:\/\/v3.atv-parts.hu\/index.php\/wp-json\/wp\/v2\/comments?post=94360"}],"wp:featuredmedia":[{"embeddable":true,"href":"https:\/\/v3.atv-parts.hu\/index.php\/wp-json\/wp\/v2\/media\/37482"}],"wp:attachment":[{"href":"https:\/\/v3.atv-parts.hu\/index.php\/wp-json\/wp\/v2\/media?parent=94360"}],"wp:term":[{"taxonomy":"product_cat","embeddable":true,"href":"https:\/\/v3.atv-parts.hu\/index.php\/wp-json\/wp\/v2\/product_cat?post=94360"},{"taxonomy":"product_tag","embeddable":true,"href":"https:\/\/v3.atv-parts.hu\/index.php\/wp-json\/wp\/v2\/product_tag?post=94360"}],"curies":[{"name":"wp","href":"https:\/\/api.w.org\/{rel}","templated":true}]}}