{"id":97554,"date":"2024-04-03T16:32:38","date_gmt":"2024-04-03T14:32:38","guid":{"rendered":"https:\/\/v3.atv-parts.hu\/index.php\/termek\/cylinder-works-komplett-henger-ktm-sxf-350-19-22-excf-350-20-22-husqvarna-fc-fx-350-19-22-fe-350-20-23-gaz-gaz-ec-350f-21-22-standard-88mm-vertex-dugattyu-24098-top-end-henger-14-0\/"},"modified":"2024-05-03T15:47:40","modified_gmt":"2024-05-03T13:47:40","slug":"cylinder-works-komplett-henger-ktm-sxf-350-19-22-excf-350-20-22-husqvarna-fc-fx-350-19-22-fe-350-20-23-gaz-gaz-ec-350f-21-22-standard-88mm-vertex-dugattyu-24098-top-end-henger-14-0","status":"publish","type":"product","link":"https:\/\/v3.atv-parts.hu\/index.php\/termek\/cylinder-works-komplett-henger-ktm-sxf-350-19-22-excf-350-20-22-husqvarna-fc-fx-350-19-22-fe-350-20-23-gaz-gaz-ec-350f-21-22-standard-88mm-vertex-dugattyu-24098-top-end-henger-14-0\/","title":{"rendered":"CYLINDER WORKS  KOMPLETT HENGER KTM SXF 350 &#8217;19-&#8217;22, EXCF 350 &#8217;20-22 HUSQVARNA FC\/FX 350 &#8217;19-&#8217;22, FE 350 &#8217;20-23, G\u00c1Z G\u00c1Z EC 350F &#8217;21-&#8217;22 STANDARD 88MM (VERTEX DUGATTY\u00da 24098 + TOP-END + HENGER) (14.0:1)"},"content":{"rendered":"<p>CYLINDER WORKS  KOMPLETT HENGER KTM SXF 350 &#8217;19-&#8217;22, EXCF 350 &#8217;20-22 HUSQVARNA FC\/FX 350 &#8217;19-&#8217;22, FE 350 &#8217;20-23, G\u00c1Z G\u00c1Z EC 350F &#8217;21-&#8217;22 STANDARD 88MM (VERTEX DUGATTY\u00da 24098 + TOP-END + HENGER) (14.0:1)<\/p>\n<p>EAN: 8-CW50008K01<\/p>\n<p>SKU: CW50008K01<\/p>\n","protected":false},"excerpt":{"rendered":"<p>CYLINDER WORKS  KOMPLETT HENGER KTM SXF 350 &#8217;19-&#8217;22, EXCF 350 &#8217;20-22 HUSQVARNA FC\/FX 350 &#8217;19-&#8217;22, FE 350 &#8217;20-23, G\u00c1Z G\u00c1Z EC 350F &#8217;21-&#8217;22 STANDARD 88MM (VERTEX DUGATTY\u00da 24098 + TOP-END + HENGER) (14.0:1)<\/p>\n","protected":false},"featured_media":97555,"comment_status":"closed","ping_status":"open","template":"","meta":{"_monsterinsights_skip_tracking":false,"_monsterinsights_sitenote_active":false,"_monsterinsights_sitenote_note":"","_monsterinsights_sitenote_category":0},"product_cat":[678,679,763,153,680],"product_tag":[],"class_list":{"0":"post-97554","1":"product","2":"type-product","3":"status-publish","4":"has-post-thumbnail","6":"product_cat-hengerek","7":"product_cat-hengerkeszletek","8":"product_cat-ktm-standard-hengerkeszletek","9":"product_cat-motor","10":"product_cat-standard-hengerkeszletek","11":"pa_marka-cylinder-works","13":"first","14":"instock","15":"taxable","16":"shipping-taxable","17":"purchasable","18":"product-type-simple"},"yoast_head":"<!-- This site is optimized with the Yoast SEO Premium plugin v22.6 (Yoast SEO v22.6) - https:\/\/yoast.com\/wordpress\/plugins\/seo\/ -->\n<title>CYLINDER WORKS KOMPLETT HENGER KTM SXF 350 &#039;19-&#039;22, EXCF 350 &#039;20-22 HUSQVARNA FC\/FX 350 &#039;19-&#039;22, FE 350 &#039;20-23, G\u00c1Z G\u00c1Z EC 350F &#039;21-&#039;22 STANDARD 88MM (VERTEX DUGATTY\u00da 24098 + TOP-END + HENGER) (14.0:1) - V3 ATV-PARTS.HU<\/title>\n<meta name=\"robots\" content=\"index, follow, max-snippet:-1, max-image-preview:large, max-video-preview:-1\" \/>\n<link rel=\"canonical\" href=\"https:\/\/v3.atv-parts.hu\/index.php\/termek\/cylinder-works-komplett-henger-ktm-sxf-350-19-22-excf-350-20-22-husqvarna-fc-fx-350-19-22-fe-350-20-23-gaz-gaz-ec-350f-21-22-standard-88mm-vertex-dugattyu-24098-top-end-henger-14-0\/\" \/>\n<meta property=\"og:locale\" content=\"hu_HU\" \/>\n<meta property=\"og:type\" content=\"article\" \/>\n<meta property=\"og:title\" content=\"CYLINDER WORKS KOMPLETT HENGER KTM SXF 350 &#039;19-&#039;22, EXCF 350 &#039;20-22 HUSQVARNA FC\/FX 350 &#039;19-&#039;22, FE 350 &#039;20-23, G\u00c1Z G\u00c1Z EC 350F &#039;21-&#039;22 STANDARD 88MM (VERTEX DUGATTY\u00da 24098 + TOP-END + HENGER) (14.0:1)\" \/>\n<meta property=\"og:description\" content=\"CYLINDER WORKS KOMPLETT HENGER KTM SXF 350 &#039;19-&#039;22, EXCF 350 &#039;20-22 HUSQVARNA FC\/FX 350 &#039;19-&#039;22, FE 350 &#039;20-23, G\u00c1Z G\u00c1Z EC 350F &#039;21-&#039;22 STANDARD 88MM (VERTEX DUGATTY\u00da 24098 + TOP-END + HENGER) (14.0:1)\" \/>\n<meta property=\"og:url\" content=\"https:\/\/v3.atv-parts.hu\/index.php\/termek\/cylinder-works-komplett-henger-ktm-sxf-350-19-22-excf-350-20-22-husqvarna-fc-fx-350-19-22-fe-350-20-23-gaz-gaz-ec-350f-21-22-standard-88mm-vertex-dugattyu-24098-top-end-henger-14-0\/\" \/>\n<meta property=\"og:site_name\" content=\"V3 ATV-PARTS.HU\" \/>\n<meta property=\"article:publisher\" content=\"https:\/\/www.facebook.com\/atvpartsHU\" \/>\n<meta property=\"article:modified_time\" content=\"2024-05-03T13:47:40+00:00\" \/>\n<meta property=\"og:image\" content=\"https:\/\/v3.atv-parts.hu\/wp-content\/uploads\/2024\/04\/cylinder-works-2021-03-cylinder-kpl-ktm-sxf-350.jpg\" \/>\n\t<meta property=\"og:image:width\" content=\"800\" \/>\n\t<meta property=\"og:image:height\" content=\"800\" \/>\n\t<meta property=\"og:image:type\" content=\"image\/jpeg\" \/>\n<meta name=\"twitter:card\" content=\"summary_large_image\" \/>\n<meta name=\"twitter:label1\" content=\"\u00c1r\" \/>\n\t<meta name=\"twitter:data1\" content=\"246771,16&nbsp;&#70;&#116; \u00c1F\u00c1-val\" \/>\n\t<meta name=\"twitter:label2\" content=\"El\u00e9rhet\u0151s\u00e9g\" \/>\n\t<meta name=\"twitter:data2\" content=\"K\u00e9szleten\" \/>\n<script type=\"application\/ld+json\" class=\"yoast-schema-graph\">{\"@context\":\"https:\/\/schema.org\",\"@graph\":[{\"@type\":\"WebPage\",\"@id\":\"https:\/\/v3.atv-parts.hu\/index.php\/termek\/cylinder-works-komplett-henger-ktm-sxf-350-19-22-excf-350-20-22-husqvarna-fc-fx-350-19-22-fe-350-20-23-gaz-gaz-ec-350f-21-22-standard-88mm-vertex-dugattyu-24098-top-end-henger-14-0\/\",\"url\":\"https:\/\/v3.atv-parts.hu\/index.php\/termek\/cylinder-works-komplett-henger-ktm-sxf-350-19-22-excf-350-20-22-husqvarna-fc-fx-350-19-22-fe-350-20-23-gaz-gaz-ec-350f-21-22-standard-88mm-vertex-dugattyu-24098-top-end-henger-14-0\/\",\"name\":\"CYLINDER WORKS KOMPLETT HENGER KTM SXF 350 '19-'22, EXCF 350 '20-22 HUSQVARNA FC\/FX 350 '19-'22, FE 350 '20-23, G\u00c1Z G\u00c1Z EC 350F '21-'22 STANDARD 88MM (VERTEX DUGATTY\u00da 24098 + TOP-END + HENGER) (14.0:1) - V3 ATV-PARTS.HU\",\"isPartOf\":{\"@id\":\"https:\/\/v3.atv-parts.hu\/#website\"},\"primaryImageOfPage\":{\"@id\":\"https:\/\/v3.atv-parts.hu\/index.php\/termek\/cylinder-works-komplett-henger-ktm-sxf-350-19-22-excf-350-20-22-husqvarna-fc-fx-350-19-22-fe-350-20-23-gaz-gaz-ec-350f-21-22-standard-88mm-vertex-dugattyu-24098-top-end-henger-14-0\/#primaryimage\"},\"image\":{\"@id\":\"https:\/\/v3.atv-parts.hu\/index.php\/termek\/cylinder-works-komplett-henger-ktm-sxf-350-19-22-excf-350-20-22-husqvarna-fc-fx-350-19-22-fe-350-20-23-gaz-gaz-ec-350f-21-22-standard-88mm-vertex-dugattyu-24098-top-end-henger-14-0\/#primaryimage\"},\"thumbnailUrl\":\"https:\/\/v3.atv-parts.hu\/wp-content\/uploads\/2024\/04\/cylinder-works-2021-03-cylinder-kpl-ktm-sxf-350.jpg\",\"datePublished\":\"2024-04-03T14:32:38+00:00\",\"dateModified\":\"2024-05-03T13:47:40+00:00\",\"breadcrumb\":{\"@id\":\"https:\/\/v3.atv-parts.hu\/index.php\/termek\/cylinder-works-komplett-henger-ktm-sxf-350-19-22-excf-350-20-22-husqvarna-fc-fx-350-19-22-fe-350-20-23-gaz-gaz-ec-350f-21-22-standard-88mm-vertex-dugattyu-24098-top-end-henger-14-0\/#breadcrumb\"},\"inLanguage\":\"hu\",\"potentialAction\":[{\"@type\":\"ReadAction\",\"target\":[\"https:\/\/v3.atv-parts.hu\/index.php\/termek\/cylinder-works-komplett-henger-ktm-sxf-350-19-22-excf-350-20-22-husqvarna-fc-fx-350-19-22-fe-350-20-23-gaz-gaz-ec-350f-21-22-standard-88mm-vertex-dugattyu-24098-top-end-henger-14-0\/\"]}]},{\"@type\":\"ImageObject\",\"inLanguage\":\"hu\",\"@id\":\"https:\/\/v3.atv-parts.hu\/index.php\/termek\/cylinder-works-komplett-henger-ktm-sxf-350-19-22-excf-350-20-22-husqvarna-fc-fx-350-19-22-fe-350-20-23-gaz-gaz-ec-350f-21-22-standard-88mm-vertex-dugattyu-24098-top-end-henger-14-0\/#primaryimage\",\"url\":\"https:\/\/v3.atv-parts.hu\/wp-content\/uploads\/2024\/04\/cylinder-works-2021-03-cylinder-kpl-ktm-sxf-350.jpg\",\"contentUrl\":\"https:\/\/v3.atv-parts.hu\/wp-content\/uploads\/2024\/04\/cylinder-works-2021-03-cylinder-kpl-ktm-sxf-350.jpg\",\"width\":800,\"height\":800},{\"@type\":\"BreadcrumbList\",\"@id\":\"https:\/\/v3.atv-parts.hu\/index.php\/termek\/cylinder-works-komplett-henger-ktm-sxf-350-19-22-excf-350-20-22-husqvarna-fc-fx-350-19-22-fe-350-20-23-gaz-gaz-ec-350f-21-22-standard-88mm-vertex-dugattyu-24098-top-end-henger-14-0\/#breadcrumb\",\"itemListElement\":[{\"@type\":\"ListItem\",\"position\":1,\"name\":\"Kezd\u0151lap\",\"item\":\"https:\/\/v3.atv-parts.hu\/\"},{\"@type\":\"ListItem\",\"position\":2,\"name\":\"Bolt\",\"item\":\"https:\/\/v3.atv-parts.hu\/index.php\/bolt\/\"},{\"@type\":\"ListItem\",\"position\":3,\"name\":\"CYLINDER WORKS KOMPLETT HENGER KTM SXF 350 &#8217;19-&#8217;22, EXCF 350 &#8217;20-22 HUSQVARNA FC\/FX 350 &#8217;19-&#8217;22, FE 350 &#8217;20-23, G\u00c1Z G\u00c1Z EC 350F &#8217;21-&#8217;22 STANDARD 88MM (VERTEX DUGATTY\u00da 24098 + TOP-END + HENGER) (14.0:1)\"}]},{\"@type\":\"WebSite\",\"@id\":\"https:\/\/v3.atv-parts.hu\/#website\",\"url\":\"https:\/\/v3.atv-parts.hu\/\",\"name\":\"V3 ATV-PARTS.HU\",\"description\":\"\",\"publisher\":{\"@id\":\"https:\/\/v3.atv-parts.hu\/#organization\"},\"potentialAction\":[{\"@type\":\"SearchAction\",\"target\":{\"@type\":\"EntryPoint\",\"urlTemplate\":\"https:\/\/v3.atv-parts.hu\/?s={search_term_string}\"},\"query-input\":\"required name=search_term_string\"}],\"inLanguage\":\"hu\"},{\"@type\":\"Organization\",\"@id\":\"https:\/\/v3.atv-parts.hu\/#organization\",\"name\":\"V3 ATV-PARTS.HU\",\"url\":\"https:\/\/v3.atv-parts.hu\/\",\"logo\":{\"@type\":\"ImageObject\",\"inLanguage\":\"hu\",\"@id\":\"https:\/\/v3.atv-parts.hu\/#\/schema\/logo\/image\/\",\"url\":\"https:\/\/v3.atv-parts.hu\/wp-content\/uploads\/2021\/02\/cropped-cropped-atvlogo-1-1-1.png\",\"contentUrl\":\"https:\/\/v3.atv-parts.hu\/wp-content\/uploads\/2021\/02\/cropped-cropped-atvlogo-1-1-1.png\",\"width\":267,\"height\":160,\"caption\":\"V3 ATV-PARTS.HU\"},\"image\":{\"@id\":\"https:\/\/v3.atv-parts.hu\/#\/schema\/logo\/image\/\"},\"sameAs\":[\"https:\/\/www.facebook.com\/atvpartsHU\"]}]}<\/script>\n<meta property=\"product:price:amount\" content=\"246771.16\" \/>\n<meta property=\"product:price:currency\" content=\"HUF\" \/>\n<meta property=\"og:availability\" content=\"instock\" \/>\n<meta property=\"product:availability\" content=\"instock\" \/>\n<meta property=\"product:retailer_item_id\" content=\"CW50008K01\" \/>\n<meta property=\"product:condition\" content=\"new\" \/>\n<!-- \/ Yoast SEO Premium plugin. -->","yoast_head_json":{"title":"CYLINDER WORKS KOMPLETT HENGER KTM SXF 350 '19-'22, EXCF 350 '20-22 HUSQVARNA FC\/FX 350 '19-'22, FE 350 '20-23, G\u00c1Z G\u00c1Z EC 350F '21-'22 STANDARD 88MM (VERTEX DUGATTY\u00da 24098 + TOP-END + HENGER) (14.0:1) - V3 ATV-PARTS.HU","robots":{"index":"index","follow":"follow","max-snippet":"max-snippet:-1","max-image-preview":"max-image-preview:large","max-video-preview":"max-video-preview:-1"},"canonical":"https:\/\/v3.atv-parts.hu\/index.php\/termek\/cylinder-works-komplett-henger-ktm-sxf-350-19-22-excf-350-20-22-husqvarna-fc-fx-350-19-22-fe-350-20-23-gaz-gaz-ec-350f-21-22-standard-88mm-vertex-dugattyu-24098-top-end-henger-14-0\/","og_locale":"hu_HU","og_type":"article","og_title":"CYLINDER WORKS KOMPLETT HENGER KTM SXF 350 '19-'22, EXCF 350 '20-22 HUSQVARNA FC\/FX 350 '19-'22, FE 350 '20-23, G\u00c1Z G\u00c1Z EC 350F '21-'22 STANDARD 88MM (VERTEX DUGATTY\u00da 24098 + TOP-END + HENGER) (14.0:1)","og_description":"CYLINDER WORKS KOMPLETT HENGER KTM SXF 350 '19-'22, EXCF 350 '20-22 HUSQVARNA FC\/FX 350 '19-'22, FE 350 '20-23, G\u00c1Z G\u00c1Z EC 350F '21-'22 STANDARD 88MM (VERTEX DUGATTY\u00da 24098 + TOP-END + HENGER) (14.0:1)","og_url":"https:\/\/v3.atv-parts.hu\/index.php\/termek\/cylinder-works-komplett-henger-ktm-sxf-350-19-22-excf-350-20-22-husqvarna-fc-fx-350-19-22-fe-350-20-23-gaz-gaz-ec-350f-21-22-standard-88mm-vertex-dugattyu-24098-top-end-henger-14-0\/","og_site_name":"V3 ATV-PARTS.HU","article_publisher":"https:\/\/www.facebook.com\/atvpartsHU","article_modified_time":"2024-05-03T13:47:40+00:00","og_image":[{"width":800,"height":800,"url":"https:\/\/v3.atv-parts.hu\/wp-content\/uploads\/2024\/04\/cylinder-works-2021-03-cylinder-kpl-ktm-sxf-350.jpg","type":"image\/jpeg"}],"twitter_card":"summary_large_image","twitter_misc":{"\u00c1r":"246771,16&nbsp;&#70;&#116; \u00c1F\u00c1-val","El\u00e9rhet\u0151s\u00e9g":"K\u00e9szleten"},"schema":{"@context":"https:\/\/schema.org","@graph":[{"@type":"WebPage","@id":"https:\/\/v3.atv-parts.hu\/index.php\/termek\/cylinder-works-komplett-henger-ktm-sxf-350-19-22-excf-350-20-22-husqvarna-fc-fx-350-19-22-fe-350-20-23-gaz-gaz-ec-350f-21-22-standard-88mm-vertex-dugattyu-24098-top-end-henger-14-0\/","url":"https:\/\/v3.atv-parts.hu\/index.php\/termek\/cylinder-works-komplett-henger-ktm-sxf-350-19-22-excf-350-20-22-husqvarna-fc-fx-350-19-22-fe-350-20-23-gaz-gaz-ec-350f-21-22-standard-88mm-vertex-dugattyu-24098-top-end-henger-14-0\/","name":"CYLINDER WORKS KOMPLETT HENGER KTM SXF 350 '19-'22, EXCF 350 '20-22 HUSQVARNA FC\/FX 350 '19-'22, FE 350 '20-23, G\u00c1Z G\u00c1Z EC 350F '21-'22 STANDARD 88MM (VERTEX DUGATTY\u00da 24098 + TOP-END + HENGER) (14.0:1) - V3 ATV-PARTS.HU","isPartOf":{"@id":"https:\/\/v3.atv-parts.hu\/#website"},"primaryImageOfPage":{"@id":"https:\/\/v3.atv-parts.hu\/index.php\/termek\/cylinder-works-komplett-henger-ktm-sxf-350-19-22-excf-350-20-22-husqvarna-fc-fx-350-19-22-fe-350-20-23-gaz-gaz-ec-350f-21-22-standard-88mm-vertex-dugattyu-24098-top-end-henger-14-0\/#primaryimage"},"image":{"@id":"https:\/\/v3.atv-parts.hu\/index.php\/termek\/cylinder-works-komplett-henger-ktm-sxf-350-19-22-excf-350-20-22-husqvarna-fc-fx-350-19-22-fe-350-20-23-gaz-gaz-ec-350f-21-22-standard-88mm-vertex-dugattyu-24098-top-end-henger-14-0\/#primaryimage"},"thumbnailUrl":"https:\/\/v3.atv-parts.hu\/wp-content\/uploads\/2024\/04\/cylinder-works-2021-03-cylinder-kpl-ktm-sxf-350.jpg","datePublished":"2024-04-03T14:32:38+00:00","dateModified":"2024-05-03T13:47:40+00:00","breadcrumb":{"@id":"https:\/\/v3.atv-parts.hu\/index.php\/termek\/cylinder-works-komplett-henger-ktm-sxf-350-19-22-excf-350-20-22-husqvarna-fc-fx-350-19-22-fe-350-20-23-gaz-gaz-ec-350f-21-22-standard-88mm-vertex-dugattyu-24098-top-end-henger-14-0\/#breadcrumb"},"inLanguage":"hu","potentialAction":[{"@type":"ReadAction","target":["https:\/\/v3.atv-parts.hu\/index.php\/termek\/cylinder-works-komplett-henger-ktm-sxf-350-19-22-excf-350-20-22-husqvarna-fc-fx-350-19-22-fe-350-20-23-gaz-gaz-ec-350f-21-22-standard-88mm-vertex-dugattyu-24098-top-end-henger-14-0\/"]}]},{"@type":"ImageObject","inLanguage":"hu","@id":"https:\/\/v3.atv-parts.hu\/index.php\/termek\/cylinder-works-komplett-henger-ktm-sxf-350-19-22-excf-350-20-22-husqvarna-fc-fx-350-19-22-fe-350-20-23-gaz-gaz-ec-350f-21-22-standard-88mm-vertex-dugattyu-24098-top-end-henger-14-0\/#primaryimage","url":"https:\/\/v3.atv-parts.hu\/wp-content\/uploads\/2024\/04\/cylinder-works-2021-03-cylinder-kpl-ktm-sxf-350.jpg","contentUrl":"https:\/\/v3.atv-parts.hu\/wp-content\/uploads\/2024\/04\/cylinder-works-2021-03-cylinder-kpl-ktm-sxf-350.jpg","width":800,"height":800},{"@type":"BreadcrumbList","@id":"https:\/\/v3.atv-parts.hu\/index.php\/termek\/cylinder-works-komplett-henger-ktm-sxf-350-19-22-excf-350-20-22-husqvarna-fc-fx-350-19-22-fe-350-20-23-gaz-gaz-ec-350f-21-22-standard-88mm-vertex-dugattyu-24098-top-end-henger-14-0\/#breadcrumb","itemListElement":[{"@type":"ListItem","position":1,"name":"Kezd\u0151lap","item":"https:\/\/v3.atv-parts.hu\/"},{"@type":"ListItem","position":2,"name":"Bolt","item":"https:\/\/v3.atv-parts.hu\/index.php\/bolt\/"},{"@type":"ListItem","position":3,"name":"CYLINDER WORKS KOMPLETT HENGER KTM SXF 350 &#8217;19-&#8217;22, EXCF 350 &#8217;20-22 HUSQVARNA FC\/FX 350 &#8217;19-&#8217;22, FE 350 &#8217;20-23, G\u00c1Z G\u00c1Z EC 350F &#8217;21-&#8217;22 STANDARD 88MM (VERTEX DUGATTY\u00da 24098 + TOP-END + HENGER) (14.0:1)"}]},{"@type":"WebSite","@id":"https:\/\/v3.atv-parts.hu\/#website","url":"https:\/\/v3.atv-parts.hu\/","name":"V3 ATV-PARTS.HU","description":"","publisher":{"@id":"https:\/\/v3.atv-parts.hu\/#organization"},"potentialAction":[{"@type":"SearchAction","target":{"@type":"EntryPoint","urlTemplate":"https:\/\/v3.atv-parts.hu\/?s={search_term_string}"},"query-input":"required name=search_term_string"}],"inLanguage":"hu"},{"@type":"Organization","@id":"https:\/\/v3.atv-parts.hu\/#organization","name":"V3 ATV-PARTS.HU","url":"https:\/\/v3.atv-parts.hu\/","logo":{"@type":"ImageObject","inLanguage":"hu","@id":"https:\/\/v3.atv-parts.hu\/#\/schema\/logo\/image\/","url":"https:\/\/v3.atv-parts.hu\/wp-content\/uploads\/2021\/02\/cropped-cropped-atvlogo-1-1-1.png","contentUrl":"https:\/\/v3.atv-parts.hu\/wp-content\/uploads\/2021\/02\/cropped-cropped-atvlogo-1-1-1.png","width":267,"height":160,"caption":"V3 ATV-PARTS.HU"},"image":{"@id":"https:\/\/v3.atv-parts.hu\/#\/schema\/logo\/image\/"},"sameAs":["https:\/\/www.facebook.com\/atvpartsHU"]}]},"product_price_amount":"246771.16","product_price_currency":"HUF","og_availability":"instock","product_availability":"instock","product_retailer_item_id":"CW50008K01","product_condition":"new"},"_links":{"self":[{"href":"https:\/\/v3.atv-parts.hu\/index.php\/wp-json\/wp\/v2\/product\/97554","targetHints":{"allow":["GET"]}}],"collection":[{"href":"https:\/\/v3.atv-parts.hu\/index.php\/wp-json\/wp\/v2\/product"}],"about":[{"href":"https:\/\/v3.atv-parts.hu\/index.php\/wp-json\/wp\/v2\/types\/product"}],"replies":[{"embeddable":true,"href":"https:\/\/v3.atv-parts.hu\/index.php\/wp-json\/wp\/v2\/comments?post=97554"}],"wp:featuredmedia":[{"embeddable":true,"href":"https:\/\/v3.atv-parts.hu\/index.php\/wp-json\/wp\/v2\/media\/97555"}],"wp:attachment":[{"href":"https:\/\/v3.atv-parts.hu\/index.php\/wp-json\/wp\/v2\/media?parent=97554"}],"wp:term":[{"taxonomy":"product_cat","embeddable":true,"href":"https:\/\/v3.atv-parts.hu\/index.php\/wp-json\/wp\/v2\/product_cat?post=97554"},{"taxonomy":"product_tag","embeddable":true,"href":"https:\/\/v3.atv-parts.hu\/index.php\/wp-json\/wp\/v2\/product_tag?post=97554"}],"curies":[{"name":"wp","href":"https:\/\/api.w.org\/{rel}","templated":true}]}}