{"id":99488,"date":"2024-04-03T17:38:03","date_gmt":"2024-04-03T15:38:03","guid":{"rendered":"https:\/\/v3.atv-parts.hu\/index.php\/termek\/bronco-gyujtaskapcsolo-polaris-hawkeye-300-06-07-ace-325-570-900-16-19-ranger-500-11-20-ranger-570-14-20-rzr-570-12-20-rzr-900-1000-14-19-ranger-diesel-15-18-4012166\/"},"modified":"2024-05-03T16:08:12","modified_gmt":"2024-05-03T14:08:12","slug":"bronco-gyujtaskapcsolo-polaris-hawkeye-300-06-07-ace-325-570-900-16-19-ranger-500-11-20-ranger-570-14-20-rzr-570-12-20-rzr-900-1000-14-19-ranger-diesel-15-18-4012166","status":"publish","type":"product","link":"https:\/\/v3.atv-parts.hu\/index.php\/termek\/bronco-gyujtaskapcsolo-polaris-hawkeye-300-06-07-ace-325-570-900-16-19-ranger-500-11-20-ranger-570-14-20-rzr-570-12-20-rzr-900-1000-14-19-ranger-diesel-15-18-4012166\/","title":{"rendered":"BRONCO  GY\u00daJT\u00c1SKAPCSOL\u00d3 POLARIS HAWKEYE 300 &#8217;06-07, ACE 325\/570\/900 &#8217;16-19, RANGER 500 &#8217;11-20, RANGER 570 &#8217;14-20, RZR 570 &#8217;12-20, RZR 900\/1000 &#8217;14-19, RANGER DIESEL &#8217;15-18 (4012166)"},"content":{"rendered":"<p>BRONCO  GY\u00daJT\u00c1SKAPCSOL\u00d3 POLARIS HAWKEYE 300 &#8217;06-07, ACE 325\/570\/900 &#8217;16-19, RANGER 500 &#8217;11-20, RANGER 570 &#8217;14-20, RZR 570 &#8217;12-20, RZR 900\/1000 &#8217;14-19, RANGER DIESEL &#8217;15-18 (4012166)<\/p>\n<p>EAN: AT-01270<\/p>\n<p>SKU: AT-01270<\/p>\n","protected":false},"excerpt":{"rendered":"<p>BRONCO  GY\u00daJT\u00c1SKAPCSOL\u00d3 POLARIS HAWKEYE 300 &#8217;06-07, ACE 325\/570\/900 &#8217;16-19, RANGER 500 &#8217;11-20, RANGER 570 &#8217;14-20, RZR 570 &#8217;12-20, RZR 900\/1000 &#8217;14-19, RANGER DIESEL &#8217;15-18 (4012166)<\/p>\n","protected":false},"featured_media":99489,"comment_status":"closed","ping_status":"open","template":"","meta":{"_monsterinsights_skip_tracking":false,"_monsterinsights_sitenote_active":false,"_monsterinsights_sitenote_note":"","_monsterinsights_sitenote_category":0},"product_cat":[185,949],"product_tag":[],"class_list":{"0":"post-99488","1":"product","2":"type-product","3":"status-publish","4":"has-post-thumbnail","6":"product_cat-elektromos-rendszer","7":"product_cat-gyujtaskapcsolok","8":"pa_marka-bronco","10":"first","11":"instock","12":"taxable","13":"shipping-taxable","14":"purchasable","15":"product-type-simple"},"yoast_head":"<!-- This site is optimized with the Yoast SEO Premium plugin v22.6 (Yoast SEO v22.6) - https:\/\/yoast.com\/wordpress\/plugins\/seo\/ -->\n<title>BRONCO GY\u00daJT\u00c1SKAPCSOL\u00d3 POLARIS HAWKEYE 300 &#039;06-07, ACE 325\/570\/900 &#039;16-19, RANGER 500 &#039;11-20, RANGER 570 &#039;14-20, RZR 570 &#039;12-20, RZR 900\/1000 &#039;14-19, RANGER DIESEL &#039;15-18 (4012166) - V3 ATV-PARTS.HU<\/title>\n<meta name=\"robots\" content=\"index, follow, max-snippet:-1, max-image-preview:large, max-video-preview:-1\" \/>\n<link rel=\"canonical\" href=\"https:\/\/v3.atv-parts.hu\/index.php\/termek\/bronco-gyujtaskapcsolo-polaris-hawkeye-300-06-07-ace-325-570-900-16-19-ranger-500-11-20-ranger-570-14-20-rzr-570-12-20-rzr-900-1000-14-19-ranger-diesel-15-18-4012166\/\" \/>\n<meta property=\"og:locale\" content=\"hu_HU\" \/>\n<meta property=\"og:type\" content=\"article\" \/>\n<meta property=\"og:title\" content=\"BRONCO GY\u00daJT\u00c1SKAPCSOL\u00d3 POLARIS HAWKEYE 300 &#039;06-07, ACE 325\/570\/900 &#039;16-19, RANGER 500 &#039;11-20, RANGER 570 &#039;14-20, RZR 570 &#039;12-20, RZR 900\/1000 &#039;14-19, RANGER DIESEL &#039;15-18 (4012166)\" \/>\n<meta property=\"og:description\" content=\"BRONCO GY\u00daJT\u00c1SKAPCSOL\u00d3 POLARIS HAWKEYE 300 &#039;06-07, ACE 325\/570\/900 &#039;16-19, RANGER 500 &#039;11-20, RANGER 570 &#039;14-20, RZR 570 &#039;12-20, RZR 900\/1000 &#039;14-19, RANGER DIESEL &#039;15-18 (4012166)\" \/>\n<meta property=\"og:url\" content=\"https:\/\/v3.atv-parts.hu\/index.php\/termek\/bronco-gyujtaskapcsolo-polaris-hawkeye-300-06-07-ace-325-570-900-16-19-ranger-500-11-20-ranger-570-14-20-rzr-570-12-20-rzr-900-1000-14-19-ranger-diesel-15-18-4012166\/\" \/>\n<meta property=\"og:site_name\" content=\"V3 ATV-PARTS.HU\" \/>\n<meta property=\"article:publisher\" content=\"https:\/\/www.facebook.com\/atvpartsHU\" \/>\n<meta property=\"article:modified_time\" content=\"2024-05-03T14:08:12+00:00\" \/>\n<meta property=\"og:image\" content=\"https:\/\/v3.atv-parts.hu\/wp-content\/uploads\/2024\/04\/bronco-2021-10-stacyjka-polaris-hawkeye-300-06-07.jpg\" \/>\n\t<meta property=\"og:image:width\" content=\"800\" \/>\n\t<meta property=\"og:image:height\" content=\"600\" \/>\n\t<meta property=\"og:image:type\" content=\"image\/jpeg\" \/>\n<meta name=\"twitter:card\" content=\"summary_large_image\" \/>\n<meta name=\"twitter:label1\" content=\"\u00c1r\" \/>\n\t<meta name=\"twitter:data1\" content=\"8909,05&nbsp;&#70;&#116; \u00c1F\u00c1-val\" \/>\n\t<meta name=\"twitter:label2\" content=\"El\u00e9rhet\u0151s\u00e9g\" \/>\n\t<meta name=\"twitter:data2\" content=\"K\u00e9szleten\" \/>\n<script type=\"application\/ld+json\" class=\"yoast-schema-graph\">{\"@context\":\"https:\/\/schema.org\",\"@graph\":[{\"@type\":\"WebPage\",\"@id\":\"https:\/\/v3.atv-parts.hu\/index.php\/termek\/bronco-gyujtaskapcsolo-polaris-hawkeye-300-06-07-ace-325-570-900-16-19-ranger-500-11-20-ranger-570-14-20-rzr-570-12-20-rzr-900-1000-14-19-ranger-diesel-15-18-4012166\/\",\"url\":\"https:\/\/v3.atv-parts.hu\/index.php\/termek\/bronco-gyujtaskapcsolo-polaris-hawkeye-300-06-07-ace-325-570-900-16-19-ranger-500-11-20-ranger-570-14-20-rzr-570-12-20-rzr-900-1000-14-19-ranger-diesel-15-18-4012166\/\",\"name\":\"BRONCO GY\u00daJT\u00c1SKAPCSOL\u00d3 POLARIS HAWKEYE 300 '06-07, ACE 325\/570\/900 '16-19, RANGER 500 '11-20, RANGER 570 '14-20, RZR 570 '12-20, RZR 900\/1000 '14-19, RANGER DIESEL '15-18 (4012166) - V3 ATV-PARTS.HU\",\"isPartOf\":{\"@id\":\"https:\/\/v3.atv-parts.hu\/#website\"},\"primaryImageOfPage\":{\"@id\":\"https:\/\/v3.atv-parts.hu\/index.php\/termek\/bronco-gyujtaskapcsolo-polaris-hawkeye-300-06-07-ace-325-570-900-16-19-ranger-500-11-20-ranger-570-14-20-rzr-570-12-20-rzr-900-1000-14-19-ranger-diesel-15-18-4012166\/#primaryimage\"},\"image\":{\"@id\":\"https:\/\/v3.atv-parts.hu\/index.php\/termek\/bronco-gyujtaskapcsolo-polaris-hawkeye-300-06-07-ace-325-570-900-16-19-ranger-500-11-20-ranger-570-14-20-rzr-570-12-20-rzr-900-1000-14-19-ranger-diesel-15-18-4012166\/#primaryimage\"},\"thumbnailUrl\":\"https:\/\/v3.atv-parts.hu\/wp-content\/uploads\/2024\/04\/bronco-2021-10-stacyjka-polaris-hawkeye-300-06-07.jpg\",\"datePublished\":\"2024-04-03T15:38:03+00:00\",\"dateModified\":\"2024-05-03T14:08:12+00:00\",\"breadcrumb\":{\"@id\":\"https:\/\/v3.atv-parts.hu\/index.php\/termek\/bronco-gyujtaskapcsolo-polaris-hawkeye-300-06-07-ace-325-570-900-16-19-ranger-500-11-20-ranger-570-14-20-rzr-570-12-20-rzr-900-1000-14-19-ranger-diesel-15-18-4012166\/#breadcrumb\"},\"inLanguage\":\"hu\",\"potentialAction\":[{\"@type\":\"ReadAction\",\"target\":[\"https:\/\/v3.atv-parts.hu\/index.php\/termek\/bronco-gyujtaskapcsolo-polaris-hawkeye-300-06-07-ace-325-570-900-16-19-ranger-500-11-20-ranger-570-14-20-rzr-570-12-20-rzr-900-1000-14-19-ranger-diesel-15-18-4012166\/\"]}]},{\"@type\":\"ImageObject\",\"inLanguage\":\"hu\",\"@id\":\"https:\/\/v3.atv-parts.hu\/index.php\/termek\/bronco-gyujtaskapcsolo-polaris-hawkeye-300-06-07-ace-325-570-900-16-19-ranger-500-11-20-ranger-570-14-20-rzr-570-12-20-rzr-900-1000-14-19-ranger-diesel-15-18-4012166\/#primaryimage\",\"url\":\"https:\/\/v3.atv-parts.hu\/wp-content\/uploads\/2024\/04\/bronco-2021-10-stacyjka-polaris-hawkeye-300-06-07.jpg\",\"contentUrl\":\"https:\/\/v3.atv-parts.hu\/wp-content\/uploads\/2024\/04\/bronco-2021-10-stacyjka-polaris-hawkeye-300-06-07.jpg\",\"width\":800,\"height\":600},{\"@type\":\"BreadcrumbList\",\"@id\":\"https:\/\/v3.atv-parts.hu\/index.php\/termek\/bronco-gyujtaskapcsolo-polaris-hawkeye-300-06-07-ace-325-570-900-16-19-ranger-500-11-20-ranger-570-14-20-rzr-570-12-20-rzr-900-1000-14-19-ranger-diesel-15-18-4012166\/#breadcrumb\",\"itemListElement\":[{\"@type\":\"ListItem\",\"position\":1,\"name\":\"Kezd\u0151lap\",\"item\":\"https:\/\/v3.atv-parts.hu\/\"},{\"@type\":\"ListItem\",\"position\":2,\"name\":\"Bolt\",\"item\":\"https:\/\/v3.atv-parts.hu\/index.php\/bolt\/\"},{\"@type\":\"ListItem\",\"position\":3,\"name\":\"BRONCO GY\u00daJT\u00c1SKAPCSOL\u00d3 POLARIS HAWKEYE 300 &#8217;06-07, ACE 325\/570\/900 &#8217;16-19, RANGER 500 &#8217;11-20, RANGER 570 &#8217;14-20, RZR 570 &#8217;12-20, RZR 900\/1000 &#8217;14-19, RANGER DIESEL &#8217;15-18 (4012166)\"}]},{\"@type\":\"WebSite\",\"@id\":\"https:\/\/v3.atv-parts.hu\/#website\",\"url\":\"https:\/\/v3.atv-parts.hu\/\",\"name\":\"V3 ATV-PARTS.HU\",\"description\":\"\",\"publisher\":{\"@id\":\"https:\/\/v3.atv-parts.hu\/#organization\"},\"potentialAction\":[{\"@type\":\"SearchAction\",\"target\":{\"@type\":\"EntryPoint\",\"urlTemplate\":\"https:\/\/v3.atv-parts.hu\/?s={search_term_string}\"},\"query-input\":\"required name=search_term_string\"}],\"inLanguage\":\"hu\"},{\"@type\":\"Organization\",\"@id\":\"https:\/\/v3.atv-parts.hu\/#organization\",\"name\":\"V3 ATV-PARTS.HU\",\"url\":\"https:\/\/v3.atv-parts.hu\/\",\"logo\":{\"@type\":\"ImageObject\",\"inLanguage\":\"hu\",\"@id\":\"https:\/\/v3.atv-parts.hu\/#\/schema\/logo\/image\/\",\"url\":\"https:\/\/v3.atv-parts.hu\/wp-content\/uploads\/2021\/02\/cropped-cropped-atvlogo-1-1-1.png\",\"contentUrl\":\"https:\/\/v3.atv-parts.hu\/wp-content\/uploads\/2021\/02\/cropped-cropped-atvlogo-1-1-1.png\",\"width\":267,\"height\":160,\"caption\":\"V3 ATV-PARTS.HU\"},\"image\":{\"@id\":\"https:\/\/v3.atv-parts.hu\/#\/schema\/logo\/image\/\"},\"sameAs\":[\"https:\/\/www.facebook.com\/atvpartsHU\"]}]}<\/script>\n<meta property=\"product:price:amount\" content=\"8909.05\" \/>\n<meta property=\"product:price:currency\" content=\"HUF\" \/>\n<meta property=\"og:availability\" content=\"instock\" \/>\n<meta property=\"product:availability\" content=\"instock\" \/>\n<meta property=\"product:retailer_item_id\" content=\"AT-01270\" \/>\n<meta property=\"product:condition\" content=\"new\" \/>\n<!-- \/ Yoast SEO Premium plugin. -->","yoast_head_json":{"title":"BRONCO GY\u00daJT\u00c1SKAPCSOL\u00d3 POLARIS HAWKEYE 300 '06-07, ACE 325\/570\/900 '16-19, RANGER 500 '11-20, RANGER 570 '14-20, RZR 570 '12-20, RZR 900\/1000 '14-19, RANGER DIESEL '15-18 (4012166) - V3 ATV-PARTS.HU","robots":{"index":"index","follow":"follow","max-snippet":"max-snippet:-1","max-image-preview":"max-image-preview:large","max-video-preview":"max-video-preview:-1"},"canonical":"https:\/\/v3.atv-parts.hu\/index.php\/termek\/bronco-gyujtaskapcsolo-polaris-hawkeye-300-06-07-ace-325-570-900-16-19-ranger-500-11-20-ranger-570-14-20-rzr-570-12-20-rzr-900-1000-14-19-ranger-diesel-15-18-4012166\/","og_locale":"hu_HU","og_type":"article","og_title":"BRONCO GY\u00daJT\u00c1SKAPCSOL\u00d3 POLARIS HAWKEYE 300 '06-07, ACE 325\/570\/900 '16-19, RANGER 500 '11-20, RANGER 570 '14-20, RZR 570 '12-20, RZR 900\/1000 '14-19, RANGER DIESEL '15-18 (4012166)","og_description":"BRONCO GY\u00daJT\u00c1SKAPCSOL\u00d3 POLARIS HAWKEYE 300 '06-07, ACE 325\/570\/900 '16-19, RANGER 500 '11-20, RANGER 570 '14-20, RZR 570 '12-20, RZR 900\/1000 '14-19, RANGER DIESEL '15-18 (4012166)","og_url":"https:\/\/v3.atv-parts.hu\/index.php\/termek\/bronco-gyujtaskapcsolo-polaris-hawkeye-300-06-07-ace-325-570-900-16-19-ranger-500-11-20-ranger-570-14-20-rzr-570-12-20-rzr-900-1000-14-19-ranger-diesel-15-18-4012166\/","og_site_name":"V3 ATV-PARTS.HU","article_publisher":"https:\/\/www.facebook.com\/atvpartsHU","article_modified_time":"2024-05-03T14:08:12+00:00","og_image":[{"width":800,"height":600,"url":"https:\/\/v3.atv-parts.hu\/wp-content\/uploads\/2024\/04\/bronco-2021-10-stacyjka-polaris-hawkeye-300-06-07.jpg","type":"image\/jpeg"}],"twitter_card":"summary_large_image","twitter_misc":{"\u00c1r":"8909,05&nbsp;&#70;&#116; \u00c1F\u00c1-val","El\u00e9rhet\u0151s\u00e9g":"K\u00e9szleten"},"schema":{"@context":"https:\/\/schema.org","@graph":[{"@type":"WebPage","@id":"https:\/\/v3.atv-parts.hu\/index.php\/termek\/bronco-gyujtaskapcsolo-polaris-hawkeye-300-06-07-ace-325-570-900-16-19-ranger-500-11-20-ranger-570-14-20-rzr-570-12-20-rzr-900-1000-14-19-ranger-diesel-15-18-4012166\/","url":"https:\/\/v3.atv-parts.hu\/index.php\/termek\/bronco-gyujtaskapcsolo-polaris-hawkeye-300-06-07-ace-325-570-900-16-19-ranger-500-11-20-ranger-570-14-20-rzr-570-12-20-rzr-900-1000-14-19-ranger-diesel-15-18-4012166\/","name":"BRONCO GY\u00daJT\u00c1SKAPCSOL\u00d3 POLARIS HAWKEYE 300 '06-07, ACE 325\/570\/900 '16-19, RANGER 500 '11-20, RANGER 570 '14-20, RZR 570 '12-20, RZR 900\/1000 '14-19, RANGER DIESEL '15-18 (4012166) - V3 ATV-PARTS.HU","isPartOf":{"@id":"https:\/\/v3.atv-parts.hu\/#website"},"primaryImageOfPage":{"@id":"https:\/\/v3.atv-parts.hu\/index.php\/termek\/bronco-gyujtaskapcsolo-polaris-hawkeye-300-06-07-ace-325-570-900-16-19-ranger-500-11-20-ranger-570-14-20-rzr-570-12-20-rzr-900-1000-14-19-ranger-diesel-15-18-4012166\/#primaryimage"},"image":{"@id":"https:\/\/v3.atv-parts.hu\/index.php\/termek\/bronco-gyujtaskapcsolo-polaris-hawkeye-300-06-07-ace-325-570-900-16-19-ranger-500-11-20-ranger-570-14-20-rzr-570-12-20-rzr-900-1000-14-19-ranger-diesel-15-18-4012166\/#primaryimage"},"thumbnailUrl":"https:\/\/v3.atv-parts.hu\/wp-content\/uploads\/2024\/04\/bronco-2021-10-stacyjka-polaris-hawkeye-300-06-07.jpg","datePublished":"2024-04-03T15:38:03+00:00","dateModified":"2024-05-03T14:08:12+00:00","breadcrumb":{"@id":"https:\/\/v3.atv-parts.hu\/index.php\/termek\/bronco-gyujtaskapcsolo-polaris-hawkeye-300-06-07-ace-325-570-900-16-19-ranger-500-11-20-ranger-570-14-20-rzr-570-12-20-rzr-900-1000-14-19-ranger-diesel-15-18-4012166\/#breadcrumb"},"inLanguage":"hu","potentialAction":[{"@type":"ReadAction","target":["https:\/\/v3.atv-parts.hu\/index.php\/termek\/bronco-gyujtaskapcsolo-polaris-hawkeye-300-06-07-ace-325-570-900-16-19-ranger-500-11-20-ranger-570-14-20-rzr-570-12-20-rzr-900-1000-14-19-ranger-diesel-15-18-4012166\/"]}]},{"@type":"ImageObject","inLanguage":"hu","@id":"https:\/\/v3.atv-parts.hu\/index.php\/termek\/bronco-gyujtaskapcsolo-polaris-hawkeye-300-06-07-ace-325-570-900-16-19-ranger-500-11-20-ranger-570-14-20-rzr-570-12-20-rzr-900-1000-14-19-ranger-diesel-15-18-4012166\/#primaryimage","url":"https:\/\/v3.atv-parts.hu\/wp-content\/uploads\/2024\/04\/bronco-2021-10-stacyjka-polaris-hawkeye-300-06-07.jpg","contentUrl":"https:\/\/v3.atv-parts.hu\/wp-content\/uploads\/2024\/04\/bronco-2021-10-stacyjka-polaris-hawkeye-300-06-07.jpg","width":800,"height":600},{"@type":"BreadcrumbList","@id":"https:\/\/v3.atv-parts.hu\/index.php\/termek\/bronco-gyujtaskapcsolo-polaris-hawkeye-300-06-07-ace-325-570-900-16-19-ranger-500-11-20-ranger-570-14-20-rzr-570-12-20-rzr-900-1000-14-19-ranger-diesel-15-18-4012166\/#breadcrumb","itemListElement":[{"@type":"ListItem","position":1,"name":"Kezd\u0151lap","item":"https:\/\/v3.atv-parts.hu\/"},{"@type":"ListItem","position":2,"name":"Bolt","item":"https:\/\/v3.atv-parts.hu\/index.php\/bolt\/"},{"@type":"ListItem","position":3,"name":"BRONCO GY\u00daJT\u00c1SKAPCSOL\u00d3 POLARIS HAWKEYE 300 &#8217;06-07, ACE 325\/570\/900 &#8217;16-19, RANGER 500 &#8217;11-20, RANGER 570 &#8217;14-20, RZR 570 &#8217;12-20, RZR 900\/1000 &#8217;14-19, RANGER DIESEL &#8217;15-18 (4012166)"}]},{"@type":"WebSite","@id":"https:\/\/v3.atv-parts.hu\/#website","url":"https:\/\/v3.atv-parts.hu\/","name":"V3 ATV-PARTS.HU","description":"","publisher":{"@id":"https:\/\/v3.atv-parts.hu\/#organization"},"potentialAction":[{"@type":"SearchAction","target":{"@type":"EntryPoint","urlTemplate":"https:\/\/v3.atv-parts.hu\/?s={search_term_string}"},"query-input":"required name=search_term_string"}],"inLanguage":"hu"},{"@type":"Organization","@id":"https:\/\/v3.atv-parts.hu\/#organization","name":"V3 ATV-PARTS.HU","url":"https:\/\/v3.atv-parts.hu\/","logo":{"@type":"ImageObject","inLanguage":"hu","@id":"https:\/\/v3.atv-parts.hu\/#\/schema\/logo\/image\/","url":"https:\/\/v3.atv-parts.hu\/wp-content\/uploads\/2021\/02\/cropped-cropped-atvlogo-1-1-1.png","contentUrl":"https:\/\/v3.atv-parts.hu\/wp-content\/uploads\/2021\/02\/cropped-cropped-atvlogo-1-1-1.png","width":267,"height":160,"caption":"V3 ATV-PARTS.HU"},"image":{"@id":"https:\/\/v3.atv-parts.hu\/#\/schema\/logo\/image\/"},"sameAs":["https:\/\/www.facebook.com\/atvpartsHU"]}]},"product_price_amount":"8909.05","product_price_currency":"HUF","og_availability":"instock","product_availability":"instock","product_retailer_item_id":"AT-01270","product_condition":"new"},"_links":{"self":[{"href":"https:\/\/v3.atv-parts.hu\/index.php\/wp-json\/wp\/v2\/product\/99488","targetHints":{"allow":["GET"]}}],"collection":[{"href":"https:\/\/v3.atv-parts.hu\/index.php\/wp-json\/wp\/v2\/product"}],"about":[{"href":"https:\/\/v3.atv-parts.hu\/index.php\/wp-json\/wp\/v2\/types\/product"}],"replies":[{"embeddable":true,"href":"https:\/\/v3.atv-parts.hu\/index.php\/wp-json\/wp\/v2\/comments?post=99488"}],"wp:featuredmedia":[{"embeddable":true,"href":"https:\/\/v3.atv-parts.hu\/index.php\/wp-json\/wp\/v2\/media\/99489"}],"wp:attachment":[{"href":"https:\/\/v3.atv-parts.hu\/index.php\/wp-json\/wp\/v2\/media?parent=99488"}],"wp:term":[{"taxonomy":"product_cat","embeddable":true,"href":"https:\/\/v3.atv-parts.hu\/index.php\/wp-json\/wp\/v2\/product_cat?post=99488"},{"taxonomy":"product_tag","embeddable":true,"href":"https:\/\/v3.atv-parts.hu\/index.php\/wp-json\/wp\/v2\/product_tag?post=99488"}],"curies":[{"name":"wp","href":"https:\/\/api.w.org\/{rel}","templated":true}]}}